{"id":7015,"date":"2025-10-27T15:13:28","date_gmt":"2025-10-27T14:13:28","guid":{"rendered":"https:\/\/interreg-grace.eu\/event\/loostik-festival-2\/"},"modified":"2025-10-27T15:13:28","modified_gmt":"2025-10-27T14:13:28","slug":"loostik-festival-2","status":"publish","type":"tribe_events","link":"https:\/\/interreg-grace.eu\/de\/event\/loostik-festival-2\/","title":{"rendered":"Loostik Festival"},"content":{"rendered":"<p class=\"\" data-pm-slice=\"1 1 []\">F\u00fcr die 13. Ausgabe des Festival Loostik erwartet Jung und Alt ein vielf\u00e4ltiges Programm an zehn verschiedenen Veranstaltungsorten in Deutschland und Frankreich. In diesem Jahr kommen drei neue Veranstaltungsorte sowie drei neue Partner hinzu: der Jugendclub in der Johannisstra\u00dfe, das Jugendzentrum F\u00f6rsterstra\u00dfe und <a tabindex=\"-1\" href=\"https:\/\/ief-saarbruecken.eu\/fr\/\" target=\"_blank\" rel=\"noopener\">das Institut d\u2019\u00c9tudes Fran\u00e7aises<\/a> in der Villa Europa, alle in Saarbr\u00fccken. <\/p>\n<p class=\"\">Vom Tanz \u00fcber das Objekttheater bis hin zu Performance, Zirkus, Kino, szenischer Lesung und Filmkonzert \u2013 das diesj\u00e4hrige Programm w\u00fcrdigt alle Facetten der darstellenden K\u00fcnste. Insgesamt sind \u00fcber 40 Vorstellungen geplant. <\/p>\n<p class=\"\">Zehn sorgf\u00e4ltig ausgew\u00e4hlte Produktionen \u2013 darunter eine Koproduktion und eine Eigenproduktion \u2013 laden Kinder im Alter von 2 bis 14 Jahren zum Staunen, Mitmachen und Nachdenken ein.<\/p>\n<p class=\"\">Das Programm wird durch ein erg\u00e4nzendes Angebot bereichert: Drei kostenlose Intensiv-Workshops, zwei Schulworkshops und zwei Filmvorf\u00fchrungen erm\u00f6glichen es den jungen Zuschauern, einen Blick hinter die Kulissen zu werfen und ihrer Kreativit\u00e4t freien Lauf zu lassen.<\/p>\n<p class=\"\">Mit seinem vielf\u00e4ltigen, inklusiven und partizipativen Programm setzt das Festival ein starkes Zeichen f\u00fcr den kulturellen Austausch und die darstellenden K\u00fcnste und bekr\u00e4ftigt, dass Kreativit\u00e4t keine Grenzen kennt.<\/p>\n<p class=\"mcePastedContent\">Programm und Anmeldung unter <a tabindex=\"-1\" href=\"http:\/\/www.loostik.eu\/\">www.loostik.eu\/<\/a><\/p>\n","protected":false},"excerpt":{"rendered":"<p>F\u00fcr die 13. Ausgabe des Festival Loostik erwartet Jung und Alt ein vielf\u00e4ltiges Programm an zehn verschiedenen Veranstaltungsorten in Deutschland und Frankreich. Vom Tanz \u00fcber das Objekttheater bis hin zu Performance, Zirkus, Kino, szenischer Lesung und Filmkonzert \u2013 das diesj\u00e4hrige Programm w\u00fcrdigt alle Facetten der darstellenden K\u00fcnste. Insgesamt sind \u00fcber 40 Vorstellungen geplant.  <\/p>\n","protected":false},"author":3,"featured_media":6889,"template":"","meta":{"_acf_changed":false,"_tribe_events_status":"","_tribe_events_status_reason":"","footnotes":""},"tags":[101],"tribe_events_cat":[98,126,113,116,122],"class_list":["post-7015","tribe_events","type-tribe_events","status-publish","has-post-thumbnail","hentry","tag-darstellende-kunst","tribe_events_cat-allemagne-de","tribe_events_cat-festival-de","tribe_events_cat-frankreich","tribe_events_cat-junges-publikum","tribe_events_cat-lebende-auffuhrung","cat_allemagne-de","cat_festival-de","cat_frankreich","cat_junges-publikum","cat_lebende-auffuhrung"],"acf":[],"yoast_head":"<!-- This site is optimized with the Yoast SEO Premium plugin v24.7 (Yoast SEO v27.3) - https:\/\/yoast.com\/product\/yoast-seo-premium-wordpress\/ -->\n<title>Loostik Festival - Projet GRACE<\/title>\n<meta name=\"robots\" content=\"index, follow, max-snippet:-1, max-image-preview:large, max-video-preview:-1\" \/>\n<link rel=\"canonical\" href=\"https:\/\/interreg-grace.eu\/de\/event\/loostik-festival-2\/\" \/>\n<meta property=\"og:locale\" content=\"de_DE\" \/>\n<meta property=\"og:type\" content=\"article\" \/>\n<meta property=\"og:title\" content=\"Loostik Festival\" \/>\n<meta property=\"og:description\" content=\"F\u00fcr die 13. Ausgabe des Festival Loostik erwartet Jung und Alt ein vielf\u00e4ltiges Programm an zehn verschiedenen Veranstaltungsorten in Deutschland und Frankreich. Vom Tanz \u00fcber das Objekttheater bis hin zu Performance, Zirkus, Kino, szenischer Lesung und Filmkonzert \u2013 das diesj\u00e4hrige Programm w\u00fcrdigt alle Facetten der darstellenden K\u00fcnste. Insgesamt sind \u00fcber 40 Vorstellungen geplant.\" \/>\n<meta property=\"og:url\" content=\"https:\/\/interreg-grace.eu\/de\/event\/loostik-festival-2\/\" \/>\n<meta property=\"og:site_name\" content=\"Projet GRACE\" \/>\n<meta property=\"og:image\" content=\"https:\/\/interreg-grace.eu\/wp-content\/uploads\/2025\/10\/IMG_3448.jpeg\" \/>\n\t<meta property=\"og:image:width\" content=\"622\" \/>\n\t<meta property=\"og:image:height\" content=\"406\" \/>\n\t<meta property=\"og:image:type\" content=\"image\/jpeg\" \/>\n<meta name=\"twitter:card\" content=\"summary_large_image\" \/>\n<meta name=\"twitter:label1\" content=\"Gesch\u00e4tzte Lesezeit\" \/>\n\t<meta name=\"twitter:data1\" content=\"1\u00a0Minute\" \/>\n<script type=\"application\/ld+json\" class=\"yoast-schema-graph\">{\"@context\":\"https:\\\/\\\/schema.org\",\"@graph\":[{\"@type\":\"WebPage\",\"@id\":\"https:\\\/\\\/interreg-grace.eu\\\/de\\\/event\\\/loostik-festival-2\\\/\",\"url\":\"https:\\\/\\\/interreg-grace.eu\\\/de\\\/event\\\/loostik-festival-2\\\/\",\"name\":\"Loostik Festival - Projet GRACE\",\"isPartOf\":{\"@id\":\"https:\\\/\\\/interreg-grace.eu\\\/de\\\/#website\"},\"primaryImageOfPage\":{\"@id\":\"https:\\\/\\\/interreg-grace.eu\\\/de\\\/event\\\/loostik-festival-2\\\/#primaryimage\"},\"image\":{\"@id\":\"https:\\\/\\\/interreg-grace.eu\\\/de\\\/event\\\/loostik-festival-2\\\/#primaryimage\"},\"thumbnailUrl\":\"https:\\\/\\\/interreg-grace.eu\\\/wp-content\\\/uploads\\\/2025\\\/10\\\/IMG_3448.jpeg\",\"datePublished\":\"2025-10-27T14:13:28+00:00\",\"breadcrumb\":{\"@id\":\"https:\\\/\\\/interreg-grace.eu\\\/de\\\/event\\\/loostik-festival-2\\\/#breadcrumb\"},\"inLanguage\":\"de\",\"potentialAction\":[{\"@type\":\"ReadAction\",\"target\":[\"https:\\\/\\\/interreg-grace.eu\\\/de\\\/event\\\/loostik-festival-2\\\/\"]}]},{\"@type\":\"ImageObject\",\"inLanguage\":\"de\",\"@id\":\"https:\\\/\\\/interreg-grace.eu\\\/de\\\/event\\\/loostik-festival-2\\\/#primaryimage\",\"url\":\"https:\\\/\\\/interreg-grace.eu\\\/wp-content\\\/uploads\\\/2025\\\/10\\\/IMG_3448.jpeg\",\"contentUrl\":\"https:\\\/\\\/interreg-grace.eu\\\/wp-content\\\/uploads\\\/2025\\\/10\\\/IMG_3448.jpeg\",\"width\":622,\"height\":406},{\"@type\":\"BreadcrumbList\",\"@id\":\"https:\\\/\\\/interreg-grace.eu\\\/de\\\/event\\\/loostik-festival-2\\\/#breadcrumb\",\"itemListElement\":[{\"@type\":\"ListItem\",\"position\":1,\"name\":\"Accueil\",\"item\":\"https:\\\/\\\/interreg-grace.eu\\\/de\\\/\"},{\"@type\":\"ListItem\",\"position\":2,\"name\":\"Veranstaltungen\",\"item\":\"https:\\\/\\\/interreg-grace.eu\\\/de\\\/events\\\/\"},{\"@type\":\"ListItem\",\"position\":3,\"name\":\"Loostik Festival\"}]},{\"@type\":\"WebSite\",\"@id\":\"https:\\\/\\\/interreg-grace.eu\\\/de\\\/#website\",\"url\":\"https:\\\/\\\/interreg-grace.eu\\\/de\\\/\",\"name\":\"Projet GRACE\",\"description\":\"Greater Region Artistic and Cultural Education\",\"publisher\":{\"@id\":\"https:\\\/\\\/interreg-grace.eu\\\/de\\\/#organization\"},\"potentialAction\":[{\"@type\":\"SearchAction\",\"target\":{\"@type\":\"EntryPoint\",\"urlTemplate\":\"https:\\\/\\\/interreg-grace.eu\\\/de\\\/?s={search_term_string}\"},\"query-input\":{\"@type\":\"PropertyValueSpecification\",\"valueRequired\":true,\"valueName\":\"search_term_string\"}}],\"inLanguage\":\"de\"},{\"@type\":\"Organization\",\"@id\":\"https:\\\/\\\/interreg-grace.eu\\\/de\\\/#organization\",\"name\":\"Interreg Grace\",\"alternateName\":\"Greater Region Artistic and Cultural Education\",\"url\":\"https:\\\/\\\/interreg-grace.eu\\\/de\\\/\",\"logo\":{\"@type\":\"ImageObject\",\"inLanguage\":\"de\",\"@id\":\"https:\\\/\\\/interreg-grace.eu\\\/de\\\/#\\\/schema\\\/logo\\\/image\\\/\",\"url\":\"https:\\\/\\\/interreg-grace.eu\\\/wp-content\\\/uploads\\\/2024\\\/08\\\/cropped-favicon-grace.webp\",\"contentUrl\":\"https:\\\/\\\/interreg-grace.eu\\\/wp-content\\\/uploads\\\/2024\\\/08\\\/cropped-favicon-grace.webp\",\"width\":512,\"height\":512,\"caption\":\"Interreg Grace\"},\"image\":{\"@id\":\"https:\\\/\\\/interreg-grace.eu\\\/de\\\/#\\\/schema\\\/logo\\\/image\\\/\"},\"sameAs\":[\"https:\\\/\\\/www.linkedin.com\\\/company\\\/interreg-grace\\\/\"]}]}<\/script>\n<!-- \/ Yoast SEO Premium plugin. -->","yoast_head_json":{"title":"Loostik Festival - Projet GRACE","robots":{"index":"index","follow":"follow","max-snippet":"max-snippet:-1","max-image-preview":"max-image-preview:large","max-video-preview":"max-video-preview:-1"},"canonical":"https:\/\/interreg-grace.eu\/de\/event\/loostik-festival-2\/","og_locale":"de_DE","og_type":"article","og_title":"Loostik Festival","og_description":"F\u00fcr die 13. Ausgabe des Festival Loostik erwartet Jung und Alt ein vielf\u00e4ltiges Programm an zehn verschiedenen Veranstaltungsorten in Deutschland und Frankreich. Vom Tanz \u00fcber das Objekttheater bis hin zu Performance, Zirkus, Kino, szenischer Lesung und Filmkonzert \u2013 das diesj\u00e4hrige Programm w\u00fcrdigt alle Facetten der darstellenden K\u00fcnste. Insgesamt sind \u00fcber 40 Vorstellungen geplant.","og_url":"https:\/\/interreg-grace.eu\/de\/event\/loostik-festival-2\/","og_site_name":"Projet GRACE","og_image":[{"width":622,"height":406,"url":"https:\/\/interreg-grace.eu\/wp-content\/uploads\/2025\/10\/IMG_3448.jpeg","type":"image\/jpeg"}],"twitter_card":"summary_large_image","twitter_misc":{"Gesch\u00e4tzte Lesezeit":"1\u00a0Minute"},"schema":{"@context":"https:\/\/schema.org","@graph":[{"@type":"WebPage","@id":"https:\/\/interreg-grace.eu\/de\/event\/loostik-festival-2\/","url":"https:\/\/interreg-grace.eu\/de\/event\/loostik-festival-2\/","name":"Loostik Festival - Projet GRACE","isPartOf":{"@id":"https:\/\/interreg-grace.eu\/de\/#website"},"primaryImageOfPage":{"@id":"https:\/\/interreg-grace.eu\/de\/event\/loostik-festival-2\/#primaryimage"},"image":{"@id":"https:\/\/interreg-grace.eu\/de\/event\/loostik-festival-2\/#primaryimage"},"thumbnailUrl":"https:\/\/interreg-grace.eu\/wp-content\/uploads\/2025\/10\/IMG_3448.jpeg","datePublished":"2025-10-27T14:13:28+00:00","breadcrumb":{"@id":"https:\/\/interreg-grace.eu\/de\/event\/loostik-festival-2\/#breadcrumb"},"inLanguage":"de","potentialAction":[{"@type":"ReadAction","target":["https:\/\/interreg-grace.eu\/de\/event\/loostik-festival-2\/"]}]},{"@type":"ImageObject","inLanguage":"de","@id":"https:\/\/interreg-grace.eu\/de\/event\/loostik-festival-2\/#primaryimage","url":"https:\/\/interreg-grace.eu\/wp-content\/uploads\/2025\/10\/IMG_3448.jpeg","contentUrl":"https:\/\/interreg-grace.eu\/wp-content\/uploads\/2025\/10\/IMG_3448.jpeg","width":622,"height":406},{"@type":"BreadcrumbList","@id":"https:\/\/interreg-grace.eu\/de\/event\/loostik-festival-2\/#breadcrumb","itemListElement":[{"@type":"ListItem","position":1,"name":"Accueil","item":"https:\/\/interreg-grace.eu\/de\/"},{"@type":"ListItem","position":2,"name":"Veranstaltungen","item":"https:\/\/interreg-grace.eu\/de\/events\/"},{"@type":"ListItem","position":3,"name":"Loostik Festival"}]},{"@type":"WebSite","@id":"https:\/\/interreg-grace.eu\/de\/#website","url":"https:\/\/interreg-grace.eu\/de\/","name":"Projet GRACE","description":"Greater Region Artistic and Cultural Education","publisher":{"@id":"https:\/\/interreg-grace.eu\/de\/#organization"},"potentialAction":[{"@type":"SearchAction","target":{"@type":"EntryPoint","urlTemplate":"https:\/\/interreg-grace.eu\/de\/?s={search_term_string}"},"query-input":{"@type":"PropertyValueSpecification","valueRequired":true,"valueName":"search_term_string"}}],"inLanguage":"de"},{"@type":"Organization","@id":"https:\/\/interreg-grace.eu\/de\/#organization","name":"Interreg Grace","alternateName":"Greater Region Artistic and Cultural Education","url":"https:\/\/interreg-grace.eu\/de\/","logo":{"@type":"ImageObject","inLanguage":"de","@id":"https:\/\/interreg-grace.eu\/de\/#\/schema\/logo\/image\/","url":"https:\/\/interreg-grace.eu\/wp-content\/uploads\/2024\/08\/cropped-favicon-grace.webp","contentUrl":"https:\/\/interreg-grace.eu\/wp-content\/uploads\/2024\/08\/cropped-favicon-grace.webp","width":512,"height":512,"caption":"Interreg Grace"},"image":{"@id":"https:\/\/interreg-grace.eu\/de\/#\/schema\/logo\/image\/"},"sameAs":["https:\/\/www.linkedin.com\/company\/interreg-grace\/"]}]}},"_links":{"self":[{"href":"https:\/\/interreg-grace.eu\/de\/wp-json\/wp\/v2\/tribe_events\/7015","targetHints":{"allow":["GET"]}}],"collection":[{"href":"https:\/\/interreg-grace.eu\/de\/wp-json\/wp\/v2\/tribe_events"}],"about":[{"href":"https:\/\/interreg-grace.eu\/de\/wp-json\/wp\/v2\/types\/tribe_events"}],"author":[{"embeddable":true,"href":"https:\/\/interreg-grace.eu\/de\/wp-json\/wp\/v2\/users\/3"}],"version-history":[{"count":0,"href":"https:\/\/interreg-grace.eu\/de\/wp-json\/wp\/v2\/tribe_events\/7015\/revisions"}],"wp:featuredmedia":[{"embeddable":true,"href":"https:\/\/interreg-grace.eu\/de\/wp-json\/wp\/v2\/media\/6889"}],"wp:attachment":[{"href":"https:\/\/interreg-grace.eu\/de\/wp-json\/wp\/v2\/media?parent=7015"}],"wp:term":[{"taxonomy":"post_tag","embeddable":true,"href":"https:\/\/interreg-grace.eu\/de\/wp-json\/wp\/v2\/tags?post=7015"},{"taxonomy":"tribe_events_cat","embeddable":true,"href":"https:\/\/interreg-grace.eu\/de\/wp-json\/wp\/v2\/tribe_events_cat?post=7015"}],"curies":[{"name":"wp","href":"https:\/\/api.w.org\/{rel}","templated":true}]}}

<p class="" data-pm-slice="1 1 []">Für die 13. Ausgabe des Festival Loostik erwartet Jung und Alt ein vielfältiges Programm an zehn verschiedenen Veranstaltungsorten in Deutschland und Frankreich. In diesem Jahr kommen drei neue Veranstaltungsorte sowie drei neue Partner hinzu: der Jugendclub in der Johannisstraße, das Jugendzentrum Försterstraße und <a tabindex="-1" href="https://ief-saarbruecken.eu/fr/" target="_blank" rel="noopener">das Institut d’Études Françaises</a> in der Villa Europa, alle in Saarbrücken. </p>
<p class="">Vom Tanz über das Objekttheater bis hin zu Performance, Zirkus, Kino, szenischer Lesung und Filmkonzert – das diesjährige Programm würdigt alle Facetten der darstellenden Künste. Insgesamt sind über 40 Vorstellungen geplant. </p>
<p class="">Zehn sorgfältig ausgewählte Produktionen – darunter eine Koproduktion und eine Eigenproduktion – laden Kinder im Alter von 2 bis 14 Jahren zum Staunen, Mitmachen und Nachdenken ein.</p>
<p class="">Das Programm wird durch ein ergänzendes Angebot bereichert: Drei kostenlose Intensiv-Workshops, zwei Schulworkshops und zwei Filmvorführungen ermöglichen es den jungen Zuschauern, einen Blick hinter die Kulissen zu werfen und ihrer Kreativität freien Lauf zu lassen.</p>
<p class="">Mit seinem vielfältigen, inklusiven und partizipativen Programm setzt das Festival ein starkes Zeichen für den kulturellen Austausch und die darstellenden Künste und bekräftigt, dass Kreativität keine Grenzen kennt.</p>
<p class="mcePastedContent">Programm und Anmeldung unter <a tabindex="-1" href="http://www.loostik.eu/">www.loostik.eu/</a></p>

<p>Für die 13. Ausgabe des Festival Loostik erwartet Jung und Alt ein vielfältiges Programm an zehn verschiedenen Veranstaltungsorten in Deutschland und Frankreich. Vom Tanz über das Objekttheater bis hin zu Performance, Zirkus, Kino, szenischer Lesung und Filmkonzert – das diesjährige Programm würdigt alle Facetten der darstellenden Künste. Insgesamt sind über 40 Vorstellungen geplant.  </p>

<!-- This site is optimized with the Yoast SEO Premium plugin v24.7 (Yoast SEO v27.3) - https://yoast.com/product/yoast-seo-premium-wordpress/ -->
<title>Loostik Festival - Projet GRACE</title>
<meta name="robots" content="index, follow, max-snippet:-1, max-image-preview:large, max-video-preview:-1" />
<link rel="canonical" href="https://interreg-grace.eu/de/event/loostik-festival-2/" />
<meta property="og:locale" content="de_DE" />
<meta property="og:type" content="article" />
<meta property="og:title" content="Loostik Festival" />
<meta property="og:description" content="Für die 13. Ausgabe des Festival Loostik erwartet Jung und Alt ein vielfältiges Programm an zehn verschiedenen Veranstaltungsorten in Deutschland und Frankreich. Vom Tanz über das Objekttheater bis hin zu Performance, Zirkus, Kino, szenischer Lesung und Filmkonzert – das diesjährige Programm würdigt alle Facetten der darstellenden Künste. Insgesamt sind über 40 Vorstellungen geplant." />
<meta property="og:url" content="https://interreg-grace.eu/de/event/loostik-festival-2/" />
<meta property="og:site_name" content="Projet GRACE" />
<meta property="og:image" content="https://interreg-grace.eu/wp-content/uploads/2025/10/IMG_3448.jpeg" />
	<meta property="og:image:width" content="622" />
	<meta property="og:image:height" content="406" />
	<meta property="og:image:type" content="image/jpeg" />
<meta name="twitter:card" content="summary_large_image" />
<meta name="twitter:label1" content="Geschätzte Lesezeit" />
	<meta name="twitter:data1" content="1 Minute" />
<script type="application/ld+json" class="yoast-schema-graph">{"@context":"https:\/\/schema.org","@graph":[{"@type":"WebPage","@id":"https:\/\/interreg-grace.eu\/de\/event\/loostik-festival-2\/","url":"https:\/\/interreg-grace.eu\/de\/event\/loostik-festival-2\/","name":"Loostik Festival - Projet GRACE","isPartOf":{"@id":"https:\/\/interreg-grace.eu\/de\/#website"},"primaryImageOfPage":{"@id":"https:\/\/interreg-grace.eu\/de\/event\/loostik-festival-2\/#primaryimage"},"image":{"@id":"https:\/\/interreg-grace.eu\/de\/event\/loostik-festival-2\/#primaryimage"},"thumbnailUrl":"https:\/\/interreg-grace.eu\/wp-content\/uploads\/2025\/10\/IMG_3448.jpeg","datePublished":"2025-10-27T14:13:28+00:00","breadcrumb":{"@id":"https:\/\/interreg-grace.eu\/de\/event\/loostik-festival-2\/#breadcrumb"},"inLanguage":"de","potentialAction":[{"@type":"ReadAction","target":["https:\/\/interreg-grace.eu\/de\/event\/loostik-festival-2\/"]}]},{"@type":"ImageObject","inLanguage":"de","@id":"https:\/\/interreg-grace.eu\/de\/event\/loostik-festival-2\/#primaryimage","url":"https:\/\/interreg-grace.eu\/wp-content\/uploads\/2025\/10\/IMG_3448.jpeg","contentUrl":"https:\/\/interreg-grace.eu\/wp-content\/uploads\/2025\/10\/IMG_3448.jpeg","width":622,"height":406},{"@type":"BreadcrumbList","@id":"https:\/\/interreg-grace.eu\/de\/event\/loostik-festival-2\/#breadcrumb","itemListElement":[{"@type":"ListItem","position":1,"name":"Accueil","item":"https:\/\/interreg-grace.eu\/de\/"},{"@type":"ListItem","position":2,"name":"Veranstaltungen","item":"https:\/\/interreg-grace.eu\/de\/events\/"},{"@type":"ListItem","position":3,"name":"Loostik Festival"}]},{"@type":"WebSite","@id":"https:\/\/interreg-grace.eu\/de\/#website","url":"https:\/\/interreg-grace.eu\/de\/","name":"Projet GRACE","description":"Greater Region Artistic and Cultural Education","publisher":{"@id":"https:\/\/interreg-grace.eu\/de\/#organization"},"potentialAction":[{"@type":"SearchAction","target":{"@type":"EntryPoint","urlTemplate":"https:\/\/interreg-grace.eu\/de\/?s={search_term_string}"},"query-input":{"@type":"PropertyValueSpecification","valueRequired":true,"valueName":"search_term_string"}}],"inLanguage":"de"},{"@type":"Organization","@id":"https:\/\/interreg-grace.eu\/de\/#organization","name":"Interreg Grace","alternateName":"Greater Region Artistic and Cultural Education","url":"https:\/\/interreg-grace.eu\/de\/","logo":{"@type":"ImageObject","inLanguage":"de","@id":"https:\/\/interreg-grace.eu\/de\/#\/schema\/logo\/image\/","url":"https:\/\/interreg-grace.eu\/wp-content\/uploads\/2024\/08\/cropped-favicon-grace.webp","contentUrl":"https:\/\/interreg-grace.eu\/wp-content\/uploads\/2024\/08\/cropped-favicon-grace.webp","width":512,"height":512,"caption":"Interreg Grace"},"image":{"@id":"https:\/\/interreg-grace.eu\/de\/#\/schema\/logo\/image\/"},"sameAs":["https:\/\/www.linkedin.com\/company\/interreg-grace\/"]}]}</script>
<!-- / Yoast SEO Premium plugin. -->

Für die 13. Ausgabe des Festival Loostik erwartet Jung und Alt ein vielfältiges Programm an zehn verschiedenen Veranstaltungsorten in Deutschland und Frankreich. Vom Tanz über das Objekttheater bis hin zu Performance, Zirkus, Kino, szenischer Lesung und Filmkonzert – das diesjährige Programm würdigt alle Facetten der darstellenden Künste. Insgesamt sind über 40 Vorstellungen geplant.
