{"id":6764,"date":"2025-09-08T14:57:26","date_gmt":"2025-09-08T12:57:26","guid":{"rendered":"https:\/\/interreg-grace.eu\/event\/ausstellung-turn-on\/"},"modified":"2025-09-08T14:57:26","modified_gmt":"2025-09-08T12:57:26","slug":"ausstellung-turn-on","status":"publish","type":"tribe_events","link":"https:\/\/interreg-grace.eu\/de\/event\/ausstellung-turn-on\/","title":{"rendered":"Ausstellung: Turn On"},"content":{"rendered":"<p>Bei dieser Ausstellung haben Sie die Gelegenheit, Schallplatten auf eine ganz besondere Art und Weise zu entdecken. W\u00e4hrend eines unterhaltsamen Besuchs k\u00f6nnen Sie die visuellen Animationen der Phonotrope genie\u00dfen, dieser verzierten Schallplatten, die, wenn sie auf einem Plattenspieler gedreht werden, Bilder zeigen, die wie durch Zauberei zum Leben erweckt werden. Mit blo\u00dfem Auge, mithilfe von Spiegeln, Ihrem Smartphone oder anderen Ger\u00e4ten erwarten Sie zahlreiche verborgene Geschichten in diesen mythischen Objekten.  <\/p>\n<p data-start=\"528\" data-end=\"741\">Nach ihrer Pr\u00e4sentation in den Rotondes im Januar 2024 wird <strong data-start=\"584\" data-end=\"670\">die Ausstellung vom 13. September bis zum 26. Oktober 2025 in der Galerie d&#8217;exposition de l&#8217;Arsenal (Cit\u00e9 Musicale-Metz) zu sehen sein<\/strong>, die dienstags bis samstags von 13 bis 18 Uhr und sonntags von 14 bis 18 Uhr ge\u00f6ffnet ist.<\/p>\n<p data-start=\"743\" data-end=\"957\">\u201eTurn On\u201c ist eine Ausstellung, die von den Rotondes Luxembourg im Rahmen des grenz\u00fcberschreitenden Projekts GRACE konzipiert und produziert wurde, das wiederum vom Interreg-Programm der Europ\u00e4ischen Union finanziert wird.<\/p>\n<p data-start=\"743\" data-end=\"957\">Weitere Informationen finden Sie auf<a href=\"https:\/\/www.citemusicale-metz.fr\/fr\/programmation\/saison-25-26\/exposition\/turn-on\" target=\"_blank\" rel=\"noopener\"> Website der Cit\u00e9 Musicale-Metz.<\/a><\/p>\n","protected":false},"excerpt":{"rendered":"<p>Nach ihrer Pr\u00e4sentation in den Rotondes im Januar 2024 wird die Ausstellung vom 13. September bis zum 26. Oktober 2025 in der Galerie d&#8217;exposition de l&#8217;Arsenal (Cit\u00e9 Musicale-Metz) zu sehen sein. <\/p>\n","protected":false},"author":3,"featured_media":6715,"template":"","meta":{"_acf_changed":false,"_tribe_events_status":"","_tribe_events_status_reason":"","footnotes":""},"tags":[160],"tribe_events_cat":[97,99,113,96],"class_list":["post-6764","tribe_events","type-tribe_events","status-publish","has-post-thumbnail","hentry","tag-kulturerbe","tribe_events_cat-tout-public-de","tribe_events_cat-exposition-de","tribe_events_cat-frankreich","tribe_events_cat-patrimoine-culturel-de","cat_tout-public-de","cat_exposition-de","cat_frankreich","cat_patrimoine-culturel-de"],"acf":[],"yoast_head":"<!-- This site is optimized with the Yoast SEO Premium plugin v24.7 (Yoast SEO v27.3) - https:\/\/yoast.com\/product\/yoast-seo-premium-wordpress\/ -->\n<title>Ausstellung: Turn On - Projet GRACE<\/title>\n<meta name=\"robots\" content=\"index, follow, max-snippet:-1, max-image-preview:large, max-video-preview:-1\" \/>\n<link rel=\"canonical\" href=\"https:\/\/interreg-grace.eu\/de\/event\/ausstellung-turn-on\/\" \/>\n<meta property=\"og:locale\" content=\"de_DE\" \/>\n<meta property=\"og:type\" content=\"article\" \/>\n<meta property=\"og:title\" content=\"Ausstellung: Turn On\" \/>\n<meta property=\"og:description\" content=\"Nach ihrer Pr\u00e4sentation in den Rotondes im Januar 2024 wird die Ausstellung vom 13. September bis zum 26. Oktober 2025 in der Galerie d&#039;exposition de l&#039;Arsenal (Cit\u00e9 Musicale-Metz) zu sehen sein.\" \/>\n<meta property=\"og:url\" content=\"https:\/\/interreg-grace.eu\/de\/event\/ausstellung-turn-on\/\" \/>\n<meta property=\"og:site_name\" content=\"Projet GRACE\" \/>\n<meta property=\"og:image\" content=\"https:\/\/interreg-grace.eu\/wp-content\/uploads\/2025\/09\/TurnOn-7-photo_Lynn_Theisen_WEB_43bde1639b7ee26debbb6a3f87514612.jpg\" \/>\n\t<meta property=\"og:image:width\" content=\"425\" \/>\n\t<meta property=\"og:image:height\" content=\"284\" \/>\n\t<meta property=\"og:image:type\" content=\"image\/jpeg\" \/>\n<meta name=\"twitter:card\" content=\"summary_large_image\" \/>\n<meta name=\"twitter:label1\" content=\"Gesch\u00e4tzte Lesezeit\" \/>\n\t<meta name=\"twitter:data1\" content=\"1\u00a0Minute\" \/>\n<script type=\"application\/ld+json\" class=\"yoast-schema-graph\">{\"@context\":\"https:\\\/\\\/schema.org\",\"@graph\":[{\"@type\":\"WebPage\",\"@id\":\"https:\\\/\\\/interreg-grace.eu\\\/de\\\/event\\\/ausstellung-turn-on\\\/\",\"url\":\"https:\\\/\\\/interreg-grace.eu\\\/de\\\/event\\\/ausstellung-turn-on\\\/\",\"name\":\"Ausstellung: Turn On - Projet GRACE\",\"isPartOf\":{\"@id\":\"https:\\\/\\\/interreg-grace.eu\\\/de\\\/#website\"},\"primaryImageOfPage\":{\"@id\":\"https:\\\/\\\/interreg-grace.eu\\\/de\\\/event\\\/ausstellung-turn-on\\\/#primaryimage\"},\"image\":{\"@id\":\"https:\\\/\\\/interreg-grace.eu\\\/de\\\/event\\\/ausstellung-turn-on\\\/#primaryimage\"},\"thumbnailUrl\":\"https:\\\/\\\/interreg-grace.eu\\\/wp-content\\\/uploads\\\/2025\\\/09\\\/TurnOn-7-photo_Lynn_Theisen_WEB_43bde1639b7ee26debbb6a3f87514612.jpg\",\"datePublished\":\"2025-09-08T12:57:26+00:00\",\"breadcrumb\":{\"@id\":\"https:\\\/\\\/interreg-grace.eu\\\/de\\\/event\\\/ausstellung-turn-on\\\/#breadcrumb\"},\"inLanguage\":\"de\",\"potentialAction\":[{\"@type\":\"ReadAction\",\"target\":[\"https:\\\/\\\/interreg-grace.eu\\\/de\\\/event\\\/ausstellung-turn-on\\\/\"]}]},{\"@type\":\"ImageObject\",\"inLanguage\":\"de\",\"@id\":\"https:\\\/\\\/interreg-grace.eu\\\/de\\\/event\\\/ausstellung-turn-on\\\/#primaryimage\",\"url\":\"https:\\\/\\\/interreg-grace.eu\\\/wp-content\\\/uploads\\\/2025\\\/09\\\/TurnOn-7-photo_Lynn_Theisen_WEB_43bde1639b7ee26debbb6a3f87514612.jpg\",\"contentUrl\":\"https:\\\/\\\/interreg-grace.eu\\\/wp-content\\\/uploads\\\/2025\\\/09\\\/TurnOn-7-photo_Lynn_Theisen_WEB_43bde1639b7ee26debbb6a3f87514612.jpg\",\"width\":425,\"height\":284},{\"@type\":\"BreadcrumbList\",\"@id\":\"https:\\\/\\\/interreg-grace.eu\\\/de\\\/event\\\/ausstellung-turn-on\\\/#breadcrumb\",\"itemListElement\":[{\"@type\":\"ListItem\",\"position\":1,\"name\":\"Accueil\",\"item\":\"https:\\\/\\\/interreg-grace.eu\\\/de\\\/\"},{\"@type\":\"ListItem\",\"position\":2,\"name\":\"Veranstaltungen\",\"item\":\"https:\\\/\\\/interreg-grace.eu\\\/de\\\/events\\\/\"},{\"@type\":\"ListItem\",\"position\":3,\"name\":\"Ausstellung: Turn On\"}]},{\"@type\":\"WebSite\",\"@id\":\"https:\\\/\\\/interreg-grace.eu\\\/de\\\/#website\",\"url\":\"https:\\\/\\\/interreg-grace.eu\\\/de\\\/\",\"name\":\"Projet GRACE\",\"description\":\"Greater Region Artistic and Cultural Education\",\"publisher\":{\"@id\":\"https:\\\/\\\/interreg-grace.eu\\\/de\\\/#organization\"},\"potentialAction\":[{\"@type\":\"SearchAction\",\"target\":{\"@type\":\"EntryPoint\",\"urlTemplate\":\"https:\\\/\\\/interreg-grace.eu\\\/de\\\/?s={search_term_string}\"},\"query-input\":{\"@type\":\"PropertyValueSpecification\",\"valueRequired\":true,\"valueName\":\"search_term_string\"}}],\"inLanguage\":\"de\"},{\"@type\":\"Organization\",\"@id\":\"https:\\\/\\\/interreg-grace.eu\\\/de\\\/#organization\",\"name\":\"Interreg Grace\",\"alternateName\":\"Greater Region Artistic and Cultural Education\",\"url\":\"https:\\\/\\\/interreg-grace.eu\\\/de\\\/\",\"logo\":{\"@type\":\"ImageObject\",\"inLanguage\":\"de\",\"@id\":\"https:\\\/\\\/interreg-grace.eu\\\/de\\\/#\\\/schema\\\/logo\\\/image\\\/\",\"url\":\"https:\\\/\\\/interreg-grace.eu\\\/wp-content\\\/uploads\\\/2024\\\/08\\\/cropped-favicon-grace.webp\",\"contentUrl\":\"https:\\\/\\\/interreg-grace.eu\\\/wp-content\\\/uploads\\\/2024\\\/08\\\/cropped-favicon-grace.webp\",\"width\":512,\"height\":512,\"caption\":\"Interreg Grace\"},\"image\":{\"@id\":\"https:\\\/\\\/interreg-grace.eu\\\/de\\\/#\\\/schema\\\/logo\\\/image\\\/\"},\"sameAs\":[\"https:\\\/\\\/www.linkedin.com\\\/company\\\/interreg-grace\\\/\"]}]}<\/script>\n<!-- \/ Yoast SEO Premium plugin. -->","yoast_head_json":{"title":"Ausstellung: Turn On - Projet GRACE","robots":{"index":"index","follow":"follow","max-snippet":"max-snippet:-1","max-image-preview":"max-image-preview:large","max-video-preview":"max-video-preview:-1"},"canonical":"https:\/\/interreg-grace.eu\/de\/event\/ausstellung-turn-on\/","og_locale":"de_DE","og_type":"article","og_title":"Ausstellung: Turn On","og_description":"Nach ihrer Pr\u00e4sentation in den Rotondes im Januar 2024 wird die Ausstellung vom 13. September bis zum 26. Oktober 2025 in der Galerie d'exposition de l'Arsenal (Cit\u00e9 Musicale-Metz) zu sehen sein.","og_url":"https:\/\/interreg-grace.eu\/de\/event\/ausstellung-turn-on\/","og_site_name":"Projet GRACE","og_image":[{"width":425,"height":284,"url":"https:\/\/interreg-grace.eu\/wp-content\/uploads\/2025\/09\/TurnOn-7-photo_Lynn_Theisen_WEB_43bde1639b7ee26debbb6a3f87514612.jpg","type":"image\/jpeg"}],"twitter_card":"summary_large_image","twitter_misc":{"Gesch\u00e4tzte Lesezeit":"1\u00a0Minute"},"schema":{"@context":"https:\/\/schema.org","@graph":[{"@type":"WebPage","@id":"https:\/\/interreg-grace.eu\/de\/event\/ausstellung-turn-on\/","url":"https:\/\/interreg-grace.eu\/de\/event\/ausstellung-turn-on\/","name":"Ausstellung: Turn On - Projet GRACE","isPartOf":{"@id":"https:\/\/interreg-grace.eu\/de\/#website"},"primaryImageOfPage":{"@id":"https:\/\/interreg-grace.eu\/de\/event\/ausstellung-turn-on\/#primaryimage"},"image":{"@id":"https:\/\/interreg-grace.eu\/de\/event\/ausstellung-turn-on\/#primaryimage"},"thumbnailUrl":"https:\/\/interreg-grace.eu\/wp-content\/uploads\/2025\/09\/TurnOn-7-photo_Lynn_Theisen_WEB_43bde1639b7ee26debbb6a3f87514612.jpg","datePublished":"2025-09-08T12:57:26+00:00","breadcrumb":{"@id":"https:\/\/interreg-grace.eu\/de\/event\/ausstellung-turn-on\/#breadcrumb"},"inLanguage":"de","potentialAction":[{"@type":"ReadAction","target":["https:\/\/interreg-grace.eu\/de\/event\/ausstellung-turn-on\/"]}]},{"@type":"ImageObject","inLanguage":"de","@id":"https:\/\/interreg-grace.eu\/de\/event\/ausstellung-turn-on\/#primaryimage","url":"https:\/\/interreg-grace.eu\/wp-content\/uploads\/2025\/09\/TurnOn-7-photo_Lynn_Theisen_WEB_43bde1639b7ee26debbb6a3f87514612.jpg","contentUrl":"https:\/\/interreg-grace.eu\/wp-content\/uploads\/2025\/09\/TurnOn-7-photo_Lynn_Theisen_WEB_43bde1639b7ee26debbb6a3f87514612.jpg","width":425,"height":284},{"@type":"BreadcrumbList","@id":"https:\/\/interreg-grace.eu\/de\/event\/ausstellung-turn-on\/#breadcrumb","itemListElement":[{"@type":"ListItem","position":1,"name":"Accueil","item":"https:\/\/interreg-grace.eu\/de\/"},{"@type":"ListItem","position":2,"name":"Veranstaltungen","item":"https:\/\/interreg-grace.eu\/de\/events\/"},{"@type":"ListItem","position":3,"name":"Ausstellung: Turn On"}]},{"@type":"WebSite","@id":"https:\/\/interreg-grace.eu\/de\/#website","url":"https:\/\/interreg-grace.eu\/de\/","name":"Projet GRACE","description":"Greater Region Artistic and Cultural Education","publisher":{"@id":"https:\/\/interreg-grace.eu\/de\/#organization"},"potentialAction":[{"@type":"SearchAction","target":{"@type":"EntryPoint","urlTemplate":"https:\/\/interreg-grace.eu\/de\/?s={search_term_string}"},"query-input":{"@type":"PropertyValueSpecification","valueRequired":true,"valueName":"search_term_string"}}],"inLanguage":"de"},{"@type":"Organization","@id":"https:\/\/interreg-grace.eu\/de\/#organization","name":"Interreg Grace","alternateName":"Greater Region Artistic and Cultural Education","url":"https:\/\/interreg-grace.eu\/de\/","logo":{"@type":"ImageObject","inLanguage":"de","@id":"https:\/\/interreg-grace.eu\/de\/#\/schema\/logo\/image\/","url":"https:\/\/interreg-grace.eu\/wp-content\/uploads\/2024\/08\/cropped-favicon-grace.webp","contentUrl":"https:\/\/interreg-grace.eu\/wp-content\/uploads\/2024\/08\/cropped-favicon-grace.webp","width":512,"height":512,"caption":"Interreg Grace"},"image":{"@id":"https:\/\/interreg-grace.eu\/de\/#\/schema\/logo\/image\/"},"sameAs":["https:\/\/www.linkedin.com\/company\/interreg-grace\/"]}]}},"_links":{"self":[{"href":"https:\/\/interreg-grace.eu\/de\/wp-json\/wp\/v2\/tribe_events\/6764","targetHints":{"allow":["GET"]}}],"collection":[{"href":"https:\/\/interreg-grace.eu\/de\/wp-json\/wp\/v2\/tribe_events"}],"about":[{"href":"https:\/\/interreg-grace.eu\/de\/wp-json\/wp\/v2\/types\/tribe_events"}],"author":[{"embeddable":true,"href":"https:\/\/interreg-grace.eu\/de\/wp-json\/wp\/v2\/users\/3"}],"version-history":[{"count":0,"href":"https:\/\/interreg-grace.eu\/de\/wp-json\/wp\/v2\/tribe_events\/6764\/revisions"}],"wp:featuredmedia":[{"embeddable":true,"href":"https:\/\/interreg-grace.eu\/de\/wp-json\/wp\/v2\/media\/6715"}],"wp:attachment":[{"href":"https:\/\/interreg-grace.eu\/de\/wp-json\/wp\/v2\/media?parent=6764"}],"wp:term":[{"taxonomy":"post_tag","embeddable":true,"href":"https:\/\/interreg-grace.eu\/de\/wp-json\/wp\/v2\/tags?post=6764"},{"taxonomy":"tribe_events_cat","embeddable":true,"href":"https:\/\/interreg-grace.eu\/de\/wp-json\/wp\/v2\/tribe_events_cat?post=6764"}],"curies":[{"name":"wp","href":"https:\/\/api.w.org\/{rel}","templated":true}]}}

<p>Bei dieser Ausstellung haben Sie die Gelegenheit, Schallplatten auf eine ganz besondere Art und Weise zu entdecken. Während eines unterhaltsamen Besuchs können Sie die visuellen Animationen der Phonotrope genießen, dieser verzierten Schallplatten, die, wenn sie auf einem Plattenspieler gedreht werden, Bilder zeigen, die wie durch Zauberei zum Leben erweckt werden. Mit bloßem Auge, mithilfe von Spiegeln, Ihrem Smartphone oder anderen Geräten erwarten Sie zahlreiche verborgene Geschichten in diesen mythischen Objekten.  </p>
<p data-start="528" data-end="741">Nach ihrer Präsentation in den Rotondes im Januar 2024 wird <strong data-start="584" data-end="670">die Ausstellung vom 13. September bis zum 26. Oktober 2025 in der Galerie d&#8217;exposition de l&#8217;Arsenal (Cité Musicale-Metz) zu sehen sein</strong>, die dienstags bis samstags von 13 bis 18 Uhr und sonntags von 14 bis 18 Uhr geöffnet ist.</p>
<p data-start="743" data-end="957">„Turn On“ ist eine Ausstellung, die von den Rotondes Luxembourg im Rahmen des grenzüberschreitenden Projekts GRACE konzipiert und produziert wurde, das wiederum vom Interreg-Programm der Europäischen Union finanziert wird.</p>
<p data-start="743" data-end="957">Weitere Informationen finden Sie auf<a href="https://www.citemusicale-metz.fr/fr/programmation/saison-25-26/exposition/turn-on" target="_blank" rel="noopener"> Website der Cité Musicale-Metz.</a></p>

<p>Nach ihrer Präsentation in den Rotondes im Januar 2024 wird die Ausstellung vom 13. September bis zum 26. Oktober 2025 in der Galerie d&#8217;exposition de l&#8217;Arsenal (Cité Musicale-Metz) zu sehen sein. </p>

<!-- This site is optimized with the Yoast SEO Premium plugin v24.7 (Yoast SEO v27.3) - https://yoast.com/product/yoast-seo-premium-wordpress/ -->
<title>Ausstellung: Turn On - Projet GRACE</title>
<meta name="robots" content="index, follow, max-snippet:-1, max-image-preview:large, max-video-preview:-1" />
<link rel="canonical" href="https://interreg-grace.eu/de/event/ausstellung-turn-on/" />
<meta property="og:locale" content="de_DE" />
<meta property="og:type" content="article" />
<meta property="og:title" content="Ausstellung: Turn On" />
<meta property="og:description" content="Nach ihrer Präsentation in den Rotondes im Januar 2024 wird die Ausstellung vom 13. September bis zum 26. Oktober 2025 in der Galerie d&#039;exposition de l&#039;Arsenal (Cité Musicale-Metz) zu sehen sein." />
<meta property="og:url" content="https://interreg-grace.eu/de/event/ausstellung-turn-on/" />
<meta property="og:site_name" content="Projet GRACE" />
<meta property="og:image" content="https://interreg-grace.eu/wp-content/uploads/2025/09/TurnOn-7-photo_Lynn_Theisen_WEB_43bde1639b7ee26debbb6a3f87514612.jpg" />
	<meta property="og:image:width" content="425" />
	<meta property="og:image:height" content="284" />
	<meta property="og:image:type" content="image/jpeg" />
<meta name="twitter:card" content="summary_large_image" />
<meta name="twitter:label1" content="Geschätzte Lesezeit" />
	<meta name="twitter:data1" content="1 Minute" />
<script type="application/ld+json" class="yoast-schema-graph">{"@context":"https:\/\/schema.org","@graph":[{"@type":"WebPage","@id":"https:\/\/interreg-grace.eu\/de\/event\/ausstellung-turn-on\/","url":"https:\/\/interreg-grace.eu\/de\/event\/ausstellung-turn-on\/","name":"Ausstellung: Turn On - Projet GRACE","isPartOf":{"@id":"https:\/\/interreg-grace.eu\/de\/#website"},"primaryImageOfPage":{"@id":"https:\/\/interreg-grace.eu\/de\/event\/ausstellung-turn-on\/#primaryimage"},"image":{"@id":"https:\/\/interreg-grace.eu\/de\/event\/ausstellung-turn-on\/#primaryimage"},"thumbnailUrl":"https:\/\/interreg-grace.eu\/wp-content\/uploads\/2025\/09\/TurnOn-7-photo_Lynn_Theisen_WEB_43bde1639b7ee26debbb6a3f87514612.jpg","datePublished":"2025-09-08T12:57:26+00:00","breadcrumb":{"@id":"https:\/\/interreg-grace.eu\/de\/event\/ausstellung-turn-on\/#breadcrumb"},"inLanguage":"de","potentialAction":[{"@type":"ReadAction","target":["https:\/\/interreg-grace.eu\/de\/event\/ausstellung-turn-on\/"]}]},{"@type":"ImageObject","inLanguage":"de","@id":"https:\/\/interreg-grace.eu\/de\/event\/ausstellung-turn-on\/#primaryimage","url":"https:\/\/interreg-grace.eu\/wp-content\/uploads\/2025\/09\/TurnOn-7-photo_Lynn_Theisen_WEB_43bde1639b7ee26debbb6a3f87514612.jpg","contentUrl":"https:\/\/interreg-grace.eu\/wp-content\/uploads\/2025\/09\/TurnOn-7-photo_Lynn_Theisen_WEB_43bde1639b7ee26debbb6a3f87514612.jpg","width":425,"height":284},{"@type":"BreadcrumbList","@id":"https:\/\/interreg-grace.eu\/de\/event\/ausstellung-turn-on\/#breadcrumb","itemListElement":[{"@type":"ListItem","position":1,"name":"Accueil","item":"https:\/\/interreg-grace.eu\/de\/"},{"@type":"ListItem","position":2,"name":"Veranstaltungen","item":"https:\/\/interreg-grace.eu\/de\/events\/"},{"@type":"ListItem","position":3,"name":"Ausstellung: Turn On"}]},{"@type":"WebSite","@id":"https:\/\/interreg-grace.eu\/de\/#website","url":"https:\/\/interreg-grace.eu\/de\/","name":"Projet GRACE","description":"Greater Region Artistic and Cultural Education","publisher":{"@id":"https:\/\/interreg-grace.eu\/de\/#organization"},"potentialAction":[{"@type":"SearchAction","target":{"@type":"EntryPoint","urlTemplate":"https:\/\/interreg-grace.eu\/de\/?s={search_term_string}"},"query-input":{"@type":"PropertyValueSpecification","valueRequired":true,"valueName":"search_term_string"}}],"inLanguage":"de"},{"@type":"Organization","@id":"https:\/\/interreg-grace.eu\/de\/#organization","name":"Interreg Grace","alternateName":"Greater Region Artistic and Cultural Education","url":"https:\/\/interreg-grace.eu\/de\/","logo":{"@type":"ImageObject","inLanguage":"de","@id":"https:\/\/interreg-grace.eu\/de\/#\/schema\/logo\/image\/","url":"https:\/\/interreg-grace.eu\/wp-content\/uploads\/2024\/08\/cropped-favicon-grace.webp","contentUrl":"https:\/\/interreg-grace.eu\/wp-content\/uploads\/2024\/08\/cropped-favicon-grace.webp","width":512,"height":512,"caption":"Interreg Grace"},"image":{"@id":"https:\/\/interreg-grace.eu\/de\/#\/schema\/logo\/image\/"},"sameAs":["https:\/\/www.linkedin.com\/company\/interreg-grace\/"]}]}</script>
<!-- / Yoast SEO Premium plugin. -->

Nach ihrer Präsentation in den Rotondes im Januar 2024 wird die Ausstellung vom 13. September bis zum 26. Oktober 2025 in der Galerie d'exposition de l'Arsenal (Cité Musicale-Metz) zu sehen sein.
