{"id":6384,"date":"2025-05-26T16:00:45","date_gmt":"2025-05-26T14:00:45","guid":{"rendered":"https:\/\/interreg-grace.eu\/?post_type=tribe_events&#038;p=6384"},"modified":"2025-05-26T16:00:45","modified_gmt":"2025-05-26T14:00:45","slug":"perspectives-festival","status":"publish","type":"tribe_events","link":"https:\/\/interreg-grace.eu\/de\/event\/perspectives-festival\/","title":{"rendered":"Perspectives Festival"},"content":{"rendered":"<p><strong>Festival Perspectives \u2013 Das Programm ist online! <\/strong><\/p>\n<p>Theater, Tanz, Zirkus, Musik, Performance und Film mit bekannten Namen und Newcomern, gro\u00dfen Projekten und kleinen B\u00fchnen, in Clubs und auf Pl\u00e4tzen, Drinnen und Drau\u00dfen, auf beiden Seiten der deutsch-franz\u00f6sischen Grenze \u2013 das ist <em>Perspectives<\/em>. Das Festival ist ganz wie der Name es verspricht ein Raum der Vielfalt und des Austauschs \u2013 offen, lebendig und f\u00fcr alle. <\/p>\n<p>Das Festival Perspectives findet rund um Pfingsten vom 05. \u2013 14.06.2025 in der saarl\u00e4ndisch-franz\u00f6sischen Grenzregion statt.<\/p>\n<p>Tickets und Infos auf <a href=\"http:\/\/www.festival-perspectives.de\">www.festival-perspectives.de<\/a><\/p>\n","protected":false},"excerpt":{"rendered":"<p>Theater, Tanz, Zirkus, Musik, Performance und Film&#8230; Wir sehen uns beim Festival Perspectives!<\/p>\n","protected":false},"author":2,"featured_media":6381,"template":"","meta":{"_acf_changed":false,"_tribe_events_status":"","_tribe_events_status_reason":"","footnotes":""},"tags":[101],"tribe_events_cat":[97,98,126,113,122],"class_list":["post-6384","tribe_events","type-tribe_events","status-publish","has-post-thumbnail","hentry","tag-darstellende-kunst","tribe_events_cat-tout-public-de","tribe_events_cat-allemagne-de","tribe_events_cat-festival-de","tribe_events_cat-frankreich","tribe_events_cat-lebende-auffuhrung","cat_tout-public-de","cat_allemagne-de","cat_festival-de","cat_frankreich","cat_lebende-auffuhrung"],"acf":[],"yoast_head":"<!-- This site is optimized with the Yoast SEO Premium plugin v24.7 (Yoast SEO v27.3) - https:\/\/yoast.com\/product\/yoast-seo-premium-wordpress\/ -->\n<title>Perspectives Festival - Projet GRACE<\/title>\n<meta name=\"description\" content=\"Das Programm des Festivals Perspectives ist online: Theater, Tanz, Zirkus, Musik, Performance und Film...\" \/>\n<meta name=\"robots\" content=\"index, follow, max-snippet:-1, max-image-preview:large, max-video-preview:-1\" \/>\n<link rel=\"canonical\" href=\"https:\/\/interreg-grace.eu\/de\/event\/perspectives-festival\/\" \/>\n<meta property=\"og:locale\" content=\"de_DE\" \/>\n<meta property=\"og:type\" content=\"article\" \/>\n<meta property=\"og:title\" content=\"Perspectives Festival\" \/>\n<meta property=\"og:description\" content=\"Das Programm des Festivals Perspectives ist online: Theater, Tanz, Zirkus, Musik, Performance und Film...\" \/>\n<meta property=\"og:url\" content=\"https:\/\/interreg-grace.eu\/de\/event\/perspectives-festival\/\" \/>\n<meta property=\"og:site_name\" content=\"Projet GRACE\" \/>\n<meta property=\"og:image\" content=\"https:\/\/interreg-grace.eu\/wp-content\/uploads\/2025\/05\/PASSAGES_copyright_Klara-Pedrol-2.jpg\" \/>\n\t<meta property=\"og:image:width\" content=\"2048\" \/>\n\t<meta property=\"og:image:height\" content=\"1367\" \/>\n\t<meta property=\"og:image:type\" content=\"image\/jpeg\" \/>\n<meta name=\"twitter:card\" content=\"summary_large_image\" \/>\n<script type=\"application\/ld+json\" class=\"yoast-schema-graph\">{\"@context\":\"https:\\\/\\\/schema.org\",\"@graph\":[{\"@type\":\"WebPage\",\"@id\":\"https:\\\/\\\/interreg-grace.eu\\\/de\\\/event\\\/perspectives-festival\\\/\",\"url\":\"https:\\\/\\\/interreg-grace.eu\\\/de\\\/event\\\/perspectives-festival\\\/\",\"name\":\"Perspectives Festival - Projet GRACE\",\"isPartOf\":{\"@id\":\"https:\\\/\\\/interreg-grace.eu\\\/de\\\/#website\"},\"primaryImageOfPage\":{\"@id\":\"https:\\\/\\\/interreg-grace.eu\\\/de\\\/event\\\/perspectives-festival\\\/#primaryimage\"},\"image\":{\"@id\":\"https:\\\/\\\/interreg-grace.eu\\\/de\\\/event\\\/perspectives-festival\\\/#primaryimage\"},\"thumbnailUrl\":\"https:\\\/\\\/interreg-grace.eu\\\/wp-content\\\/uploads\\\/2025\\\/05\\\/PASSAGES_copyright_Klara-Pedrol-2.jpg\",\"datePublished\":\"2025-05-26T14:00:45+00:00\",\"description\":\"Das Programm des Festivals Perspectives ist online: Theater, Tanz, Zirkus, Musik, Performance und Film...\",\"breadcrumb\":{\"@id\":\"https:\\\/\\\/interreg-grace.eu\\\/de\\\/event\\\/perspectives-festival\\\/#breadcrumb\"},\"inLanguage\":\"de\",\"potentialAction\":[{\"@type\":\"ReadAction\",\"target\":[\"https:\\\/\\\/interreg-grace.eu\\\/de\\\/event\\\/perspectives-festival\\\/\"]}]},{\"@type\":\"ImageObject\",\"inLanguage\":\"de\",\"@id\":\"https:\\\/\\\/interreg-grace.eu\\\/de\\\/event\\\/perspectives-festival\\\/#primaryimage\",\"url\":\"https:\\\/\\\/interreg-grace.eu\\\/wp-content\\\/uploads\\\/2025\\\/05\\\/PASSAGES_copyright_Klara-Pedrol-2.jpg\",\"contentUrl\":\"https:\\\/\\\/interreg-grace.eu\\\/wp-content\\\/uploads\\\/2025\\\/05\\\/PASSAGES_copyright_Klara-Pedrol-2.jpg\",\"width\":2048,\"height\":1367,\"caption\":\"\u00a9Klara Pedrol\"},{\"@type\":\"BreadcrumbList\",\"@id\":\"https:\\\/\\\/interreg-grace.eu\\\/de\\\/event\\\/perspectives-festival\\\/#breadcrumb\",\"itemListElement\":[{\"@type\":\"ListItem\",\"position\":1,\"name\":\"Accueil\",\"item\":\"https:\\\/\\\/interreg-grace.eu\\\/de\\\/\"},{\"@type\":\"ListItem\",\"position\":2,\"name\":\"Veranstaltungen\",\"item\":\"https:\\\/\\\/interreg-grace.eu\\\/de\\\/events\\\/\"},{\"@type\":\"ListItem\",\"position\":3,\"name\":\"Perspectives Festival\"}]},{\"@type\":\"WebSite\",\"@id\":\"https:\\\/\\\/interreg-grace.eu\\\/de\\\/#website\",\"url\":\"https:\\\/\\\/interreg-grace.eu\\\/de\\\/\",\"name\":\"Projet GRACE\",\"description\":\"Greater Region Artistic and Cultural Education\",\"publisher\":{\"@id\":\"https:\\\/\\\/interreg-grace.eu\\\/de\\\/#organization\"},\"potentialAction\":[{\"@type\":\"SearchAction\",\"target\":{\"@type\":\"EntryPoint\",\"urlTemplate\":\"https:\\\/\\\/interreg-grace.eu\\\/de\\\/?s={search_term_string}\"},\"query-input\":{\"@type\":\"PropertyValueSpecification\",\"valueRequired\":true,\"valueName\":\"search_term_string\"}}],\"inLanguage\":\"de\"},{\"@type\":\"Organization\",\"@id\":\"https:\\\/\\\/interreg-grace.eu\\\/de\\\/#organization\",\"name\":\"Interreg Grace\",\"alternateName\":\"Greater Region Artistic and Cultural Education\",\"url\":\"https:\\\/\\\/interreg-grace.eu\\\/de\\\/\",\"logo\":{\"@type\":\"ImageObject\",\"inLanguage\":\"de\",\"@id\":\"https:\\\/\\\/interreg-grace.eu\\\/de\\\/#\\\/schema\\\/logo\\\/image\\\/\",\"url\":\"https:\\\/\\\/interreg-grace.eu\\\/wp-content\\\/uploads\\\/2024\\\/08\\\/cropped-favicon-grace.webp\",\"contentUrl\":\"https:\\\/\\\/interreg-grace.eu\\\/wp-content\\\/uploads\\\/2024\\\/08\\\/cropped-favicon-grace.webp\",\"width\":512,\"height\":512,\"caption\":\"Interreg Grace\"},\"image\":{\"@id\":\"https:\\\/\\\/interreg-grace.eu\\\/de\\\/#\\\/schema\\\/logo\\\/image\\\/\"},\"sameAs\":[\"https:\\\/\\\/www.linkedin.com\\\/company\\\/interreg-grace\\\/\"]}]}<\/script>\n<!-- \/ Yoast SEO Premium plugin. -->","yoast_head_json":{"title":"Perspectives Festival - Projet GRACE","description":"Das Programm des Festivals Perspectives ist online: Theater, Tanz, Zirkus, Musik, Performance und Film...","robots":{"index":"index","follow":"follow","max-snippet":"max-snippet:-1","max-image-preview":"max-image-preview:large","max-video-preview":"max-video-preview:-1"},"canonical":"https:\/\/interreg-grace.eu\/de\/event\/perspectives-festival\/","og_locale":"de_DE","og_type":"article","og_title":"Perspectives Festival","og_description":"Das Programm des Festivals Perspectives ist online: Theater, Tanz, Zirkus, Musik, Performance und Film...","og_url":"https:\/\/interreg-grace.eu\/de\/event\/perspectives-festival\/","og_site_name":"Projet GRACE","og_image":[{"width":2048,"height":1367,"url":"https:\/\/interreg-grace.eu\/wp-content\/uploads\/2025\/05\/PASSAGES_copyright_Klara-Pedrol-2.jpg","type":"image\/jpeg"}],"twitter_card":"summary_large_image","schema":{"@context":"https:\/\/schema.org","@graph":[{"@type":"WebPage","@id":"https:\/\/interreg-grace.eu\/de\/event\/perspectives-festival\/","url":"https:\/\/interreg-grace.eu\/de\/event\/perspectives-festival\/","name":"Perspectives Festival - Projet GRACE","isPartOf":{"@id":"https:\/\/interreg-grace.eu\/de\/#website"},"primaryImageOfPage":{"@id":"https:\/\/interreg-grace.eu\/de\/event\/perspectives-festival\/#primaryimage"},"image":{"@id":"https:\/\/interreg-grace.eu\/de\/event\/perspectives-festival\/#primaryimage"},"thumbnailUrl":"https:\/\/interreg-grace.eu\/wp-content\/uploads\/2025\/05\/PASSAGES_copyright_Klara-Pedrol-2.jpg","datePublished":"2025-05-26T14:00:45+00:00","description":"Das Programm des Festivals Perspectives ist online: Theater, Tanz, Zirkus, Musik, Performance und Film...","breadcrumb":{"@id":"https:\/\/interreg-grace.eu\/de\/event\/perspectives-festival\/#breadcrumb"},"inLanguage":"de","potentialAction":[{"@type":"ReadAction","target":["https:\/\/interreg-grace.eu\/de\/event\/perspectives-festival\/"]}]},{"@type":"ImageObject","inLanguage":"de","@id":"https:\/\/interreg-grace.eu\/de\/event\/perspectives-festival\/#primaryimage","url":"https:\/\/interreg-grace.eu\/wp-content\/uploads\/2025\/05\/PASSAGES_copyright_Klara-Pedrol-2.jpg","contentUrl":"https:\/\/interreg-grace.eu\/wp-content\/uploads\/2025\/05\/PASSAGES_copyright_Klara-Pedrol-2.jpg","width":2048,"height":1367,"caption":"\u00a9Klara Pedrol"},{"@type":"BreadcrumbList","@id":"https:\/\/interreg-grace.eu\/de\/event\/perspectives-festival\/#breadcrumb","itemListElement":[{"@type":"ListItem","position":1,"name":"Accueil","item":"https:\/\/interreg-grace.eu\/de\/"},{"@type":"ListItem","position":2,"name":"Veranstaltungen","item":"https:\/\/interreg-grace.eu\/de\/events\/"},{"@type":"ListItem","position":3,"name":"Perspectives Festival"}]},{"@type":"WebSite","@id":"https:\/\/interreg-grace.eu\/de\/#website","url":"https:\/\/interreg-grace.eu\/de\/","name":"Projet GRACE","description":"Greater Region Artistic and Cultural Education","publisher":{"@id":"https:\/\/interreg-grace.eu\/de\/#organization"},"potentialAction":[{"@type":"SearchAction","target":{"@type":"EntryPoint","urlTemplate":"https:\/\/interreg-grace.eu\/de\/?s={search_term_string}"},"query-input":{"@type":"PropertyValueSpecification","valueRequired":true,"valueName":"search_term_string"}}],"inLanguage":"de"},{"@type":"Organization","@id":"https:\/\/interreg-grace.eu\/de\/#organization","name":"Interreg Grace","alternateName":"Greater Region Artistic and Cultural Education","url":"https:\/\/interreg-grace.eu\/de\/","logo":{"@type":"ImageObject","inLanguage":"de","@id":"https:\/\/interreg-grace.eu\/de\/#\/schema\/logo\/image\/","url":"https:\/\/interreg-grace.eu\/wp-content\/uploads\/2024\/08\/cropped-favicon-grace.webp","contentUrl":"https:\/\/interreg-grace.eu\/wp-content\/uploads\/2024\/08\/cropped-favicon-grace.webp","width":512,"height":512,"caption":"Interreg Grace"},"image":{"@id":"https:\/\/interreg-grace.eu\/de\/#\/schema\/logo\/image\/"},"sameAs":["https:\/\/www.linkedin.com\/company\/interreg-grace\/"]}]}},"_links":{"self":[{"href":"https:\/\/interreg-grace.eu\/de\/wp-json\/wp\/v2\/tribe_events\/6384","targetHints":{"allow":["GET"]}}],"collection":[{"href":"https:\/\/interreg-grace.eu\/de\/wp-json\/wp\/v2\/tribe_events"}],"about":[{"href":"https:\/\/interreg-grace.eu\/de\/wp-json\/wp\/v2\/types\/tribe_events"}],"author":[{"embeddable":true,"href":"https:\/\/interreg-grace.eu\/de\/wp-json\/wp\/v2\/users\/2"}],"version-history":[{"count":1,"href":"https:\/\/interreg-grace.eu\/de\/wp-json\/wp\/v2\/tribe_events\/6384\/revisions"}],"predecessor-version":[{"id":6386,"href":"https:\/\/interreg-grace.eu\/de\/wp-json\/wp\/v2\/tribe_events\/6384\/revisions\/6386"}],"wp:featuredmedia":[{"embeddable":true,"href":"https:\/\/interreg-grace.eu\/de\/wp-json\/wp\/v2\/media\/6381"}],"wp:attachment":[{"href":"https:\/\/interreg-grace.eu\/de\/wp-json\/wp\/v2\/media?parent=6384"}],"wp:term":[{"taxonomy":"post_tag","embeddable":true,"href":"https:\/\/interreg-grace.eu\/de\/wp-json\/wp\/v2\/tags?post=6384"},{"taxonomy":"tribe_events_cat","embeddable":true,"href":"https:\/\/interreg-grace.eu\/de\/wp-json\/wp\/v2\/tribe_events_cat?post=6384"}],"curies":[{"name":"wp","href":"https:\/\/api.w.org\/{rel}","templated":true}]}}

<p><strong>Festival Perspectives – Das Programm ist online! </strong></p>
<p>Theater, Tanz, Zirkus, Musik, Performance und Film mit bekannten Namen und Newcomern, großen Projekten und kleinen Bühnen, in Clubs und auf Plätzen, Drinnen und Draußen, auf beiden Seiten der deutsch-französischen Grenze – das ist <em>Perspectives</em>. Das Festival ist ganz wie der Name es verspricht ein Raum der Vielfalt und des Austauschs – offen, lebendig und für alle. </p>
<p>Das Festival Perspectives findet rund um Pfingsten vom 05. – 14.06.2025 in der saarländisch-französischen Grenzregion statt.</p>
<p>Tickets und Infos auf <a href="http://www.festival-perspectives.de">www.festival-perspectives.de</a></p>
