{"id":6169,"date":"2025-04-11T15:47:23","date_gmt":"2025-04-11T13:47:23","guid":{"rendered":"https:\/\/interreg-grace.eu\/?post_type=tribe_events&#038;p=6169"},"modified":"2025-04-11T15:47:23","modified_gmt":"2025-04-11T13:47:23","slug":"soledad-von-santiago-moreno","status":"publish","type":"tribe_events","link":"https:\/\/interreg-grace.eu\/de\/event\/soledad-von-santiago-moreno\/","title":{"rendered":"Soledad von Santiago Moreno"},"content":{"rendered":"<p><strong>Ein traumhaftes, manchmal burleskes, manchmal beunruhigendes Eintauchen in die Welt des Orchestermannes und seiner vielen Einsamkeiten.<br \/>\n<\/strong>Mit <em>Soledad <\/em>erforscht Santiago Moreno die theatralische und metaphorische Dimension der einzigartigen Figur des Orchestermannes, indem er die Grenzen seiner Vervielf\u00e4ltigung und Allgegenwart durch die subtilen Werkzeuge der B\u00fchne (Licht und Schwarzlichttheater, Magie) und die Techniken des Puppenspiels (Masken, Automaten, Schatten) \u00fcberschreitet. Er erz\u00e4hlt uns die Geschichte eines sich h\u00e4utenden Charakters, der entdeckt, dass das Ich ein anderer ist. Die eines Mannes, der allein in der Menge in seinem Kopf ist und diesen anderen zu einem kleinen Tanz einl\u00e4dt. Entdecken Sie, wie dieser Mann sich an seine Einsamkeit anpasst, sie bewohnt und sie mit Hilfe von Musik und Poesie \u00fcberlistet!   <\/p>\n<p>Im Anschluss an die Auff\u00fchrung findet ein Gespr\u00e4ch mit dem K\u00fcnstler statt.<\/p>\n","protected":false},"excerpt":{"rendered":"<p>Ein traumhaftes, manchmal burleskes, manchmal beunruhigendes Eintauchen in die Welt des Orchestermannes und seiner vielen Einsamkeiten. Entdecken Sie, wie dieser Mann sich an seine Einsamkeit anpasst, sie bewohnt und sie mit Hilfe von Musik und Poesie \u00fcberlistet! <\/p>\n","protected":false},"author":2,"featured_media":5980,"template":"","meta":{"_acf_changed":false,"_tribe_events_status":"","_tribe_events_status_reason":"","footnotes":""},"tags":[],"tribe_events_cat":[97,127,117,113,116,122],"class_list":["post-6169","tribe_events","type-tribe_events","status-publish","has-post-thumbnail","hentry","tribe_events_cat-tout-public-de","tribe_events_cat-auffuhrung","tribe_events_cat-barrierefreie-veranstaltungen-mit-behinderung","tribe_events_cat-frankreich","tribe_events_cat-junges-publikum","tribe_events_cat-lebende-auffuhrung","cat_tout-public-de","cat_auffuhrung","cat_barrierefreie-veranstaltungen-mit-behinderung","cat_frankreich","cat_junges-publikum","cat_lebende-auffuhrung"],"acf":[],"yoast_head":"<!-- This site is optimized with the Yoast SEO Premium plugin v24.7 (Yoast SEO v27.3) - https:\/\/yoast.com\/product\/yoast-seo-premium-wordpress\/ -->\n<title>Soledad von Santiago Moreno - Projet GRACE<\/title>\n<meta name=\"description\" content=\"In Soledad erforscht Santiago Moreno die Einsamkeit und die Vielf\u00e4ltigkeit des \u201eIch\u201c mittels Musik und Poesie.\" \/>\n<meta name=\"robots\" content=\"index, follow, max-snippet:-1, max-image-preview:large, max-video-preview:-1\" \/>\n<link rel=\"canonical\" href=\"https:\/\/interreg-grace.eu\/de\/event\/soledad-von-santiago-moreno\/\" \/>\n<meta property=\"og:locale\" content=\"de_DE\" \/>\n<meta property=\"og:type\" content=\"article\" \/>\n<meta property=\"og:title\" content=\"Soledad von Santiago Moreno\" \/>\n<meta property=\"og:description\" content=\"In Soledad erforscht Santiago Moreno die Einsamkeit und die Vielf\u00e4ltigkeit des \u201eIch\u201c mittels Musik und Poesie.\" \/>\n<meta property=\"og:url\" content=\"https:\/\/interreg-grace.eu\/de\/event\/soledad-von-santiago-moreno\/\" \/>\n<meta property=\"og:site_name\" content=\"Projet GRACE\" \/>\n<meta property=\"og:image\" content=\"https:\/\/interreg-grace.eu\/wp-content\/uploads\/2025\/04\/SOLEDAD\u2014\u00a9Frederic-Allegrini_4127.jpg\" \/>\n\t<meta property=\"og:image:width\" content=\"1200\" \/>\n\t<meta property=\"og:image:height\" content=\"960\" \/>\n\t<meta property=\"og:image:type\" content=\"image\/jpeg\" \/>\n<meta name=\"twitter:card\" content=\"summary_large_image\" \/>\n<meta name=\"twitter:label1\" content=\"Gesch\u00e4tzte Lesezeit\" \/>\n\t<meta name=\"twitter:data1\" content=\"1\u00a0Minute\" \/>\n<script type=\"application\/ld+json\" class=\"yoast-schema-graph\">{\"@context\":\"https:\\\/\\\/schema.org\",\"@graph\":[{\"@type\":\"WebPage\",\"@id\":\"https:\\\/\\\/interreg-grace.eu\\\/de\\\/event\\\/soledad-von-santiago-moreno\\\/\",\"url\":\"https:\\\/\\\/interreg-grace.eu\\\/de\\\/event\\\/soledad-von-santiago-moreno\\\/\",\"name\":\"Soledad von Santiago Moreno - Projet GRACE\",\"isPartOf\":{\"@id\":\"https:\\\/\\\/interreg-grace.eu\\\/de\\\/#website\"},\"primaryImageOfPage\":{\"@id\":\"https:\\\/\\\/interreg-grace.eu\\\/de\\\/event\\\/soledad-von-santiago-moreno\\\/#primaryimage\"},\"image\":{\"@id\":\"https:\\\/\\\/interreg-grace.eu\\\/de\\\/event\\\/soledad-von-santiago-moreno\\\/#primaryimage\"},\"thumbnailUrl\":\"https:\\\/\\\/interreg-grace.eu\\\/wp-content\\\/uploads\\\/2025\\\/04\\\/SOLEDAD\u2014\u00a9Frederic-Allegrini_4127.jpg\",\"datePublished\":\"2025-04-11T13:47:23+00:00\",\"description\":\"In Soledad erforscht Santiago Moreno die Einsamkeit und die Vielf\u00e4ltigkeit des \u201eIch\u201c mittels Musik und Poesie.\",\"breadcrumb\":{\"@id\":\"https:\\\/\\\/interreg-grace.eu\\\/de\\\/event\\\/soledad-von-santiago-moreno\\\/#breadcrumb\"},\"inLanguage\":\"de\",\"potentialAction\":[{\"@type\":\"ReadAction\",\"target\":[\"https:\\\/\\\/interreg-grace.eu\\\/de\\\/event\\\/soledad-von-santiago-moreno\\\/\"]}]},{\"@type\":\"ImageObject\",\"inLanguage\":\"de\",\"@id\":\"https:\\\/\\\/interreg-grace.eu\\\/de\\\/event\\\/soledad-von-santiago-moreno\\\/#primaryimage\",\"url\":\"https:\\\/\\\/interreg-grace.eu\\\/wp-content\\\/uploads\\\/2025\\\/04\\\/SOLEDAD\u2014\u00a9Frederic-Allegrini_4127.jpg\",\"contentUrl\":\"https:\\\/\\\/interreg-grace.eu\\\/wp-content\\\/uploads\\\/2025\\\/04\\\/SOLEDAD\u2014\u00a9Frederic-Allegrini_4127.jpg\",\"width\":1200,\"height\":960,\"caption\":\"\u00a9Fr\u00e9d\u00e9ric Allegrini\"},{\"@type\":\"BreadcrumbList\",\"@id\":\"https:\\\/\\\/interreg-grace.eu\\\/de\\\/event\\\/soledad-von-santiago-moreno\\\/#breadcrumb\",\"itemListElement\":[{\"@type\":\"ListItem\",\"position\":1,\"name\":\"Accueil\",\"item\":\"https:\\\/\\\/interreg-grace.eu\\\/de\\\/\"},{\"@type\":\"ListItem\",\"position\":2,\"name\":\"Veranstaltungen\",\"item\":\"https:\\\/\\\/interreg-grace.eu\\\/de\\\/events\\\/\"},{\"@type\":\"ListItem\",\"position\":3,\"name\":\"Soledad von Santiago Moreno\"}]},{\"@type\":\"WebSite\",\"@id\":\"https:\\\/\\\/interreg-grace.eu\\\/de\\\/#website\",\"url\":\"https:\\\/\\\/interreg-grace.eu\\\/de\\\/\",\"name\":\"Projet GRACE\",\"description\":\"Greater Region Artistic and Cultural Education\",\"publisher\":{\"@id\":\"https:\\\/\\\/interreg-grace.eu\\\/de\\\/#organization\"},\"potentialAction\":[{\"@type\":\"SearchAction\",\"target\":{\"@type\":\"EntryPoint\",\"urlTemplate\":\"https:\\\/\\\/interreg-grace.eu\\\/de\\\/?s={search_term_string}\"},\"query-input\":{\"@type\":\"PropertyValueSpecification\",\"valueRequired\":true,\"valueName\":\"search_term_string\"}}],\"inLanguage\":\"de\"},{\"@type\":\"Organization\",\"@id\":\"https:\\\/\\\/interreg-grace.eu\\\/de\\\/#organization\",\"name\":\"Interreg Grace\",\"alternateName\":\"Greater Region Artistic and Cultural Education\",\"url\":\"https:\\\/\\\/interreg-grace.eu\\\/de\\\/\",\"logo\":{\"@type\":\"ImageObject\",\"inLanguage\":\"de\",\"@id\":\"https:\\\/\\\/interreg-grace.eu\\\/de\\\/#\\\/schema\\\/logo\\\/image\\\/\",\"url\":\"https:\\\/\\\/interreg-grace.eu\\\/wp-content\\\/uploads\\\/2024\\\/08\\\/cropped-favicon-grace.webp\",\"contentUrl\":\"https:\\\/\\\/interreg-grace.eu\\\/wp-content\\\/uploads\\\/2024\\\/08\\\/cropped-favicon-grace.webp\",\"width\":512,\"height\":512,\"caption\":\"Interreg Grace\"},\"image\":{\"@id\":\"https:\\\/\\\/interreg-grace.eu\\\/de\\\/#\\\/schema\\\/logo\\\/image\\\/\"},\"sameAs\":[\"https:\\\/\\\/www.linkedin.com\\\/company\\\/interreg-grace\\\/\"]}]}<\/script>\n<!-- \/ Yoast SEO Premium plugin. -->","yoast_head_json":{"title":"Soledad von Santiago Moreno - Projet GRACE","description":"In Soledad erforscht Santiago Moreno die Einsamkeit und die Vielf\u00e4ltigkeit des \u201eIch\u201c mittels Musik und Poesie.","robots":{"index":"index","follow":"follow","max-snippet":"max-snippet:-1","max-image-preview":"max-image-preview:large","max-video-preview":"max-video-preview:-1"},"canonical":"https:\/\/interreg-grace.eu\/de\/event\/soledad-von-santiago-moreno\/","og_locale":"de_DE","og_type":"article","og_title":"Soledad von Santiago Moreno","og_description":"In Soledad erforscht Santiago Moreno die Einsamkeit und die Vielf\u00e4ltigkeit des \u201eIch\u201c mittels Musik und Poesie.","og_url":"https:\/\/interreg-grace.eu\/de\/event\/soledad-von-santiago-moreno\/","og_site_name":"Projet GRACE","og_image":[{"width":1200,"height":960,"url":"https:\/\/interreg-grace.eu\/wp-content\/uploads\/2025\/04\/SOLEDAD\u2014\u00a9Frederic-Allegrini_4127.jpg","type":"image\/jpeg"}],"twitter_card":"summary_large_image","twitter_misc":{"Gesch\u00e4tzte Lesezeit":"1\u00a0Minute"},"schema":{"@context":"https:\/\/schema.org","@graph":[{"@type":"WebPage","@id":"https:\/\/interreg-grace.eu\/de\/event\/soledad-von-santiago-moreno\/","url":"https:\/\/interreg-grace.eu\/de\/event\/soledad-von-santiago-moreno\/","name":"Soledad von Santiago Moreno - Projet GRACE","isPartOf":{"@id":"https:\/\/interreg-grace.eu\/de\/#website"},"primaryImageOfPage":{"@id":"https:\/\/interreg-grace.eu\/de\/event\/soledad-von-santiago-moreno\/#primaryimage"},"image":{"@id":"https:\/\/interreg-grace.eu\/de\/event\/soledad-von-santiago-moreno\/#primaryimage"},"thumbnailUrl":"https:\/\/interreg-grace.eu\/wp-content\/uploads\/2025\/04\/SOLEDAD\u2014\u00a9Frederic-Allegrini_4127.jpg","datePublished":"2025-04-11T13:47:23+00:00","description":"In Soledad erforscht Santiago Moreno die Einsamkeit und die Vielf\u00e4ltigkeit des \u201eIch\u201c mittels Musik und Poesie.","breadcrumb":{"@id":"https:\/\/interreg-grace.eu\/de\/event\/soledad-von-santiago-moreno\/#breadcrumb"},"inLanguage":"de","potentialAction":[{"@type":"ReadAction","target":["https:\/\/interreg-grace.eu\/de\/event\/soledad-von-santiago-moreno\/"]}]},{"@type":"ImageObject","inLanguage":"de","@id":"https:\/\/interreg-grace.eu\/de\/event\/soledad-von-santiago-moreno\/#primaryimage","url":"https:\/\/interreg-grace.eu\/wp-content\/uploads\/2025\/04\/SOLEDAD\u2014\u00a9Frederic-Allegrini_4127.jpg","contentUrl":"https:\/\/interreg-grace.eu\/wp-content\/uploads\/2025\/04\/SOLEDAD\u2014\u00a9Frederic-Allegrini_4127.jpg","width":1200,"height":960,"caption":"\u00a9Fr\u00e9d\u00e9ric Allegrini"},{"@type":"BreadcrumbList","@id":"https:\/\/interreg-grace.eu\/de\/event\/soledad-von-santiago-moreno\/#breadcrumb","itemListElement":[{"@type":"ListItem","position":1,"name":"Accueil","item":"https:\/\/interreg-grace.eu\/de\/"},{"@type":"ListItem","position":2,"name":"Veranstaltungen","item":"https:\/\/interreg-grace.eu\/de\/events\/"},{"@type":"ListItem","position":3,"name":"Soledad von Santiago Moreno"}]},{"@type":"WebSite","@id":"https:\/\/interreg-grace.eu\/de\/#website","url":"https:\/\/interreg-grace.eu\/de\/","name":"Projet GRACE","description":"Greater Region Artistic and Cultural Education","publisher":{"@id":"https:\/\/interreg-grace.eu\/de\/#organization"},"potentialAction":[{"@type":"SearchAction","target":{"@type":"EntryPoint","urlTemplate":"https:\/\/interreg-grace.eu\/de\/?s={search_term_string}"},"query-input":{"@type":"PropertyValueSpecification","valueRequired":true,"valueName":"search_term_string"}}],"inLanguage":"de"},{"@type":"Organization","@id":"https:\/\/interreg-grace.eu\/de\/#organization","name":"Interreg Grace","alternateName":"Greater Region Artistic and Cultural Education","url":"https:\/\/interreg-grace.eu\/de\/","logo":{"@type":"ImageObject","inLanguage":"de","@id":"https:\/\/interreg-grace.eu\/de\/#\/schema\/logo\/image\/","url":"https:\/\/interreg-grace.eu\/wp-content\/uploads\/2024\/08\/cropped-favicon-grace.webp","contentUrl":"https:\/\/interreg-grace.eu\/wp-content\/uploads\/2024\/08\/cropped-favicon-grace.webp","width":512,"height":512,"caption":"Interreg Grace"},"image":{"@id":"https:\/\/interreg-grace.eu\/de\/#\/schema\/logo\/image\/"},"sameAs":["https:\/\/www.linkedin.com\/company\/interreg-grace\/"]}]}},"_links":{"self":[{"href":"https:\/\/interreg-grace.eu\/de\/wp-json\/wp\/v2\/tribe_events\/6169","targetHints":{"allow":["GET"]}}],"collection":[{"href":"https:\/\/interreg-grace.eu\/de\/wp-json\/wp\/v2\/tribe_events"}],"about":[{"href":"https:\/\/interreg-grace.eu\/de\/wp-json\/wp\/v2\/types\/tribe_events"}],"author":[{"embeddable":true,"href":"https:\/\/interreg-grace.eu\/de\/wp-json\/wp\/v2\/users\/2"}],"version-history":[{"count":1,"href":"https:\/\/interreg-grace.eu\/de\/wp-json\/wp\/v2\/tribe_events\/6169\/revisions"}],"predecessor-version":[{"id":6170,"href":"https:\/\/interreg-grace.eu\/de\/wp-json\/wp\/v2\/tribe_events\/6169\/revisions\/6170"}],"wp:featuredmedia":[{"embeddable":true,"href":"https:\/\/interreg-grace.eu\/de\/wp-json\/wp\/v2\/media\/5980"}],"wp:attachment":[{"href":"https:\/\/interreg-grace.eu\/de\/wp-json\/wp\/v2\/media?parent=6169"}],"wp:term":[{"taxonomy":"post_tag","embeddable":true,"href":"https:\/\/interreg-grace.eu\/de\/wp-json\/wp\/v2\/tags?post=6169"},{"taxonomy":"tribe_events_cat","embeddable":true,"href":"https:\/\/interreg-grace.eu\/de\/wp-json\/wp\/v2\/tribe_events_cat?post=6169"}],"curies":[{"name":"wp","href":"https:\/\/api.w.org\/{rel}","templated":true}]}}

<p><strong>Ein traumhaftes, manchmal burleskes, manchmal beunruhigendes Eintauchen in die Welt des Orchestermannes und seiner vielen Einsamkeiten.<br />
</strong>Mit <em>Soledad </em>erforscht Santiago Moreno die theatralische und metaphorische Dimension der einzigartigen Figur des Orchestermannes, indem er die Grenzen seiner Vervielfältigung und Allgegenwart durch die subtilen Werkzeuge der Bühne (Licht und Schwarzlichttheater, Magie) und die Techniken des Puppenspiels (Masken, Automaten, Schatten) überschreitet. Er erzählt uns die Geschichte eines sich häutenden Charakters, der entdeckt, dass das Ich ein anderer ist. Die eines Mannes, der allein in der Menge in seinem Kopf ist und diesen anderen zu einem kleinen Tanz einlädt. Entdecken Sie, wie dieser Mann sich an seine Einsamkeit anpasst, sie bewohnt und sie mit Hilfe von Musik und Poesie überlistet!   </p>
<p>Im Anschluss an die Aufführung findet ein Gespräch mit dem Künstler statt.</p>

<p>Ein traumhaftes, manchmal burleskes, manchmal beunruhigendes Eintauchen in die Welt des Orchestermannes und seiner vielen Einsamkeiten. Entdecken Sie, wie dieser Mann sich an seine Einsamkeit anpasst, sie bewohnt und sie mit Hilfe von Musik und Poesie überlistet! </p>

<!-- This site is optimized with the Yoast SEO Premium plugin v24.7 (Yoast SEO v27.3) - https://yoast.com/product/yoast-seo-premium-wordpress/ -->
<title>Soledad von Santiago Moreno - Projet GRACE</title>
<meta name="description" content="In Soledad erforscht Santiago Moreno die Einsamkeit und die Vielfältigkeit des „Ich“ mittels Musik und Poesie." />
<meta name="robots" content="index, follow, max-snippet:-1, max-image-preview:large, max-video-preview:-1" />
<link rel="canonical" href="https://interreg-grace.eu/de/event/soledad-von-santiago-moreno/" />
<meta property="og:locale" content="de_DE" />
<meta property="og:type" content="article" />
<meta property="og:title" content="Soledad von Santiago Moreno" />
<meta property="og:description" content="In Soledad erforscht Santiago Moreno die Einsamkeit und die Vielfältigkeit des „Ich“ mittels Musik und Poesie." />
<meta property="og:url" content="https://interreg-grace.eu/de/event/soledad-von-santiago-moreno/" />
<meta property="og:site_name" content="Projet GRACE" />
<meta property="og:image" content="https://interreg-grace.eu/wp-content/uploads/2025/04/SOLEDAD—©Frederic-Allegrini_4127.jpg" />
	<meta property="og:image:width" content="1200" />
	<meta property="og:image:height" content="960" />
	<meta property="og:image:type" content="image/jpeg" />
<meta name="twitter:card" content="summary_large_image" />
<meta name="twitter:label1" content="Geschätzte Lesezeit" />
	<meta name="twitter:data1" content="1 Minute" />
<script type="application/ld+json" class="yoast-schema-graph">{"@context":"https:\/\/schema.org","@graph":[{"@type":"WebPage","@id":"https:\/\/interreg-grace.eu\/de\/event\/soledad-von-santiago-moreno\/","url":"https:\/\/interreg-grace.eu\/de\/event\/soledad-von-santiago-moreno\/","name":"Soledad von Santiago Moreno - Projet GRACE","isPartOf":{"@id":"https:\/\/interreg-grace.eu\/de\/#website"},"primaryImageOfPage":{"@id":"https:\/\/interreg-grace.eu\/de\/event\/soledad-von-santiago-moreno\/#primaryimage"},"image":{"@id":"https:\/\/interreg-grace.eu\/de\/event\/soledad-von-santiago-moreno\/#primaryimage"},"thumbnailUrl":"https:\/\/interreg-grace.eu\/wp-content\/uploads\/2025\/04\/SOLEDAD—©Frederic-Allegrini_4127.jpg","datePublished":"2025-04-11T13:47:23+00:00","description":"In Soledad erforscht Santiago Moreno die Einsamkeit und die Vielfältigkeit des „Ich“ mittels Musik und Poesie.","breadcrumb":{"@id":"https:\/\/interreg-grace.eu\/de\/event\/soledad-von-santiago-moreno\/#breadcrumb"},"inLanguage":"de","potentialAction":[{"@type":"ReadAction","target":["https:\/\/interreg-grace.eu\/de\/event\/soledad-von-santiago-moreno\/"]}]},{"@type":"ImageObject","inLanguage":"de","@id":"https:\/\/interreg-grace.eu\/de\/event\/soledad-von-santiago-moreno\/#primaryimage","url":"https:\/\/interreg-grace.eu\/wp-content\/uploads\/2025\/04\/SOLEDAD—©Frederic-Allegrini_4127.jpg","contentUrl":"https:\/\/interreg-grace.eu\/wp-content\/uploads\/2025\/04\/SOLEDAD—©Frederic-Allegrini_4127.jpg","width":1200,"height":960,"caption":"©Frédéric Allegrini"},{"@type":"BreadcrumbList","@id":"https:\/\/interreg-grace.eu\/de\/event\/soledad-von-santiago-moreno\/#breadcrumb","itemListElement":[{"@type":"ListItem","position":1,"name":"Accueil","item":"https:\/\/interreg-grace.eu\/de\/"},{"@type":"ListItem","position":2,"name":"Veranstaltungen","item":"https:\/\/interreg-grace.eu\/de\/events\/"},{"@type":"ListItem","position":3,"name":"Soledad von Santiago Moreno"}]},{"@type":"WebSite","@id":"https:\/\/interreg-grace.eu\/de\/#website","url":"https:\/\/interreg-grace.eu\/de\/","name":"Projet GRACE","description":"Greater Region Artistic and Cultural Education","publisher":{"@id":"https:\/\/interreg-grace.eu\/de\/#organization"},"potentialAction":[{"@type":"SearchAction","target":{"@type":"EntryPoint","urlTemplate":"https:\/\/interreg-grace.eu\/de\/?s={search_term_string}"},"query-input":{"@type":"PropertyValueSpecification","valueRequired":true,"valueName":"search_term_string"}}],"inLanguage":"de"},{"@type":"Organization","@id":"https:\/\/interreg-grace.eu\/de\/#organization","name":"Interreg Grace","alternateName":"Greater Region Artistic and Cultural Education","url":"https:\/\/interreg-grace.eu\/de\/","logo":{"@type":"ImageObject","inLanguage":"de","@id":"https:\/\/interreg-grace.eu\/de\/#\/schema\/logo\/image\/","url":"https:\/\/interreg-grace.eu\/wp-content\/uploads\/2024\/08\/cropped-favicon-grace.webp","contentUrl":"https:\/\/interreg-grace.eu\/wp-content\/uploads\/2024\/08\/cropped-favicon-grace.webp","width":512,"height":512,"caption":"Interreg Grace"},"image":{"@id":"https:\/\/interreg-grace.eu\/de\/#\/schema\/logo\/image\/"},"sameAs":["https:\/\/www.linkedin.com\/company\/interreg-grace\/"]}]}</script>
<!-- / Yoast SEO Premium plugin. -->

In Soledad erforscht Santiago Moreno die Einsamkeit und die Vielfältigkeit des „Ich“ mittels Musik und Poesie.

©Frédéric Allegrini
