{"id":5852,"date":"2025-02-25T11:38:06","date_gmt":"2025-02-25T10:38:06","guid":{"rendered":"https:\/\/interreg-grace.eu\/?post_type=tribe_events&#038;p=5852"},"modified":"2025-02-25T11:38:06","modified_gmt":"2025-02-25T10:38:06","slug":"multiplica-lab","status":"publish","type":"tribe_events","link":"https:\/\/interreg-grace.eu\/de\/event\/multiplica-lab\/","title":{"rendered":"Multiplica Lab"},"content":{"rendered":"<p><em>Multiplica Lab<\/em> ist die neue j\u00e4hrlich stattfindende Veranstaltung der Rotondes, die im Geist der Biennale f\u00fcr digitale Kunst, <em>Multiplica<\/em>, steht. Als Experimentierplattform f\u00fcr digitale k\u00fcnstlerische Ausdrucksformen will <em>Multiplica Lab<\/em> uns auf innovative Weise mit digitalen Technologien konfrontieren \u2013 damit wir mehr \u00fcber uns selbst erfahren. Auf dem Programm stehen Installationen und <em>Live<\/em>-Performances, die unsere Gegenwart neu interpretieren und ihre gro\u00dfen Paradoxien hinterfragen. <\/p>\n<p><em>Multiplica Lab <\/em>betrachtet digitale Technologien sowohl als Reflexionswerkzeuge als auch als Mittel des Ausdrucks und der Sch\u00f6pfung. Damit ermutigt es das Publikum, diese in verschiedenen Formen zu erleben und dabei neugierig und kritisch zu bleiben.<\/p>\n<p>Bei dieser Gelegenheit werden die K\u00fcnstler, die f\u00fcr die im Rahmen von GRACE initiierte Residenz der Digitalen K\u00fcnste ausgew\u00e4hlt wurden, ihre jeweiligen Arbeiten vorstellen: <em>Island 2.0 <\/em>(das Kollektiv Eddie Van Tsui) und <em>_First A\/V<\/em> (Zohra Mrad und Damiano Picci). Weitere Informationen zu den K\u00fcnstlern und ihrer Arbeit finden Sie auf der Veranstaltungsseite. <\/p>\n<p>Entdecken Sie das vollst\u00e4ndige Programm und alle praktischen Infos zum <a href=\"https:\/\/www.rotondes.lu\/fr\/programmation\/temps-forts\/multiplica-lab\"><em>Multiplica Lab<\/em><\/a>.<\/p>\n","protected":false},"excerpt":{"rendered":"<p>Zwei Tage lang laden die Rotondes Sie dazu ein, beim Multiplica Lab digitale Technologien als Mittel zum Nachdenken zu entdecken. Auf dem Programm stehen Installationen und Live-Performances, die unsere Gegenwart neu interpretieren und ihre gro\u00dfen Paradoxien hinterfragen. <\/p>\n","protected":false},"author":2,"featured_media":5811,"template":"","meta":{"_acf_changed":false,"_tribe_events_status":"","_tribe_events_status_reason":"","footnotes":""},"tags":[100],"tribe_events_cat":[97,128,119,114],"class_list":["post-5852","tribe_events","type-tribe_events","status-publish","has-post-thumbnail","hentry","tag-digitale-kunste","tribe_events_cat-tout-public-de","tribe_events_cat-besuch","tribe_events_cat-digitale-kunste","tribe_events_cat-luxemburg","cat_tout-public-de","cat_besuch","cat_digitale-kunste","cat_luxemburg"],"acf":[],"yoast_head":"<!-- This site is optimized with the Yoast SEO Premium plugin v24.7 (Yoast SEO v27.3) - https:\/\/yoast.com\/product\/yoast-seo-premium-wordpress\/ -->\n<title>Multiplica Lab - Projet GRACE<\/title>\n<meta name=\"description\" content=\"Die Rotondes laden Sie herzlich zum Multiplica Lab ein. Entdecken Sie digitale Technologien in Form von Installationen und Live-Performances.\" \/>\n<meta name=\"robots\" content=\"index, follow, max-snippet:-1, max-image-preview:large, max-video-preview:-1\" \/>\n<link rel=\"canonical\" href=\"https:\/\/interreg-grace.eu\/de\/event\/multiplica-lab\/\" \/>\n<meta property=\"og:locale\" content=\"de_DE\" \/>\n<meta property=\"og:type\" content=\"article\" \/>\n<meta property=\"og:title\" content=\"Multiplica Lab\" \/>\n<meta property=\"og:description\" content=\"Die Rotondes laden Sie herzlich zum Multiplica Lab ein. Entdecken Sie digitale Technologien in Form von Installationen und Live-Performances.\" \/>\n<meta property=\"og:url\" content=\"https:\/\/interreg-grace.eu\/de\/event\/multiplica-lab\/\" \/>\n<meta property=\"og:site_name\" content=\"Projet GRACE\" \/>\n<meta property=\"og:image\" content=\"https:\/\/interreg-grace.eu\/wp-content\/uploads\/2025\/02\/Another_Deep-14-photo_Gregoire-Edouard-Biennale-des-Imaginaires-Numeriques-2024.jpg\" \/>\n\t<meta property=\"og:image:width\" content=\"2000\" \/>\n\t<meta property=\"og:image:height\" content=\"1333\" \/>\n\t<meta property=\"og:image:type\" content=\"image\/jpeg\" \/>\n<meta name=\"twitter:card\" content=\"summary_large_image\" \/>\n<meta name=\"twitter:label1\" content=\"Gesch\u00e4tzte Lesezeit\" \/>\n\t<meta name=\"twitter:data1\" content=\"1\u00a0Minute\" \/>\n<script type=\"application\/ld+json\" class=\"yoast-schema-graph\">{\"@context\":\"https:\\\/\\\/schema.org\",\"@graph\":[{\"@type\":\"WebPage\",\"@id\":\"https:\\\/\\\/interreg-grace.eu\\\/de\\\/event\\\/multiplica-lab\\\/\",\"url\":\"https:\\\/\\\/interreg-grace.eu\\\/de\\\/event\\\/multiplica-lab\\\/\",\"name\":\"Multiplica Lab - Projet GRACE\",\"isPartOf\":{\"@id\":\"https:\\\/\\\/interreg-grace.eu\\\/de\\\/#website\"},\"primaryImageOfPage\":{\"@id\":\"https:\\\/\\\/interreg-grace.eu\\\/de\\\/event\\\/multiplica-lab\\\/#primaryimage\"},\"image\":{\"@id\":\"https:\\\/\\\/interreg-grace.eu\\\/de\\\/event\\\/multiplica-lab\\\/#primaryimage\"},\"thumbnailUrl\":\"https:\\\/\\\/interreg-grace.eu\\\/wp-content\\\/uploads\\\/2025\\\/02\\\/Another_Deep-14-photo_Gregoire-Edouard-Biennale-des-Imaginaires-Numeriques-2024.jpg\",\"datePublished\":\"2025-02-25T10:38:06+00:00\",\"description\":\"Die Rotondes laden Sie herzlich zum Multiplica Lab ein. Entdecken Sie digitale Technologien in Form von Installationen und Live-Performances.\",\"breadcrumb\":{\"@id\":\"https:\\\/\\\/interreg-grace.eu\\\/de\\\/event\\\/multiplica-lab\\\/#breadcrumb\"},\"inLanguage\":\"de\",\"potentialAction\":[{\"@type\":\"ReadAction\",\"target\":[\"https:\\\/\\\/interreg-grace.eu\\\/de\\\/event\\\/multiplica-lab\\\/\"]}]},{\"@type\":\"ImageObject\",\"inLanguage\":\"de\",\"@id\":\"https:\\\/\\\/interreg-grace.eu\\\/de\\\/event\\\/multiplica-lab\\\/#primaryimage\",\"url\":\"https:\\\/\\\/interreg-grace.eu\\\/wp-content\\\/uploads\\\/2025\\\/02\\\/Another_Deep-14-photo_Gregoire-Edouard-Biennale-des-Imaginaires-Numeriques-2024.jpg\",\"contentUrl\":\"https:\\\/\\\/interreg-grace.eu\\\/wp-content\\\/uploads\\\/2025\\\/02\\\/Another_Deep-14-photo_Gregoire-Edouard-Biennale-des-Imaginaires-Numeriques-2024.jpg\",\"width\":2000,\"height\":1333,\"caption\":\"Another Deep. Multiplica Lab. Gr\u00e9goire Edouard.\"},{\"@type\":\"BreadcrumbList\",\"@id\":\"https:\\\/\\\/interreg-grace.eu\\\/de\\\/event\\\/multiplica-lab\\\/#breadcrumb\",\"itemListElement\":[{\"@type\":\"ListItem\",\"position\":1,\"name\":\"Accueil\",\"item\":\"https:\\\/\\\/interreg-grace.eu\\\/de\\\/\"},{\"@type\":\"ListItem\",\"position\":2,\"name\":\"Veranstaltungen\",\"item\":\"https:\\\/\\\/interreg-grace.eu\\\/de\\\/events\\\/\"},{\"@type\":\"ListItem\",\"position\":3,\"name\":\"Multiplica Lab\"}]},{\"@type\":\"WebSite\",\"@id\":\"https:\\\/\\\/interreg-grace.eu\\\/de\\\/#website\",\"url\":\"https:\\\/\\\/interreg-grace.eu\\\/de\\\/\",\"name\":\"Projet GRACE\",\"description\":\"Greater Region Artistic and Cultural Education\",\"publisher\":{\"@id\":\"https:\\\/\\\/interreg-grace.eu\\\/de\\\/#organization\"},\"potentialAction\":[{\"@type\":\"SearchAction\",\"target\":{\"@type\":\"EntryPoint\",\"urlTemplate\":\"https:\\\/\\\/interreg-grace.eu\\\/de\\\/?s={search_term_string}\"},\"query-input\":{\"@type\":\"PropertyValueSpecification\",\"valueRequired\":true,\"valueName\":\"search_term_string\"}}],\"inLanguage\":\"de\"},{\"@type\":\"Organization\",\"@id\":\"https:\\\/\\\/interreg-grace.eu\\\/de\\\/#organization\",\"name\":\"Interreg Grace\",\"alternateName\":\"Greater Region Artistic and Cultural Education\",\"url\":\"https:\\\/\\\/interreg-grace.eu\\\/de\\\/\",\"logo\":{\"@type\":\"ImageObject\",\"inLanguage\":\"de\",\"@id\":\"https:\\\/\\\/interreg-grace.eu\\\/de\\\/#\\\/schema\\\/logo\\\/image\\\/\",\"url\":\"https:\\\/\\\/interreg-grace.eu\\\/wp-content\\\/uploads\\\/2024\\\/08\\\/cropped-favicon-grace.webp\",\"contentUrl\":\"https:\\\/\\\/interreg-grace.eu\\\/wp-content\\\/uploads\\\/2024\\\/08\\\/cropped-favicon-grace.webp\",\"width\":512,\"height\":512,\"caption\":\"Interreg Grace\"},\"image\":{\"@id\":\"https:\\\/\\\/interreg-grace.eu\\\/de\\\/#\\\/schema\\\/logo\\\/image\\\/\"},\"sameAs\":[\"https:\\\/\\\/www.linkedin.com\\\/company\\\/interreg-grace\\\/\"]}]}<\/script>\n<!-- \/ Yoast SEO Premium plugin. -->","yoast_head_json":{"title":"Multiplica Lab - Projet GRACE","description":"Die Rotondes laden Sie herzlich zum Multiplica Lab ein. Entdecken Sie digitale Technologien in Form von Installationen und Live-Performances.","robots":{"index":"index","follow":"follow","max-snippet":"max-snippet:-1","max-image-preview":"max-image-preview:large","max-video-preview":"max-video-preview:-1"},"canonical":"https:\/\/interreg-grace.eu\/de\/event\/multiplica-lab\/","og_locale":"de_DE","og_type":"article","og_title":"Multiplica Lab","og_description":"Die Rotondes laden Sie herzlich zum Multiplica Lab ein. Entdecken Sie digitale Technologien in Form von Installationen und Live-Performances.","og_url":"https:\/\/interreg-grace.eu\/de\/event\/multiplica-lab\/","og_site_name":"Projet GRACE","og_image":[{"width":2000,"height":1333,"url":"https:\/\/interreg-grace.eu\/wp-content\/uploads\/2025\/02\/Another_Deep-14-photo_Gregoire-Edouard-Biennale-des-Imaginaires-Numeriques-2024.jpg","type":"image\/jpeg"}],"twitter_card":"summary_large_image","twitter_misc":{"Gesch\u00e4tzte Lesezeit":"1\u00a0Minute"},"schema":{"@context":"https:\/\/schema.org","@graph":[{"@type":"WebPage","@id":"https:\/\/interreg-grace.eu\/de\/event\/multiplica-lab\/","url":"https:\/\/interreg-grace.eu\/de\/event\/multiplica-lab\/","name":"Multiplica Lab - Projet GRACE","isPartOf":{"@id":"https:\/\/interreg-grace.eu\/de\/#website"},"primaryImageOfPage":{"@id":"https:\/\/interreg-grace.eu\/de\/event\/multiplica-lab\/#primaryimage"},"image":{"@id":"https:\/\/interreg-grace.eu\/de\/event\/multiplica-lab\/#primaryimage"},"thumbnailUrl":"https:\/\/interreg-grace.eu\/wp-content\/uploads\/2025\/02\/Another_Deep-14-photo_Gregoire-Edouard-Biennale-des-Imaginaires-Numeriques-2024.jpg","datePublished":"2025-02-25T10:38:06+00:00","description":"Die Rotondes laden Sie herzlich zum Multiplica Lab ein. Entdecken Sie digitale Technologien in Form von Installationen und Live-Performances.","breadcrumb":{"@id":"https:\/\/interreg-grace.eu\/de\/event\/multiplica-lab\/#breadcrumb"},"inLanguage":"de","potentialAction":[{"@type":"ReadAction","target":["https:\/\/interreg-grace.eu\/de\/event\/multiplica-lab\/"]}]},{"@type":"ImageObject","inLanguage":"de","@id":"https:\/\/interreg-grace.eu\/de\/event\/multiplica-lab\/#primaryimage","url":"https:\/\/interreg-grace.eu\/wp-content\/uploads\/2025\/02\/Another_Deep-14-photo_Gregoire-Edouard-Biennale-des-Imaginaires-Numeriques-2024.jpg","contentUrl":"https:\/\/interreg-grace.eu\/wp-content\/uploads\/2025\/02\/Another_Deep-14-photo_Gregoire-Edouard-Biennale-des-Imaginaires-Numeriques-2024.jpg","width":2000,"height":1333,"caption":"Another Deep. Multiplica Lab. Gr\u00e9goire Edouard."},{"@type":"BreadcrumbList","@id":"https:\/\/interreg-grace.eu\/de\/event\/multiplica-lab\/#breadcrumb","itemListElement":[{"@type":"ListItem","position":1,"name":"Accueil","item":"https:\/\/interreg-grace.eu\/de\/"},{"@type":"ListItem","position":2,"name":"Veranstaltungen","item":"https:\/\/interreg-grace.eu\/de\/events\/"},{"@type":"ListItem","position":3,"name":"Multiplica Lab"}]},{"@type":"WebSite","@id":"https:\/\/interreg-grace.eu\/de\/#website","url":"https:\/\/interreg-grace.eu\/de\/","name":"Projet GRACE","description":"Greater Region Artistic and Cultural Education","publisher":{"@id":"https:\/\/interreg-grace.eu\/de\/#organization"},"potentialAction":[{"@type":"SearchAction","target":{"@type":"EntryPoint","urlTemplate":"https:\/\/interreg-grace.eu\/de\/?s={search_term_string}"},"query-input":{"@type":"PropertyValueSpecification","valueRequired":true,"valueName":"search_term_string"}}],"inLanguage":"de"},{"@type":"Organization","@id":"https:\/\/interreg-grace.eu\/de\/#organization","name":"Interreg Grace","alternateName":"Greater Region Artistic and Cultural Education","url":"https:\/\/interreg-grace.eu\/de\/","logo":{"@type":"ImageObject","inLanguage":"de","@id":"https:\/\/interreg-grace.eu\/de\/#\/schema\/logo\/image\/","url":"https:\/\/interreg-grace.eu\/wp-content\/uploads\/2024\/08\/cropped-favicon-grace.webp","contentUrl":"https:\/\/interreg-grace.eu\/wp-content\/uploads\/2024\/08\/cropped-favicon-grace.webp","width":512,"height":512,"caption":"Interreg Grace"},"image":{"@id":"https:\/\/interreg-grace.eu\/de\/#\/schema\/logo\/image\/"},"sameAs":["https:\/\/www.linkedin.com\/company\/interreg-grace\/"]}]}},"_links":{"self":[{"href":"https:\/\/interreg-grace.eu\/de\/wp-json\/wp\/v2\/tribe_events\/5852","targetHints":{"allow":["GET"]}}],"collection":[{"href":"https:\/\/interreg-grace.eu\/de\/wp-json\/wp\/v2\/tribe_events"}],"about":[{"href":"https:\/\/interreg-grace.eu\/de\/wp-json\/wp\/v2\/types\/tribe_events"}],"author":[{"embeddable":true,"href":"https:\/\/interreg-grace.eu\/de\/wp-json\/wp\/v2\/users\/2"}],"version-history":[{"count":1,"href":"https:\/\/interreg-grace.eu\/de\/wp-json\/wp\/v2\/tribe_events\/5852\/revisions"}],"predecessor-version":[{"id":5854,"href":"https:\/\/interreg-grace.eu\/de\/wp-json\/wp\/v2\/tribe_events\/5852\/revisions\/5854"}],"wp:featuredmedia":[{"embeddable":true,"href":"https:\/\/interreg-grace.eu\/de\/wp-json\/wp\/v2\/media\/5811"}],"wp:attachment":[{"href":"https:\/\/interreg-grace.eu\/de\/wp-json\/wp\/v2\/media?parent=5852"}],"wp:term":[{"taxonomy":"post_tag","embeddable":true,"href":"https:\/\/interreg-grace.eu\/de\/wp-json\/wp\/v2\/tags?post=5852"},{"taxonomy":"tribe_events_cat","embeddable":true,"href":"https:\/\/interreg-grace.eu\/de\/wp-json\/wp\/v2\/tribe_events_cat?post=5852"}],"curies":[{"name":"wp","href":"https:\/\/api.w.org\/{rel}","templated":true}]}}

<p><em>Multiplica Lab</em> ist die neue jährlich stattfindende Veranstaltung der Rotondes, die im Geist der Biennale für digitale Kunst, <em>Multiplica</em>, steht. Als Experimentierplattform für digitale künstlerische Ausdrucksformen will <em>Multiplica Lab</em> uns auf innovative Weise mit digitalen Technologien konfrontieren – damit wir mehr über uns selbst erfahren. Auf dem Programm stehen Installationen und <em>Live</em>-Performances, die unsere Gegenwart neu interpretieren und ihre großen Paradoxien hinterfragen. </p>
<p><em>Multiplica Lab </em>betrachtet digitale Technologien sowohl als Reflexionswerkzeuge als auch als Mittel des Ausdrucks und der Schöpfung. Damit ermutigt es das Publikum, diese in verschiedenen Formen zu erleben und dabei neugierig und kritisch zu bleiben.</p>
<p>Bei dieser Gelegenheit werden die Künstler, die für die im Rahmen von GRACE initiierte Residenz der Digitalen Künste ausgewählt wurden, ihre jeweiligen Arbeiten vorstellen: <em>Island 2.0 </em>(das Kollektiv Eddie Van Tsui) und <em>_First A/V</em> (Zohra Mrad und Damiano Picci). Weitere Informationen zu den Künstlern und ihrer Arbeit finden Sie auf der Veranstaltungsseite. </p>
<p>Entdecken Sie das vollständige Programm und alle praktischen Infos zum <a href="https://www.rotondes.lu/fr/programmation/temps-forts/multiplica-lab"><em>Multiplica Lab</em></a>.</p>

<p>Zwei Tage lang laden die Rotondes Sie dazu ein, beim Multiplica Lab digitale Technologien als Mittel zum Nachdenken zu entdecken. Auf dem Programm stehen Installationen und Live-Performances, die unsere Gegenwart neu interpretieren und ihre großen Paradoxien hinterfragen. </p>

<!-- This site is optimized with the Yoast SEO Premium plugin v24.7 (Yoast SEO v27.3) - https://yoast.com/product/yoast-seo-premium-wordpress/ -->
<title>Multiplica Lab - Projet GRACE</title>
<meta name="description" content="Die Rotondes laden Sie herzlich zum Multiplica Lab ein. Entdecken Sie digitale Technologien in Form von Installationen und Live-Performances." />
<meta name="robots" content="index, follow, max-snippet:-1, max-image-preview:large, max-video-preview:-1" />
<link rel="canonical" href="https://interreg-grace.eu/de/event/multiplica-lab/" />
<meta property="og:locale" content="de_DE" />
<meta property="og:type" content="article" />
<meta property="og:title" content="Multiplica Lab" />
<meta property="og:description" content="Die Rotondes laden Sie herzlich zum Multiplica Lab ein. Entdecken Sie digitale Technologien in Form von Installationen und Live-Performances." />
<meta property="og:url" content="https://interreg-grace.eu/de/event/multiplica-lab/" />
<meta property="og:site_name" content="Projet GRACE" />
<meta property="og:image" content="https://interreg-grace.eu/wp-content/uploads/2025/02/Another_Deep-14-photo_Gregoire-Edouard-Biennale-des-Imaginaires-Numeriques-2024.jpg" />
	<meta property="og:image:width" content="2000" />
	<meta property="og:image:height" content="1333" />
	<meta property="og:image:type" content="image/jpeg" />
<meta name="twitter:card" content="summary_large_image" />
<meta name="twitter:label1" content="Geschätzte Lesezeit" />
	<meta name="twitter:data1" content="1 Minute" />
<script type="application/ld+json" class="yoast-schema-graph">{"@context":"https:\/\/schema.org","@graph":[{"@type":"WebPage","@id":"https:\/\/interreg-grace.eu\/de\/event\/multiplica-lab\/","url":"https:\/\/interreg-grace.eu\/de\/event\/multiplica-lab\/","name":"Multiplica Lab - Projet GRACE","isPartOf":{"@id":"https:\/\/interreg-grace.eu\/de\/#website"},"primaryImageOfPage":{"@id":"https:\/\/interreg-grace.eu\/de\/event\/multiplica-lab\/#primaryimage"},"image":{"@id":"https:\/\/interreg-grace.eu\/de\/event\/multiplica-lab\/#primaryimage"},"thumbnailUrl":"https:\/\/interreg-grace.eu\/wp-content\/uploads\/2025\/02\/Another_Deep-14-photo_Gregoire-Edouard-Biennale-des-Imaginaires-Numeriques-2024.jpg","datePublished":"2025-02-25T10:38:06+00:00","description":"Die Rotondes laden Sie herzlich zum Multiplica Lab ein. Entdecken Sie digitale Technologien in Form von Installationen und Live-Performances.","breadcrumb":{"@id":"https:\/\/interreg-grace.eu\/de\/event\/multiplica-lab\/#breadcrumb"},"inLanguage":"de","potentialAction":[{"@type":"ReadAction","target":["https:\/\/interreg-grace.eu\/de\/event\/multiplica-lab\/"]}]},{"@type":"ImageObject","inLanguage":"de","@id":"https:\/\/interreg-grace.eu\/de\/event\/multiplica-lab\/#primaryimage","url":"https:\/\/interreg-grace.eu\/wp-content\/uploads\/2025\/02\/Another_Deep-14-photo_Gregoire-Edouard-Biennale-des-Imaginaires-Numeriques-2024.jpg","contentUrl":"https:\/\/interreg-grace.eu\/wp-content\/uploads\/2025\/02\/Another_Deep-14-photo_Gregoire-Edouard-Biennale-des-Imaginaires-Numeriques-2024.jpg","width":2000,"height":1333,"caption":"Another Deep. Multiplica Lab. Grégoire Edouard."},{"@type":"BreadcrumbList","@id":"https:\/\/interreg-grace.eu\/de\/event\/multiplica-lab\/#breadcrumb","itemListElement":[{"@type":"ListItem","position":1,"name":"Accueil","item":"https:\/\/interreg-grace.eu\/de\/"},{"@type":"ListItem","position":2,"name":"Veranstaltungen","item":"https:\/\/interreg-grace.eu\/de\/events\/"},{"@type":"ListItem","position":3,"name":"Multiplica Lab"}]},{"@type":"WebSite","@id":"https:\/\/interreg-grace.eu\/de\/#website","url":"https:\/\/interreg-grace.eu\/de\/","name":"Projet GRACE","description":"Greater Region Artistic and Cultural Education","publisher":{"@id":"https:\/\/interreg-grace.eu\/de\/#organization"},"potentialAction":[{"@type":"SearchAction","target":{"@type":"EntryPoint","urlTemplate":"https:\/\/interreg-grace.eu\/de\/?s={search_term_string}"},"query-input":{"@type":"PropertyValueSpecification","valueRequired":true,"valueName":"search_term_string"}}],"inLanguage":"de"},{"@type":"Organization","@id":"https:\/\/interreg-grace.eu\/de\/#organization","name":"Interreg Grace","alternateName":"Greater Region Artistic and Cultural Education","url":"https:\/\/interreg-grace.eu\/de\/","logo":{"@type":"ImageObject","inLanguage":"de","@id":"https:\/\/interreg-grace.eu\/de\/#\/schema\/logo\/image\/","url":"https:\/\/interreg-grace.eu\/wp-content\/uploads\/2024\/08\/cropped-favicon-grace.webp","contentUrl":"https:\/\/interreg-grace.eu\/wp-content\/uploads\/2024\/08\/cropped-favicon-grace.webp","width":512,"height":512,"caption":"Interreg Grace"},"image":{"@id":"https:\/\/interreg-grace.eu\/de\/#\/schema\/logo\/image\/"},"sameAs":["https:\/\/www.linkedin.com\/company\/interreg-grace\/"]}]}</script>
<!-- / Yoast SEO Premium plugin. -->

Another Deep. Multiplica Lab. Grégoire Edouard.
