{"id":5851,"date":"2025-02-25T10:46:13","date_gmt":"2025-02-25T09:46:13","guid":{"rendered":"https:\/\/interreg-grace.eu\/event\/ausstellung-vestiges-enfouis-aux-recollets\/"},"modified":"2025-02-25T10:46:13","modified_gmt":"2025-02-25T09:46:13","slug":"ausstellung-vestiges-enfouis-aux-recollets","status":"publish","type":"tribe_events","link":"https:\/\/interreg-grace.eu\/de\/event\/ausstellung-vestiges-enfouis-aux-recollets\/","title":{"rendered":"Ausstellung Vestiges enfouis aux R\u00e9collets"},"content":{"rendered":"<p>Das Stadtarchiv Metz und die Direktion des Museums und der Arch\u00e4ologie der Eurometropole haben sich zusammengeschlossen, um bisher unver\u00f6ffentlichte \u00dcberreste zu pr\u00e4sentieren, die im Kloster der R\u00e9collets gefunden wurden. Dank der Ausgrabungen, die in den 1970er Jahren und im Jahr 2022 durchgef\u00fchrt wurden, gibt die Geschichte der St\u00e4tte der R\u00e9collets all ihre Geheimnisse preis. Eine Auswahl von Archiven, arch\u00e4ologischen \u00dcberresten und Skulpturen, die bei diesen Ausgrabungen gefunden wurden, werden zum ersten Mal \u00f6ffentlich ausgestellt. Die Gelegenheit ist ideal, um alle Facetten des Berufs des Arch\u00e4ologen zu entdecken, der viele verschiedene Spezialgebiete umfasst.   <\/p>\n<p>Ein entsprechendes Begleitheft f\u00fcr den Besuch wird in deutscher und franz\u00f6sischer Sprache erh\u00e4ltlich sein.<\/p>\n<p>Jedermann, freier Eintritt, Montag bis Freitag von 13:00 bis 17:00 Uhr und Mittwoch von 10:00 bis 17:00 Uhr. An Feiertagen geschlossen. <\/p>\n","protected":false},"excerpt":{"rendered":"<p>Die Ausstellung Vestiges enfouis aux R\u00e9collets (17. M\u00e4rz &#8211; 4. Juli, Clo\u00eetre des R\u00e9collets) ist eine arch\u00e4ologische und archivarische Erkundung des Metzer Klosters. <\/p>\n","protected":false},"author":3,"featured_media":5847,"template":"","meta":{"_acf_changed":false,"_tribe_events_status":"","_tribe_events_status_reason":"","footnotes":""},"tags":[110],"tribe_events_cat":[97,99,113,96],"class_list":["post-5851","tribe_events","type-tribe_events","status-publish","has-post-thumbnail","hentry","tag-erbe","tribe_events_cat-tout-public-de","tribe_events_cat-exposition-de","tribe_events_cat-frankreich","tribe_events_cat-patrimoine-culturel-de","cat_tout-public-de","cat_exposition-de","cat_frankreich","cat_patrimoine-culturel-de"],"acf":[],"yoast_head":"<!-- This site is optimized with the Yoast SEO Premium plugin v24.7 (Yoast SEO v27.3) - https:\/\/yoast.com\/product\/yoast-seo-premium-wordpress\/ -->\n<title>Ausstellung Vestiges enfouis aux R\u00e9collets - Projet GRACE<\/title>\n<meta name=\"robots\" content=\"index, follow, max-snippet:-1, max-image-preview:large, max-video-preview:-1\" \/>\n<link rel=\"canonical\" href=\"https:\/\/interreg-grace.eu\/de\/event\/ausstellung-vestiges-enfouis-aux-recollets\/\" \/>\n<meta property=\"og:locale\" content=\"de_DE\" \/>\n<meta property=\"og:type\" content=\"article\" \/>\n<meta property=\"og:title\" content=\"Ausstellung Vestiges enfouis aux R\u00e9collets\" \/>\n<meta property=\"og:description\" content=\"Die Ausstellung Vestiges enfouis aux R\u00e9collets (17. M\u00e4rz - 4. Juli, Clo\u00eetre des R\u00e9collets) ist eine arch\u00e4ologische und archivarische Erkundung des Metzer Klosters.\" \/>\n<meta property=\"og:url\" content=\"https:\/\/interreg-grace.eu\/de\/event\/ausstellung-vestiges-enfouis-aux-recollets\/\" \/>\n<meta property=\"og:site_name\" content=\"Projet GRACE\" \/>\n<meta property=\"og:image\" content=\"https:\/\/interreg-grace.eu\/wp-content\/uploads\/2025\/02\/Vestiges-enfouis-au-Cloitre-des-Recollets.png\" \/>\n\t<meta property=\"og:image:width\" content=\"564\" \/>\n\t<meta property=\"og:image:height\" content=\"701\" \/>\n\t<meta property=\"og:image:type\" content=\"image\/png\" \/>\n<meta name=\"twitter:card\" content=\"summary_large_image\" \/>\n<meta name=\"twitter:label1\" content=\"Gesch\u00e4tzte Lesezeit\" \/>\n\t<meta name=\"twitter:data1\" content=\"1\u00a0Minute\" \/>\n<script type=\"application\/ld+json\" class=\"yoast-schema-graph\">{\"@context\":\"https:\\\/\\\/schema.org\",\"@graph\":[{\"@type\":\"WebPage\",\"@id\":\"https:\\\/\\\/interreg-grace.eu\\\/de\\\/event\\\/ausstellung-vestiges-enfouis-aux-recollets\\\/\",\"url\":\"https:\\\/\\\/interreg-grace.eu\\\/de\\\/event\\\/ausstellung-vestiges-enfouis-aux-recollets\\\/\",\"name\":\"Ausstellung Vestiges enfouis aux R\u00e9collets - Projet GRACE\",\"isPartOf\":{\"@id\":\"https:\\\/\\\/interreg-grace.eu\\\/de\\\/#website\"},\"primaryImageOfPage\":{\"@id\":\"https:\\\/\\\/interreg-grace.eu\\\/de\\\/event\\\/ausstellung-vestiges-enfouis-aux-recollets\\\/#primaryimage\"},\"image\":{\"@id\":\"https:\\\/\\\/interreg-grace.eu\\\/de\\\/event\\\/ausstellung-vestiges-enfouis-aux-recollets\\\/#primaryimage\"},\"thumbnailUrl\":\"https:\\\/\\\/interreg-grace.eu\\\/wp-content\\\/uploads\\\/2025\\\/02\\\/Vestiges-enfouis-au-Cloitre-des-Recollets.png\",\"datePublished\":\"2025-02-25T09:46:13+00:00\",\"breadcrumb\":{\"@id\":\"https:\\\/\\\/interreg-grace.eu\\\/de\\\/event\\\/ausstellung-vestiges-enfouis-aux-recollets\\\/#breadcrumb\"},\"inLanguage\":\"de\",\"potentialAction\":[{\"@type\":\"ReadAction\",\"target\":[\"https:\\\/\\\/interreg-grace.eu\\\/de\\\/event\\\/ausstellung-vestiges-enfouis-aux-recollets\\\/\"]}]},{\"@type\":\"ImageObject\",\"inLanguage\":\"de\",\"@id\":\"https:\\\/\\\/interreg-grace.eu\\\/de\\\/event\\\/ausstellung-vestiges-enfouis-aux-recollets\\\/#primaryimage\",\"url\":\"https:\\\/\\\/interreg-grace.eu\\\/wp-content\\\/uploads\\\/2025\\\/02\\\/Vestiges-enfouis-au-Cloitre-des-Recollets.png\",\"contentUrl\":\"https:\\\/\\\/interreg-grace.eu\\\/wp-content\\\/uploads\\\/2025\\\/02\\\/Vestiges-enfouis-au-Cloitre-des-Recollets.png\",\"width\":564,\"height\":701},{\"@type\":\"BreadcrumbList\",\"@id\":\"https:\\\/\\\/interreg-grace.eu\\\/de\\\/event\\\/ausstellung-vestiges-enfouis-aux-recollets\\\/#breadcrumb\",\"itemListElement\":[{\"@type\":\"ListItem\",\"position\":1,\"name\":\"Accueil\",\"item\":\"https:\\\/\\\/interreg-grace.eu\\\/de\\\/\"},{\"@type\":\"ListItem\",\"position\":2,\"name\":\"Veranstaltungen\",\"item\":\"https:\\\/\\\/interreg-grace.eu\\\/de\\\/events\\\/\"},{\"@type\":\"ListItem\",\"position\":3,\"name\":\"Ausstellung Vestiges enfouis aux R\u00e9collets\"}]},{\"@type\":\"WebSite\",\"@id\":\"https:\\\/\\\/interreg-grace.eu\\\/de\\\/#website\",\"url\":\"https:\\\/\\\/interreg-grace.eu\\\/de\\\/\",\"name\":\"Projet GRACE\",\"description\":\"Greater Region Artistic and Cultural Education\",\"publisher\":{\"@id\":\"https:\\\/\\\/interreg-grace.eu\\\/de\\\/#organization\"},\"potentialAction\":[{\"@type\":\"SearchAction\",\"target\":{\"@type\":\"EntryPoint\",\"urlTemplate\":\"https:\\\/\\\/interreg-grace.eu\\\/de\\\/?s={search_term_string}\"},\"query-input\":{\"@type\":\"PropertyValueSpecification\",\"valueRequired\":true,\"valueName\":\"search_term_string\"}}],\"inLanguage\":\"de\"},{\"@type\":\"Organization\",\"@id\":\"https:\\\/\\\/interreg-grace.eu\\\/de\\\/#organization\",\"name\":\"Interreg Grace\",\"alternateName\":\"Greater Region Artistic and Cultural Education\",\"url\":\"https:\\\/\\\/interreg-grace.eu\\\/de\\\/\",\"logo\":{\"@type\":\"ImageObject\",\"inLanguage\":\"de\",\"@id\":\"https:\\\/\\\/interreg-grace.eu\\\/de\\\/#\\\/schema\\\/logo\\\/image\\\/\",\"url\":\"https:\\\/\\\/interreg-grace.eu\\\/wp-content\\\/uploads\\\/2024\\\/08\\\/cropped-favicon-grace.webp\",\"contentUrl\":\"https:\\\/\\\/interreg-grace.eu\\\/wp-content\\\/uploads\\\/2024\\\/08\\\/cropped-favicon-grace.webp\",\"width\":512,\"height\":512,\"caption\":\"Interreg Grace\"},\"image\":{\"@id\":\"https:\\\/\\\/interreg-grace.eu\\\/de\\\/#\\\/schema\\\/logo\\\/image\\\/\"},\"sameAs\":[\"https:\\\/\\\/www.linkedin.com\\\/company\\\/interreg-grace\\\/\"]}]}<\/script>\n<!-- \/ Yoast SEO Premium plugin. -->","yoast_head_json":{"title":"Ausstellung Vestiges enfouis aux R\u00e9collets - Projet GRACE","robots":{"index":"index","follow":"follow","max-snippet":"max-snippet:-1","max-image-preview":"max-image-preview:large","max-video-preview":"max-video-preview:-1"},"canonical":"https:\/\/interreg-grace.eu\/de\/event\/ausstellung-vestiges-enfouis-aux-recollets\/","og_locale":"de_DE","og_type":"article","og_title":"Ausstellung Vestiges enfouis aux R\u00e9collets","og_description":"Die Ausstellung Vestiges enfouis aux R\u00e9collets (17. M\u00e4rz - 4. Juli, Clo\u00eetre des R\u00e9collets) ist eine arch\u00e4ologische und archivarische Erkundung des Metzer Klosters.","og_url":"https:\/\/interreg-grace.eu\/de\/event\/ausstellung-vestiges-enfouis-aux-recollets\/","og_site_name":"Projet GRACE","og_image":[{"width":564,"height":701,"url":"https:\/\/interreg-grace.eu\/wp-content\/uploads\/2025\/02\/Vestiges-enfouis-au-Cloitre-des-Recollets.png","type":"image\/png"}],"twitter_card":"summary_large_image","twitter_misc":{"Gesch\u00e4tzte Lesezeit":"1\u00a0Minute"},"schema":{"@context":"https:\/\/schema.org","@graph":[{"@type":"WebPage","@id":"https:\/\/interreg-grace.eu\/de\/event\/ausstellung-vestiges-enfouis-aux-recollets\/","url":"https:\/\/interreg-grace.eu\/de\/event\/ausstellung-vestiges-enfouis-aux-recollets\/","name":"Ausstellung Vestiges enfouis aux R\u00e9collets - Projet GRACE","isPartOf":{"@id":"https:\/\/interreg-grace.eu\/de\/#website"},"primaryImageOfPage":{"@id":"https:\/\/interreg-grace.eu\/de\/event\/ausstellung-vestiges-enfouis-aux-recollets\/#primaryimage"},"image":{"@id":"https:\/\/interreg-grace.eu\/de\/event\/ausstellung-vestiges-enfouis-aux-recollets\/#primaryimage"},"thumbnailUrl":"https:\/\/interreg-grace.eu\/wp-content\/uploads\/2025\/02\/Vestiges-enfouis-au-Cloitre-des-Recollets.png","datePublished":"2025-02-25T09:46:13+00:00","breadcrumb":{"@id":"https:\/\/interreg-grace.eu\/de\/event\/ausstellung-vestiges-enfouis-aux-recollets\/#breadcrumb"},"inLanguage":"de","potentialAction":[{"@type":"ReadAction","target":["https:\/\/interreg-grace.eu\/de\/event\/ausstellung-vestiges-enfouis-aux-recollets\/"]}]},{"@type":"ImageObject","inLanguage":"de","@id":"https:\/\/interreg-grace.eu\/de\/event\/ausstellung-vestiges-enfouis-aux-recollets\/#primaryimage","url":"https:\/\/interreg-grace.eu\/wp-content\/uploads\/2025\/02\/Vestiges-enfouis-au-Cloitre-des-Recollets.png","contentUrl":"https:\/\/interreg-grace.eu\/wp-content\/uploads\/2025\/02\/Vestiges-enfouis-au-Cloitre-des-Recollets.png","width":564,"height":701},{"@type":"BreadcrumbList","@id":"https:\/\/interreg-grace.eu\/de\/event\/ausstellung-vestiges-enfouis-aux-recollets\/#breadcrumb","itemListElement":[{"@type":"ListItem","position":1,"name":"Accueil","item":"https:\/\/interreg-grace.eu\/de\/"},{"@type":"ListItem","position":2,"name":"Veranstaltungen","item":"https:\/\/interreg-grace.eu\/de\/events\/"},{"@type":"ListItem","position":3,"name":"Ausstellung Vestiges enfouis aux R\u00e9collets"}]},{"@type":"WebSite","@id":"https:\/\/interreg-grace.eu\/de\/#website","url":"https:\/\/interreg-grace.eu\/de\/","name":"Projet GRACE","description":"Greater Region Artistic and Cultural Education","publisher":{"@id":"https:\/\/interreg-grace.eu\/de\/#organization"},"potentialAction":[{"@type":"SearchAction","target":{"@type":"EntryPoint","urlTemplate":"https:\/\/interreg-grace.eu\/de\/?s={search_term_string}"},"query-input":{"@type":"PropertyValueSpecification","valueRequired":true,"valueName":"search_term_string"}}],"inLanguage":"de"},{"@type":"Organization","@id":"https:\/\/interreg-grace.eu\/de\/#organization","name":"Interreg Grace","alternateName":"Greater Region Artistic and Cultural Education","url":"https:\/\/interreg-grace.eu\/de\/","logo":{"@type":"ImageObject","inLanguage":"de","@id":"https:\/\/interreg-grace.eu\/de\/#\/schema\/logo\/image\/","url":"https:\/\/interreg-grace.eu\/wp-content\/uploads\/2024\/08\/cropped-favicon-grace.webp","contentUrl":"https:\/\/interreg-grace.eu\/wp-content\/uploads\/2024\/08\/cropped-favicon-grace.webp","width":512,"height":512,"caption":"Interreg Grace"},"image":{"@id":"https:\/\/interreg-grace.eu\/de\/#\/schema\/logo\/image\/"},"sameAs":["https:\/\/www.linkedin.com\/company\/interreg-grace\/"]}]}},"_links":{"self":[{"href":"https:\/\/interreg-grace.eu\/de\/wp-json\/wp\/v2\/tribe_events\/5851","targetHints":{"allow":["GET"]}}],"collection":[{"href":"https:\/\/interreg-grace.eu\/de\/wp-json\/wp\/v2\/tribe_events"}],"about":[{"href":"https:\/\/interreg-grace.eu\/de\/wp-json\/wp\/v2\/types\/tribe_events"}],"author":[{"embeddable":true,"href":"https:\/\/interreg-grace.eu\/de\/wp-json\/wp\/v2\/users\/3"}],"version-history":[{"count":0,"href":"https:\/\/interreg-grace.eu\/de\/wp-json\/wp\/v2\/tribe_events\/5851\/revisions"}],"wp:featuredmedia":[{"embeddable":true,"href":"https:\/\/interreg-grace.eu\/de\/wp-json\/wp\/v2\/media\/5847"}],"wp:attachment":[{"href":"https:\/\/interreg-grace.eu\/de\/wp-json\/wp\/v2\/media?parent=5851"}],"wp:term":[{"taxonomy":"post_tag","embeddable":true,"href":"https:\/\/interreg-grace.eu\/de\/wp-json\/wp\/v2\/tags?post=5851"},{"taxonomy":"tribe_events_cat","embeddable":true,"href":"https:\/\/interreg-grace.eu\/de\/wp-json\/wp\/v2\/tribe_events_cat?post=5851"}],"curies":[{"name":"wp","href":"https:\/\/api.w.org\/{rel}","templated":true}]}}

Ausstellung Vestiges enfouis aux Récollets

<p>Das Stadtarchiv Metz und die Direktion des Museums und der Archäologie der Eurometropole haben sich zusammengeschlossen, um bisher unveröffentlichte Überreste zu präsentieren, die im Kloster der Récollets gefunden wurden. Dank der Ausgrabungen, die in den 1970er Jahren und im Jahr 2022 durchgeführt wurden, gibt die Geschichte der Stätte der Récollets all ihre Geheimnisse preis. Eine Auswahl von Archiven, archäologischen Überresten und Skulpturen, die bei diesen Ausgrabungen gefunden wurden, werden zum ersten Mal öffentlich ausgestellt. Die Gelegenheit ist ideal, um alle Facetten des Berufs des Archäologen zu entdecken, der viele verschiedene Spezialgebiete umfasst.   </p>
<p>Ein entsprechendes Begleitheft für den Besuch wird in deutscher und französischer Sprache erhältlich sein.</p>
<p>Jedermann, freier Eintritt, Montag bis Freitag von 13:00 bis 17:00 Uhr und Mittwoch von 10:00 bis 17:00 Uhr. An Feiertagen geschlossen. </p>

<p>Die Ausstellung Vestiges enfouis aux Récollets (17. März &#8211; 4. Juli, Cloître des Récollets) ist eine archäologische und archivarische Erkundung des Metzer Klosters. </p>

<!-- This site is optimized with the Yoast SEO Premium plugin v24.7 (Yoast SEO v27.3) - https://yoast.com/product/yoast-seo-premium-wordpress/ -->
<title>Ausstellung Vestiges enfouis aux Récollets - Projet GRACE</title>
<meta name="robots" content="index, follow, max-snippet:-1, max-image-preview:large, max-video-preview:-1" />
<link rel="canonical" href="https://interreg-grace.eu/de/event/ausstellung-vestiges-enfouis-aux-recollets/" />
<meta property="og:locale" content="de_DE" />
<meta property="og:type" content="article" />
<meta property="og:title" content="Ausstellung Vestiges enfouis aux Récollets" />
<meta property="og:description" content="Die Ausstellung Vestiges enfouis aux Récollets (17. März - 4. Juli, Cloître des Récollets) ist eine archäologische und archivarische Erkundung des Metzer Klosters." />
<meta property="og:url" content="https://interreg-grace.eu/de/event/ausstellung-vestiges-enfouis-aux-recollets/" />
<meta property="og:site_name" content="Projet GRACE" />
<meta property="og:image" content="https://interreg-grace.eu/wp-content/uploads/2025/02/Vestiges-enfouis-au-Cloitre-des-Recollets.png" />
	<meta property="og:image:width" content="564" />
	<meta property="og:image:height" content="701" />
	<meta property="og:image:type" content="image/png" />
<meta name="twitter:card" content="summary_large_image" />
<meta name="twitter:label1" content="Geschätzte Lesezeit" />
	<meta name="twitter:data1" content="1 Minute" />
<script type="application/ld+json" class="yoast-schema-graph">{"@context":"https:\/\/schema.org","@graph":[{"@type":"WebPage","@id":"https:\/\/interreg-grace.eu\/de\/event\/ausstellung-vestiges-enfouis-aux-recollets\/","url":"https:\/\/interreg-grace.eu\/de\/event\/ausstellung-vestiges-enfouis-aux-recollets\/","name":"Ausstellung Vestiges enfouis aux Récollets - Projet GRACE","isPartOf":{"@id":"https:\/\/interreg-grace.eu\/de\/#website"},"primaryImageOfPage":{"@id":"https:\/\/interreg-grace.eu\/de\/event\/ausstellung-vestiges-enfouis-aux-recollets\/#primaryimage"},"image":{"@id":"https:\/\/interreg-grace.eu\/de\/event\/ausstellung-vestiges-enfouis-aux-recollets\/#primaryimage"},"thumbnailUrl":"https:\/\/interreg-grace.eu\/wp-content\/uploads\/2025\/02\/Vestiges-enfouis-au-Cloitre-des-Recollets.png","datePublished":"2025-02-25T09:46:13+00:00","breadcrumb":{"@id":"https:\/\/interreg-grace.eu\/de\/event\/ausstellung-vestiges-enfouis-aux-recollets\/#breadcrumb"},"inLanguage":"de","potentialAction":[{"@type":"ReadAction","target":["https:\/\/interreg-grace.eu\/de\/event\/ausstellung-vestiges-enfouis-aux-recollets\/"]}]},{"@type":"ImageObject","inLanguage":"de","@id":"https:\/\/interreg-grace.eu\/de\/event\/ausstellung-vestiges-enfouis-aux-recollets\/#primaryimage","url":"https:\/\/interreg-grace.eu\/wp-content\/uploads\/2025\/02\/Vestiges-enfouis-au-Cloitre-des-Recollets.png","contentUrl":"https:\/\/interreg-grace.eu\/wp-content\/uploads\/2025\/02\/Vestiges-enfouis-au-Cloitre-des-Recollets.png","width":564,"height":701},{"@type":"BreadcrumbList","@id":"https:\/\/interreg-grace.eu\/de\/event\/ausstellung-vestiges-enfouis-aux-recollets\/#breadcrumb","itemListElement":[{"@type":"ListItem","position":1,"name":"Accueil","item":"https:\/\/interreg-grace.eu\/de\/"},{"@type":"ListItem","position":2,"name":"Veranstaltungen","item":"https:\/\/interreg-grace.eu\/de\/events\/"},{"@type":"ListItem","position":3,"name":"Ausstellung Vestiges enfouis aux Récollets"}]},{"@type":"WebSite","@id":"https:\/\/interreg-grace.eu\/de\/#website","url":"https:\/\/interreg-grace.eu\/de\/","name":"Projet GRACE","description":"Greater Region Artistic and Cultural Education","publisher":{"@id":"https:\/\/interreg-grace.eu\/de\/#organization"},"potentialAction":[{"@type":"SearchAction","target":{"@type":"EntryPoint","urlTemplate":"https:\/\/interreg-grace.eu\/de\/?s={search_term_string}"},"query-input":{"@type":"PropertyValueSpecification","valueRequired":true,"valueName":"search_term_string"}}],"inLanguage":"de"},{"@type":"Organization","@id":"https:\/\/interreg-grace.eu\/de\/#organization","name":"Interreg Grace","alternateName":"Greater Region Artistic and Cultural Education","url":"https:\/\/interreg-grace.eu\/de\/","logo":{"@type":"ImageObject","inLanguage":"de","@id":"https:\/\/interreg-grace.eu\/de\/#\/schema\/logo\/image\/","url":"https:\/\/interreg-grace.eu\/wp-content\/uploads\/2024\/08\/cropped-favicon-grace.webp","contentUrl":"https:\/\/interreg-grace.eu\/wp-content\/uploads\/2024\/08\/cropped-favicon-grace.webp","width":512,"height":512,"caption":"Interreg Grace"},"image":{"@id":"https:\/\/interreg-grace.eu\/de\/#\/schema\/logo\/image\/"},"sameAs":["https:\/\/www.linkedin.com\/company\/interreg-grace\/"]}]}</script>
<!-- / Yoast SEO Premium plugin. -->

Ausstellung Vestiges enfouis aux Récollets - Projet GRACE

Die Ausstellung Vestiges enfouis aux Récollets (17. März - 4. Juli, Cloître des Récollets) ist eine archäologische und archivarische Erkundung des Metzer Klosters.
