{"id":5765,"date":"2025-02-10T13:14:56","date_gmt":"2025-02-10T12:14:56","guid":{"rendered":"https:\/\/interreg-grace.eu\/?post_type=tribe_events&#038;p=5765"},"modified":"2025-02-10T13:14:57","modified_gmt":"2025-02-10T12:14:57","slug":"voila-le-festival","status":"publish","type":"tribe_events","link":"https:\/\/interreg-grace.eu\/de\/event\/voila-le-festival\/","title":{"rendered":"Voil\u00e0 ! Le Festival"},"content":{"rendered":"<p>Transversales pr\u00e4sentiert Ihnen die zweite Ausgabe des Festivals <em>Voil\u00e0 !.<\/em><\/p>\n<p>Zwei Tage lang k\u00f6nnen Sie zehn Auff\u00fchrungen unterschiedlicher Kunstformen erleben: Marionettentheater, Music Hall, Texte lebender Autor:innen, Tanz, Zirkus und, neu in diesem Jahr, eine <em>Escale Num\u00e9rique<\/em> mit einer immersiven Show und einem holographischen Kabarett. Lassen Sie sich von weiteren Kunstformen \u00fcberraschen! <\/p>\n<p>Dieses Festival ist auch eine gute Gelegenheit, verschiedene Veranstaltungsorte in Verdun kennenzulernen: das B\u00fcrgerzentrum La Cascade, den Salon 99, den Kinder-\/Elterntreffpunkt des B\u00fcrger- und Kulturzentrums Cit\u00e9 Verte, das Caf\u00e9 Solidaire des gemeinn\u00fctzigen Vereins AMIE, die Buchhandlung La Fabrique und Le Lieu. Dabei wird der Veranstaltungsort Le Lieu das Hauptquartier des Festivals sein, wo Sie bei k\u00f6stlichen Speisen und erlesenen Getr\u00e4nken die M\u00f6glichkeit haben, die K\u00fcnstler und das Organisationsteam zu treffen. <\/p>\n<p>Wir empfehlen Ihnen die Carte Voil\u00e0! Le Festival, denn damit k\u00f6nnen Sie die Festival-Veranstaltungen zu verg\u00fcnstigten Preisen genie\u00dfen. <strong>Carte Voil\u00e0 ! Le Festival <\/strong>.<\/p>\n<p>Bereiten Sie sich auf Ihren Besuch vor und schauen Sie sich <a href=\"https:\/\/transversales-verdun.com\/voila-le-festival\">das vollst\u00e4ndige Programm<\/a> (in Franz\u00f6sisch) an.<\/p>\n<p>Viel Spa\u00df beim Festival!<\/p>\n","protected":false},"excerpt":{"rendered":"<p>Voil\u00e0! Le Festival feiert seine zweite Ausgabe in Verdun, mit einem abwechslungsreichen Programm an zwei Tagen und zehn Veranstaltungsorten. <\/p>\n","protected":false},"author":2,"featured_media":5756,"template":"","meta":{"_acf_changed":false,"_tribe_events_status":"","_tribe_events_status_reason":"","footnotes":""},"tags":[101,140],"tribe_events_cat":[97,126,113,122],"class_list":["post-5765","tribe_events","type-tribe_events","status-publish","has-post-thumbnail","hentry","tag-darstellende-kunst","tag-festival-de","tribe_events_cat-tout-public-de","tribe_events_cat-festival-de","tribe_events_cat-frankreich","tribe_events_cat-lebende-auffuhrung","cat_tout-public-de","cat_festival-de","cat_frankreich","cat_lebende-auffuhrung"],"acf":[],"yoast_head":"<!-- This site is optimized with the Yoast SEO Premium plugin v24.7 (Yoast SEO v27.3) - https:\/\/yoast.com\/product\/yoast-seo-premium-wordpress\/ -->\n<title>Voil\u00e0 ! Le Festival - Projet GRACE<\/title>\n<meta name=\"description\" content=\"Voil\u00e0! Le Festival feiert seine zweite Ausgabe in Verdun, mit einem abwechslungsreichen Programm an zwei Tagen und zehn Veranstaltungsorten.\" \/>\n<meta name=\"robots\" content=\"index, follow, max-snippet:-1, max-image-preview:large, max-video-preview:-1\" \/>\n<link rel=\"canonical\" href=\"https:\/\/interreg-grace.eu\/de\/event\/voila-le-festival\/\" \/>\n<meta property=\"og:locale\" content=\"de_DE\" \/>\n<meta property=\"og:type\" content=\"article\" \/>\n<meta property=\"og:title\" content=\"Voil\u00e0 ! Le Festival\" \/>\n<meta property=\"og:description\" content=\"Voil\u00e0! Le Festival feiert seine zweite Ausgabe in Verdun, mit einem abwechslungsreichen Programm an zwei Tagen und zehn Veranstaltungsorten.\" \/>\n<meta property=\"og:url\" content=\"https:\/\/interreg-grace.eu\/de\/event\/voila-le-festival\/\" \/>\n<meta property=\"og:site_name\" content=\"Projet GRACE\" \/>\n<meta property=\"article:modified_time\" content=\"2025-02-10T12:14:57+00:00\" \/>\n<meta property=\"og:image\" content=\"https:\/\/interreg-grace.eu\/wp-content\/uploads\/2025\/02\/Voila-Le-Festival-scaled.jpg\" \/>\n\t<meta property=\"og:image:width\" content=\"2560\" \/>\n\t<meta property=\"og:image:height\" content=\"1707\" \/>\n\t<meta property=\"og:image:type\" content=\"image\/jpeg\" \/>\n<meta name=\"twitter:card\" content=\"summary_large_image\" \/>\n<meta name=\"twitter:label1\" content=\"Gesch\u00e4tzte Lesezeit\" \/>\n\t<meta name=\"twitter:data1\" content=\"1\u00a0Minute\" \/>\n<script type=\"application\/ld+json\" class=\"yoast-schema-graph\">{\"@context\":\"https:\\\/\\\/schema.org\",\"@graph\":[{\"@type\":\"WebPage\",\"@id\":\"https:\\\/\\\/interreg-grace.eu\\\/de\\\/event\\\/voila-le-festival\\\/\",\"url\":\"https:\\\/\\\/interreg-grace.eu\\\/de\\\/event\\\/voila-le-festival\\\/\",\"name\":\"Voil\u00e0 ! Le Festival - Projet GRACE\",\"isPartOf\":{\"@id\":\"https:\\\/\\\/interreg-grace.eu\\\/de\\\/#website\"},\"primaryImageOfPage\":{\"@id\":\"https:\\\/\\\/interreg-grace.eu\\\/de\\\/event\\\/voila-le-festival\\\/#primaryimage\"},\"image\":{\"@id\":\"https:\\\/\\\/interreg-grace.eu\\\/de\\\/event\\\/voila-le-festival\\\/#primaryimage\"},\"thumbnailUrl\":\"https:\\\/\\\/interreg-grace.eu\\\/wp-content\\\/uploads\\\/2025\\\/02\\\/Voila-Le-Festival-scaled.jpg\",\"datePublished\":\"2025-02-10T12:14:56+00:00\",\"dateModified\":\"2025-02-10T12:14:57+00:00\",\"description\":\"Voil\u00e0! Le Festival feiert seine zweite Ausgabe in Verdun, mit einem abwechslungsreichen Programm an zwei Tagen und zehn Veranstaltungsorten.\",\"breadcrumb\":{\"@id\":\"https:\\\/\\\/interreg-grace.eu\\\/de\\\/event\\\/voila-le-festival\\\/#breadcrumb\"},\"inLanguage\":\"de\",\"potentialAction\":[{\"@type\":\"ReadAction\",\"target\":[\"https:\\\/\\\/interreg-grace.eu\\\/de\\\/event\\\/voila-le-festival\\\/\"]}]},{\"@type\":\"ImageObject\",\"inLanguage\":\"de\",\"@id\":\"https:\\\/\\\/interreg-grace.eu\\\/de\\\/event\\\/voila-le-festival\\\/#primaryimage\",\"url\":\"https:\\\/\\\/interreg-grace.eu\\\/wp-content\\\/uploads\\\/2025\\\/02\\\/Voila-Le-Festival-scaled.jpg\",\"contentUrl\":\"https:\\\/\\\/interreg-grace.eu\\\/wp-content\\\/uploads\\\/2025\\\/02\\\/Voila-Le-Festival-scaled.jpg\",\"width\":2560,\"height\":1707,\"caption\":\"Voil\u00e0 ! Le Festival revient pour une 2\u00e8me \u00e9dition \u00e0 Verdun. au programme : des spectacles en tous genres sur\"},{\"@type\":\"BreadcrumbList\",\"@id\":\"https:\\\/\\\/interreg-grace.eu\\\/de\\\/event\\\/voila-le-festival\\\/#breadcrumb\",\"itemListElement\":[{\"@type\":\"ListItem\",\"position\":1,\"name\":\"Accueil\",\"item\":\"https:\\\/\\\/interreg-grace.eu\\\/de\\\/\"},{\"@type\":\"ListItem\",\"position\":2,\"name\":\"Veranstaltungen\",\"item\":\"https:\\\/\\\/interreg-grace.eu\\\/de\\\/events\\\/\"},{\"@type\":\"ListItem\",\"position\":3,\"name\":\"Voil\u00e0 ! Le Festival\"}]},{\"@type\":\"WebSite\",\"@id\":\"https:\\\/\\\/interreg-grace.eu\\\/de\\\/#website\",\"url\":\"https:\\\/\\\/interreg-grace.eu\\\/de\\\/\",\"name\":\"Projet GRACE\",\"description\":\"Greater Region Artistic and Cultural Education\",\"publisher\":{\"@id\":\"https:\\\/\\\/interreg-grace.eu\\\/de\\\/#organization\"},\"potentialAction\":[{\"@type\":\"SearchAction\",\"target\":{\"@type\":\"EntryPoint\",\"urlTemplate\":\"https:\\\/\\\/interreg-grace.eu\\\/de\\\/?s={search_term_string}\"},\"query-input\":{\"@type\":\"PropertyValueSpecification\",\"valueRequired\":true,\"valueName\":\"search_term_string\"}}],\"inLanguage\":\"de\"},{\"@type\":\"Organization\",\"@id\":\"https:\\\/\\\/interreg-grace.eu\\\/de\\\/#organization\",\"name\":\"Interreg Grace\",\"alternateName\":\"Greater Region Artistic and Cultural Education\",\"url\":\"https:\\\/\\\/interreg-grace.eu\\\/de\\\/\",\"logo\":{\"@type\":\"ImageObject\",\"inLanguage\":\"de\",\"@id\":\"https:\\\/\\\/interreg-grace.eu\\\/de\\\/#\\\/schema\\\/logo\\\/image\\\/\",\"url\":\"https:\\\/\\\/interreg-grace.eu\\\/wp-content\\\/uploads\\\/2024\\\/08\\\/cropped-favicon-grace.webp\",\"contentUrl\":\"https:\\\/\\\/interreg-grace.eu\\\/wp-content\\\/uploads\\\/2024\\\/08\\\/cropped-favicon-grace.webp\",\"width\":512,\"height\":512,\"caption\":\"Interreg Grace\"},\"image\":{\"@id\":\"https:\\\/\\\/interreg-grace.eu\\\/de\\\/#\\\/schema\\\/logo\\\/image\\\/\"},\"sameAs\":[\"https:\\\/\\\/www.linkedin.com\\\/company\\\/interreg-grace\\\/\"]}]}<\/script>\n<!-- \/ Yoast SEO Premium plugin. -->","yoast_head_json":{"title":"Voil\u00e0 ! Le Festival - Projet GRACE","description":"Voil\u00e0! Le Festival feiert seine zweite Ausgabe in Verdun, mit einem abwechslungsreichen Programm an zwei Tagen und zehn Veranstaltungsorten.","robots":{"index":"index","follow":"follow","max-snippet":"max-snippet:-1","max-image-preview":"max-image-preview:large","max-video-preview":"max-video-preview:-1"},"canonical":"https:\/\/interreg-grace.eu\/de\/event\/voila-le-festival\/","og_locale":"de_DE","og_type":"article","og_title":"Voil\u00e0 ! Le Festival","og_description":"Voil\u00e0! Le Festival feiert seine zweite Ausgabe in Verdun, mit einem abwechslungsreichen Programm an zwei Tagen und zehn Veranstaltungsorten.","og_url":"https:\/\/interreg-grace.eu\/de\/event\/voila-le-festival\/","og_site_name":"Projet GRACE","article_modified_time":"2025-02-10T12:14:57+00:00","og_image":[{"width":2560,"height":1707,"url":"https:\/\/interreg-grace.eu\/wp-content\/uploads\/2025\/02\/Voila-Le-Festival-scaled.jpg","type":"image\/jpeg"}],"twitter_card":"summary_large_image","twitter_misc":{"Gesch\u00e4tzte Lesezeit":"1\u00a0Minute"},"schema":{"@context":"https:\/\/schema.org","@graph":[{"@type":"WebPage","@id":"https:\/\/interreg-grace.eu\/de\/event\/voila-le-festival\/","url":"https:\/\/interreg-grace.eu\/de\/event\/voila-le-festival\/","name":"Voil\u00e0 ! Le Festival - Projet GRACE","isPartOf":{"@id":"https:\/\/interreg-grace.eu\/de\/#website"},"primaryImageOfPage":{"@id":"https:\/\/interreg-grace.eu\/de\/event\/voila-le-festival\/#primaryimage"},"image":{"@id":"https:\/\/interreg-grace.eu\/de\/event\/voila-le-festival\/#primaryimage"},"thumbnailUrl":"https:\/\/interreg-grace.eu\/wp-content\/uploads\/2025\/02\/Voila-Le-Festival-scaled.jpg","datePublished":"2025-02-10T12:14:56+00:00","dateModified":"2025-02-10T12:14:57+00:00","description":"Voil\u00e0! Le Festival feiert seine zweite Ausgabe in Verdun, mit einem abwechslungsreichen Programm an zwei Tagen und zehn Veranstaltungsorten.","breadcrumb":{"@id":"https:\/\/interreg-grace.eu\/de\/event\/voila-le-festival\/#breadcrumb"},"inLanguage":"de","potentialAction":[{"@type":"ReadAction","target":["https:\/\/interreg-grace.eu\/de\/event\/voila-le-festival\/"]}]},{"@type":"ImageObject","inLanguage":"de","@id":"https:\/\/interreg-grace.eu\/de\/event\/voila-le-festival\/#primaryimage","url":"https:\/\/interreg-grace.eu\/wp-content\/uploads\/2025\/02\/Voila-Le-Festival-scaled.jpg","contentUrl":"https:\/\/interreg-grace.eu\/wp-content\/uploads\/2025\/02\/Voila-Le-Festival-scaled.jpg","width":2560,"height":1707,"caption":"Voil\u00e0 ! Le Festival revient pour une 2\u00e8me \u00e9dition \u00e0 Verdun. au programme : des spectacles en tous genres sur"},{"@type":"BreadcrumbList","@id":"https:\/\/interreg-grace.eu\/de\/event\/voila-le-festival\/#breadcrumb","itemListElement":[{"@type":"ListItem","position":1,"name":"Accueil","item":"https:\/\/interreg-grace.eu\/de\/"},{"@type":"ListItem","position":2,"name":"Veranstaltungen","item":"https:\/\/interreg-grace.eu\/de\/events\/"},{"@type":"ListItem","position":3,"name":"Voil\u00e0 ! Le Festival"}]},{"@type":"WebSite","@id":"https:\/\/interreg-grace.eu\/de\/#website","url":"https:\/\/interreg-grace.eu\/de\/","name":"Projet GRACE","description":"Greater Region Artistic and Cultural Education","publisher":{"@id":"https:\/\/interreg-grace.eu\/de\/#organization"},"potentialAction":[{"@type":"SearchAction","target":{"@type":"EntryPoint","urlTemplate":"https:\/\/interreg-grace.eu\/de\/?s={search_term_string}"},"query-input":{"@type":"PropertyValueSpecification","valueRequired":true,"valueName":"search_term_string"}}],"inLanguage":"de"},{"@type":"Organization","@id":"https:\/\/interreg-grace.eu\/de\/#organization","name":"Interreg Grace","alternateName":"Greater Region Artistic and Cultural Education","url":"https:\/\/interreg-grace.eu\/de\/","logo":{"@type":"ImageObject","inLanguage":"de","@id":"https:\/\/interreg-grace.eu\/de\/#\/schema\/logo\/image\/","url":"https:\/\/interreg-grace.eu\/wp-content\/uploads\/2024\/08\/cropped-favicon-grace.webp","contentUrl":"https:\/\/interreg-grace.eu\/wp-content\/uploads\/2024\/08\/cropped-favicon-grace.webp","width":512,"height":512,"caption":"Interreg Grace"},"image":{"@id":"https:\/\/interreg-grace.eu\/de\/#\/schema\/logo\/image\/"},"sameAs":["https:\/\/www.linkedin.com\/company\/interreg-grace\/"]}]}},"_links":{"self":[{"href":"https:\/\/interreg-grace.eu\/de\/wp-json\/wp\/v2\/tribe_events\/5765","targetHints":{"allow":["GET"]}}],"collection":[{"href":"https:\/\/interreg-grace.eu\/de\/wp-json\/wp\/v2\/tribe_events"}],"about":[{"href":"https:\/\/interreg-grace.eu\/de\/wp-json\/wp\/v2\/types\/tribe_events"}],"author":[{"embeddable":true,"href":"https:\/\/interreg-grace.eu\/de\/wp-json\/wp\/v2\/users\/2"}],"version-history":[{"count":1,"href":"https:\/\/interreg-grace.eu\/de\/wp-json\/wp\/v2\/tribe_events\/5765\/revisions"}],"predecessor-version":[{"id":5768,"href":"https:\/\/interreg-grace.eu\/de\/wp-json\/wp\/v2\/tribe_events\/5765\/revisions\/5768"}],"wp:featuredmedia":[{"embeddable":true,"href":"https:\/\/interreg-grace.eu\/de\/wp-json\/wp\/v2\/media\/5756"}],"wp:attachment":[{"href":"https:\/\/interreg-grace.eu\/de\/wp-json\/wp\/v2\/media?parent=5765"}],"wp:term":[{"taxonomy":"post_tag","embeddable":true,"href":"https:\/\/interreg-grace.eu\/de\/wp-json\/wp\/v2\/tags?post=5765"},{"taxonomy":"tribe_events_cat","embeddable":true,"href":"https:\/\/interreg-grace.eu\/de\/wp-json\/wp\/v2\/tribe_events_cat?post=5765"}],"curies":[{"name":"wp","href":"https:\/\/api.w.org\/{rel}","templated":true}]}}

Voilà ! Le Festival

<p>Transversales präsentiert Ihnen die zweite Ausgabe des Festivals <em>Voilà !.</em></p>
<p>Zwei Tage lang können Sie zehn Aufführungen unterschiedlicher Kunstformen erleben: Marionettentheater, Music Hall, Texte lebender Autor:innen, Tanz, Zirkus und, neu in diesem Jahr, eine <em>Escale Numérique</em> mit einer immersiven Show und einem holographischen Kabarett. Lassen Sie sich von weiteren Kunstformen überraschen! </p>
<p>Dieses Festival ist auch eine gute Gelegenheit, verschiedene Veranstaltungsorte in Verdun kennenzulernen: das Bürgerzentrum La Cascade, den Salon 99, den Kinder-/Elterntreffpunkt des Bürger- und Kulturzentrums Cité Verte, das Café Solidaire des gemeinnützigen Vereins AMIE, die Buchhandlung La Fabrique und Le Lieu. Dabei wird der Veranstaltungsort Le Lieu das Hauptquartier des Festivals sein, wo Sie bei köstlichen Speisen und erlesenen Getränken die Möglichkeit haben, die Künstler und das Organisationsteam zu treffen. </p>
<p>Wir empfehlen Ihnen die Carte Voilà! Le Festival, denn damit können Sie die Festival-Veranstaltungen zu vergünstigten Preisen genießen. <strong>Carte Voilà ! Le Festival </strong>.</p>
<p>Bereiten Sie sich auf Ihren Besuch vor und schauen Sie sich <a href="https://transversales-verdun.com/voila-le-festival">das vollständige Programm</a> (in Französisch) an.</p>
<p>Viel Spaß beim Festival!</p>

<p>Voilà! Le Festival feiert seine zweite Ausgabe in Verdun, mit einem abwechslungsreichen Programm an zwei Tagen und zehn Veranstaltungsorten. </p>

<!-- This site is optimized with the Yoast SEO Premium plugin v24.7 (Yoast SEO v27.3) - https://yoast.com/product/yoast-seo-premium-wordpress/ -->
<title>Voilà ! Le Festival - Projet GRACE</title>
<meta name="description" content="Voilà! Le Festival feiert seine zweite Ausgabe in Verdun, mit einem abwechslungsreichen Programm an zwei Tagen und zehn Veranstaltungsorten." />
<meta name="robots" content="index, follow, max-snippet:-1, max-image-preview:large, max-video-preview:-1" />
<link rel="canonical" href="https://interreg-grace.eu/de/event/voila-le-festival/" />
<meta property="og:locale" content="de_DE" />
<meta property="og:type" content="article" />
<meta property="og:title" content="Voilà ! Le Festival" />
<meta property="og:description" content="Voilà! Le Festival feiert seine zweite Ausgabe in Verdun, mit einem abwechslungsreichen Programm an zwei Tagen und zehn Veranstaltungsorten." />
<meta property="og:url" content="https://interreg-grace.eu/de/event/voila-le-festival/" />
<meta property="og:site_name" content="Projet GRACE" />
<meta property="article:modified_time" content="2025-02-10T12:14:57+00:00" />
<meta property="og:image" content="https://interreg-grace.eu/wp-content/uploads/2025/02/Voila-Le-Festival-scaled.jpg" />
	<meta property="og:image:width" content="2560" />
	<meta property="og:image:height" content="1707" />
	<meta property="og:image:type" content="image/jpeg" />
<meta name="twitter:card" content="summary_large_image" />
<meta name="twitter:label1" content="Geschätzte Lesezeit" />
	<meta name="twitter:data1" content="1 Minute" />
<script type="application/ld+json" class="yoast-schema-graph">{"@context":"https:\/\/schema.org","@graph":[{"@type":"WebPage","@id":"https:\/\/interreg-grace.eu\/de\/event\/voila-le-festival\/","url":"https:\/\/interreg-grace.eu\/de\/event\/voila-le-festival\/","name":"Voilà ! Le Festival - Projet GRACE","isPartOf":{"@id":"https:\/\/interreg-grace.eu\/de\/#website"},"primaryImageOfPage":{"@id":"https:\/\/interreg-grace.eu\/de\/event\/voila-le-festival\/#primaryimage"},"image":{"@id":"https:\/\/interreg-grace.eu\/de\/event\/voila-le-festival\/#primaryimage"},"thumbnailUrl":"https:\/\/interreg-grace.eu\/wp-content\/uploads\/2025\/02\/Voila-Le-Festival-scaled.jpg","datePublished":"2025-02-10T12:14:56+00:00","dateModified":"2025-02-10T12:14:57+00:00","description":"Voilà! Le Festival feiert seine zweite Ausgabe in Verdun, mit einem abwechslungsreichen Programm an zwei Tagen und zehn Veranstaltungsorten.","breadcrumb":{"@id":"https:\/\/interreg-grace.eu\/de\/event\/voila-le-festival\/#breadcrumb"},"inLanguage":"de","potentialAction":[{"@type":"ReadAction","target":["https:\/\/interreg-grace.eu\/de\/event\/voila-le-festival\/"]}]},{"@type":"ImageObject","inLanguage":"de","@id":"https:\/\/interreg-grace.eu\/de\/event\/voila-le-festival\/#primaryimage","url":"https:\/\/interreg-grace.eu\/wp-content\/uploads\/2025\/02\/Voila-Le-Festival-scaled.jpg","contentUrl":"https:\/\/interreg-grace.eu\/wp-content\/uploads\/2025\/02\/Voila-Le-Festival-scaled.jpg","width":2560,"height":1707,"caption":"Voilà ! Le Festival revient pour une 2ème édition à Verdun. au programme : des spectacles en tous genres sur"},{"@type":"BreadcrumbList","@id":"https:\/\/interreg-grace.eu\/de\/event\/voila-le-festival\/#breadcrumb","itemListElement":[{"@type":"ListItem","position":1,"name":"Accueil","item":"https:\/\/interreg-grace.eu\/de\/"},{"@type":"ListItem","position":2,"name":"Veranstaltungen","item":"https:\/\/interreg-grace.eu\/de\/events\/"},{"@type":"ListItem","position":3,"name":"Voilà ! Le Festival"}]},{"@type":"WebSite","@id":"https:\/\/interreg-grace.eu\/de\/#website","url":"https:\/\/interreg-grace.eu\/de\/","name":"Projet GRACE","description":"Greater Region Artistic and Cultural Education","publisher":{"@id":"https:\/\/interreg-grace.eu\/de\/#organization"},"potentialAction":[{"@type":"SearchAction","target":{"@type":"EntryPoint","urlTemplate":"https:\/\/interreg-grace.eu\/de\/?s={search_term_string}"},"query-input":{"@type":"PropertyValueSpecification","valueRequired":true,"valueName":"search_term_string"}}],"inLanguage":"de"},{"@type":"Organization","@id":"https:\/\/interreg-grace.eu\/de\/#organization","name":"Interreg Grace","alternateName":"Greater Region Artistic and Cultural Education","url":"https:\/\/interreg-grace.eu\/de\/","logo":{"@type":"ImageObject","inLanguage":"de","@id":"https:\/\/interreg-grace.eu\/de\/#\/schema\/logo\/image\/","url":"https:\/\/interreg-grace.eu\/wp-content\/uploads\/2024\/08\/cropped-favicon-grace.webp","contentUrl":"https:\/\/interreg-grace.eu\/wp-content\/uploads\/2024\/08\/cropped-favicon-grace.webp","width":512,"height":512,"caption":"Interreg Grace"},"image":{"@id":"https:\/\/interreg-grace.eu\/de\/#\/schema\/logo\/image\/"},"sameAs":["https:\/\/www.linkedin.com\/company\/interreg-grace\/"]}]}</script>
<!-- / Yoast SEO Premium plugin. -->

Voilà ! Le Festival - Projet GRACE

Voilà! Le Festival feiert seine zweite Ausgabe in Verdun, mit einem abwechslungsreichen Programm an zwei Tagen und zehn Veranstaltungsorten.

Voilà ! Le Festival revient pour une 2ème édition à Verdun. au programme : des spectacles en tous genres sur
