{"id":5734,"date":"2025-01-31T12:58:15","date_gmt":"2025-01-31T11:58:15","guid":{"rendered":"https:\/\/interreg-grace.eu\/event\/atelier-zigzag-5-in-movimento-von-camilla-cason\/"},"modified":"2025-01-31T12:58:15","modified_gmt":"2025-01-31T11:58:15","slug":"atelier-zigzag-5-in-movimento-von-camilla-cason","status":"publish","type":"tribe_events","link":"https:\/\/interreg-grace.eu\/de\/event\/atelier-zigzag-5-in-movimento-von-camilla-cason\/","title":{"rendered":"Atelier ZIGZAG #5: In movimento von Camilla Cason"},"content":{"rendered":"<p>Passages Transfestival entwickelt in diesem Jahr eine neue, monatliche und mobile Veranstaltung in Form von transdisziplin\u00e4ren und inklusiven Workshops: ZIGZAG. Die italienische T\u00e4nzerin und Choreographin l\u00e4dt in diesem Workshop dazu ein, die Interaktion zwischen K\u00f6rper, Bildern und Materie zu erforschen. Der Tanz wird zu einem Raum der Begegnung, in dem sich allt\u00e4gliche Gesten in t\u00e4nzerische Bewegungen verwandeln und eine Br\u00fccke zwischen unserem inneren Wesen und der \u00e4u\u00dferen Umgebung schlagen. Durch die Verwendung von Materialien tritt der K\u00f6rper in einen Dialog mit dem Raum und den anderen, wodurch lebendige Bilder und gemeinsame Geschichten entstehen. Ein Workshop, in dem sich jeder von der Energie des Augenblicks mitrei\u00dfen lassen und den Reichtum des k\u00f6rperlichen Ausdrucks entdecken kann. Ab 14 Jahren, f\u00fcr alle Personen mit oder ohne k\u00fcnstlerische Vorkenntnisse.<\/p>\n<p>&gt; F\u00fcr Geh\u00f6rlose und H\u00f6rgesch\u00e4digte zug\u00e4nglich. Die Anzahl der Pl\u00e4tze ist auf 15 Personen begrenzt. Informationen und Buchung auf der <a href=\"https:\/\/www.passages-transfestival.fr\/spectacle\/atelier-zigzag-5\/\" target=\"_blank\" rel=\"noopener\">Website von Passages<\/a><\/p>\n","protected":false},"excerpt":{"rendered":"<p>Passages Transfestival entwickelt in diesem Jahr eine neue, monatliche und  [&#8230;]<\/p>\n","protected":false},"author":3,"featured_media":5732,"template":"","meta":{"_acf_changed":false,"_tribe_events_status":"","_tribe_events_status_reason":"","footnotes":""},"tags":[101],"tribe_events_cat":[97,113,122],"class_list":["post-5734","tribe_events","type-tribe_events","status-publish","has-post-thumbnail","hentry","tag-darstellende-kunst","tribe_events_cat-tout-public-de","tribe_events_cat-frankreich","tribe_events_cat-lebende-auffuhrung","cat_tout-public-de","cat_frankreich","cat_lebende-auffuhrung"],"acf":[],"yoast_head":"<!-- This site is optimized with the Yoast SEO Premium plugin v24.7 (Yoast SEO v27.3) - https:\/\/yoast.com\/product\/yoast-seo-premium-wordpress\/ -->\n<title>Atelier ZIGZAG #5: In movimento von Camilla Cason - Projet GRACE<\/title>\n<meta name=\"robots\" content=\"index, follow, max-snippet:-1, max-image-preview:large, max-video-preview:-1\" \/>\n<link rel=\"canonical\" href=\"https:\/\/interreg-grace.eu\/de\/event\/atelier-zigzag-5-in-movimento-von-camilla-cason\/\" \/>\n<meta property=\"og:locale\" content=\"de_DE\" \/>\n<meta property=\"og:type\" content=\"article\" \/>\n<meta property=\"og:title\" content=\"Atelier ZIGZAG #5: In movimento von Camilla Cason\" \/>\n<meta property=\"og:description\" content=\"Passages Transfestival entwickelt in diesem Jahr eine neue, monatliche und [...]\" \/>\n<meta property=\"og:url\" content=\"https:\/\/interreg-grace.eu\/de\/event\/atelier-zigzag-5-in-movimento-von-camilla-cason\/\" \/>\n<meta property=\"og:site_name\" content=\"Projet GRACE\" \/>\n<meta property=\"og:image\" content=\"https:\/\/interreg-grace.eu\/wp-content\/uploads\/2025\/01\/In-movimento-Camilla-Cason.png\" \/>\n\t<meta property=\"og:image:width\" content=\"708\" \/>\n\t<meta property=\"og:image:height\" content=\"710\" \/>\n\t<meta property=\"og:image:type\" content=\"image\/png\" \/>\n<meta name=\"twitter:card\" content=\"summary_large_image\" \/>\n<meta name=\"twitter:label1\" content=\"Gesch\u00e4tzte Lesezeit\" \/>\n\t<meta name=\"twitter:data1\" content=\"1\u00a0Minute\" \/>\n<script type=\"application\/ld+json\" class=\"yoast-schema-graph\">{\"@context\":\"https:\\\/\\\/schema.org\",\"@graph\":[{\"@type\":\"WebPage\",\"@id\":\"https:\\\/\\\/interreg-grace.eu\\\/de\\\/event\\\/atelier-zigzag-5-in-movimento-von-camilla-cason\\\/\",\"url\":\"https:\\\/\\\/interreg-grace.eu\\\/de\\\/event\\\/atelier-zigzag-5-in-movimento-von-camilla-cason\\\/\",\"name\":\"Atelier ZIGZAG #5: In movimento von Camilla Cason - Projet GRACE\",\"isPartOf\":{\"@id\":\"https:\\\/\\\/interreg-grace.eu\\\/de\\\/#website\"},\"primaryImageOfPage\":{\"@id\":\"https:\\\/\\\/interreg-grace.eu\\\/de\\\/event\\\/atelier-zigzag-5-in-movimento-von-camilla-cason\\\/#primaryimage\"},\"image\":{\"@id\":\"https:\\\/\\\/interreg-grace.eu\\\/de\\\/event\\\/atelier-zigzag-5-in-movimento-von-camilla-cason\\\/#primaryimage\"},\"thumbnailUrl\":\"https:\\\/\\\/interreg-grace.eu\\\/wp-content\\\/uploads\\\/2025\\\/01\\\/In-movimento-Camilla-Cason.png\",\"datePublished\":\"2025-01-31T11:58:15+00:00\",\"breadcrumb\":{\"@id\":\"https:\\\/\\\/interreg-grace.eu\\\/de\\\/event\\\/atelier-zigzag-5-in-movimento-von-camilla-cason\\\/#breadcrumb\"},\"inLanguage\":\"de\",\"potentialAction\":[{\"@type\":\"ReadAction\",\"target\":[\"https:\\\/\\\/interreg-grace.eu\\\/de\\\/event\\\/atelier-zigzag-5-in-movimento-von-camilla-cason\\\/\"]}]},{\"@type\":\"ImageObject\",\"inLanguage\":\"de\",\"@id\":\"https:\\\/\\\/interreg-grace.eu\\\/de\\\/event\\\/atelier-zigzag-5-in-movimento-von-camilla-cason\\\/#primaryimage\",\"url\":\"https:\\\/\\\/interreg-grace.eu\\\/wp-content\\\/uploads\\\/2025\\\/01\\\/In-movimento-Camilla-Cason.png\",\"contentUrl\":\"https:\\\/\\\/interreg-grace.eu\\\/wp-content\\\/uploads\\\/2025\\\/01\\\/In-movimento-Camilla-Cason.png\",\"width\":708,\"height\":710,\"caption\":\"In movimento Camilla Cason\"},{\"@type\":\"BreadcrumbList\",\"@id\":\"https:\\\/\\\/interreg-grace.eu\\\/de\\\/event\\\/atelier-zigzag-5-in-movimento-von-camilla-cason\\\/#breadcrumb\",\"itemListElement\":[{\"@type\":\"ListItem\",\"position\":1,\"name\":\"Accueil\",\"item\":\"https:\\\/\\\/interreg-grace.eu\\\/de\\\/\"},{\"@type\":\"ListItem\",\"position\":2,\"name\":\"Veranstaltungen\",\"item\":\"https:\\\/\\\/interreg-grace.eu\\\/de\\\/events\\\/\"},{\"@type\":\"ListItem\",\"position\":3,\"name\":\"Atelier ZIGZAG #5: In movimento von Camilla Cason\"}]},{\"@type\":\"WebSite\",\"@id\":\"https:\\\/\\\/interreg-grace.eu\\\/de\\\/#website\",\"url\":\"https:\\\/\\\/interreg-grace.eu\\\/de\\\/\",\"name\":\"Projet GRACE\",\"description\":\"Greater Region Artistic and Cultural Education\",\"publisher\":{\"@id\":\"https:\\\/\\\/interreg-grace.eu\\\/de\\\/#organization\"},\"potentialAction\":[{\"@type\":\"SearchAction\",\"target\":{\"@type\":\"EntryPoint\",\"urlTemplate\":\"https:\\\/\\\/interreg-grace.eu\\\/de\\\/?s={search_term_string}\"},\"query-input\":{\"@type\":\"PropertyValueSpecification\",\"valueRequired\":true,\"valueName\":\"search_term_string\"}}],\"inLanguage\":\"de\"},{\"@type\":\"Organization\",\"@id\":\"https:\\\/\\\/interreg-grace.eu\\\/de\\\/#organization\",\"name\":\"Interreg Grace\",\"alternateName\":\"Greater Region Artistic and Cultural Education\",\"url\":\"https:\\\/\\\/interreg-grace.eu\\\/de\\\/\",\"logo\":{\"@type\":\"ImageObject\",\"inLanguage\":\"de\",\"@id\":\"https:\\\/\\\/interreg-grace.eu\\\/de\\\/#\\\/schema\\\/logo\\\/image\\\/\",\"url\":\"https:\\\/\\\/interreg-grace.eu\\\/wp-content\\\/uploads\\\/2024\\\/08\\\/cropped-favicon-grace.webp\",\"contentUrl\":\"https:\\\/\\\/interreg-grace.eu\\\/wp-content\\\/uploads\\\/2024\\\/08\\\/cropped-favicon-grace.webp\",\"width\":512,\"height\":512,\"caption\":\"Interreg Grace\"},\"image\":{\"@id\":\"https:\\\/\\\/interreg-grace.eu\\\/de\\\/#\\\/schema\\\/logo\\\/image\\\/\"},\"sameAs\":[\"https:\\\/\\\/www.linkedin.com\\\/company\\\/interreg-grace\\\/\"]}]}<\/script>\n<!-- \/ Yoast SEO Premium plugin. -->","yoast_head_json":{"title":"Atelier ZIGZAG #5: In movimento von Camilla Cason - Projet GRACE","robots":{"index":"index","follow":"follow","max-snippet":"max-snippet:-1","max-image-preview":"max-image-preview:large","max-video-preview":"max-video-preview:-1"},"canonical":"https:\/\/interreg-grace.eu\/de\/event\/atelier-zigzag-5-in-movimento-von-camilla-cason\/","og_locale":"de_DE","og_type":"article","og_title":"Atelier ZIGZAG #5: In movimento von Camilla Cason","og_description":"Passages Transfestival entwickelt in diesem Jahr eine neue, monatliche und [...]","og_url":"https:\/\/interreg-grace.eu\/de\/event\/atelier-zigzag-5-in-movimento-von-camilla-cason\/","og_site_name":"Projet GRACE","og_image":[{"width":708,"height":710,"url":"https:\/\/interreg-grace.eu\/wp-content\/uploads\/2025\/01\/In-movimento-Camilla-Cason.png","type":"image\/png"}],"twitter_card":"summary_large_image","twitter_misc":{"Gesch\u00e4tzte Lesezeit":"1\u00a0Minute"},"schema":{"@context":"https:\/\/schema.org","@graph":[{"@type":"WebPage","@id":"https:\/\/interreg-grace.eu\/de\/event\/atelier-zigzag-5-in-movimento-von-camilla-cason\/","url":"https:\/\/interreg-grace.eu\/de\/event\/atelier-zigzag-5-in-movimento-von-camilla-cason\/","name":"Atelier ZIGZAG #5: In movimento von Camilla Cason - Projet GRACE","isPartOf":{"@id":"https:\/\/interreg-grace.eu\/de\/#website"},"primaryImageOfPage":{"@id":"https:\/\/interreg-grace.eu\/de\/event\/atelier-zigzag-5-in-movimento-von-camilla-cason\/#primaryimage"},"image":{"@id":"https:\/\/interreg-grace.eu\/de\/event\/atelier-zigzag-5-in-movimento-von-camilla-cason\/#primaryimage"},"thumbnailUrl":"https:\/\/interreg-grace.eu\/wp-content\/uploads\/2025\/01\/In-movimento-Camilla-Cason.png","datePublished":"2025-01-31T11:58:15+00:00","breadcrumb":{"@id":"https:\/\/interreg-grace.eu\/de\/event\/atelier-zigzag-5-in-movimento-von-camilla-cason\/#breadcrumb"},"inLanguage":"de","potentialAction":[{"@type":"ReadAction","target":["https:\/\/interreg-grace.eu\/de\/event\/atelier-zigzag-5-in-movimento-von-camilla-cason\/"]}]},{"@type":"ImageObject","inLanguage":"de","@id":"https:\/\/interreg-grace.eu\/de\/event\/atelier-zigzag-5-in-movimento-von-camilla-cason\/#primaryimage","url":"https:\/\/interreg-grace.eu\/wp-content\/uploads\/2025\/01\/In-movimento-Camilla-Cason.png","contentUrl":"https:\/\/interreg-grace.eu\/wp-content\/uploads\/2025\/01\/In-movimento-Camilla-Cason.png","width":708,"height":710,"caption":"In movimento Camilla Cason"},{"@type":"BreadcrumbList","@id":"https:\/\/interreg-grace.eu\/de\/event\/atelier-zigzag-5-in-movimento-von-camilla-cason\/#breadcrumb","itemListElement":[{"@type":"ListItem","position":1,"name":"Accueil","item":"https:\/\/interreg-grace.eu\/de\/"},{"@type":"ListItem","position":2,"name":"Veranstaltungen","item":"https:\/\/interreg-grace.eu\/de\/events\/"},{"@type":"ListItem","position":3,"name":"Atelier ZIGZAG #5: In movimento von Camilla Cason"}]},{"@type":"WebSite","@id":"https:\/\/interreg-grace.eu\/de\/#website","url":"https:\/\/interreg-grace.eu\/de\/","name":"Projet GRACE","description":"Greater Region Artistic and Cultural Education","publisher":{"@id":"https:\/\/interreg-grace.eu\/de\/#organization"},"potentialAction":[{"@type":"SearchAction","target":{"@type":"EntryPoint","urlTemplate":"https:\/\/interreg-grace.eu\/de\/?s={search_term_string}"},"query-input":{"@type":"PropertyValueSpecification","valueRequired":true,"valueName":"search_term_string"}}],"inLanguage":"de"},{"@type":"Organization","@id":"https:\/\/interreg-grace.eu\/de\/#organization","name":"Interreg Grace","alternateName":"Greater Region Artistic and Cultural Education","url":"https:\/\/interreg-grace.eu\/de\/","logo":{"@type":"ImageObject","inLanguage":"de","@id":"https:\/\/interreg-grace.eu\/de\/#\/schema\/logo\/image\/","url":"https:\/\/interreg-grace.eu\/wp-content\/uploads\/2024\/08\/cropped-favicon-grace.webp","contentUrl":"https:\/\/interreg-grace.eu\/wp-content\/uploads\/2024\/08\/cropped-favicon-grace.webp","width":512,"height":512,"caption":"Interreg Grace"},"image":{"@id":"https:\/\/interreg-grace.eu\/de\/#\/schema\/logo\/image\/"},"sameAs":["https:\/\/www.linkedin.com\/company\/interreg-grace\/"]}]}},"_links":{"self":[{"href":"https:\/\/interreg-grace.eu\/de\/wp-json\/wp\/v2\/tribe_events\/5734","targetHints":{"allow":["GET"]}}],"collection":[{"href":"https:\/\/interreg-grace.eu\/de\/wp-json\/wp\/v2\/tribe_events"}],"about":[{"href":"https:\/\/interreg-grace.eu\/de\/wp-json\/wp\/v2\/types\/tribe_events"}],"author":[{"embeddable":true,"href":"https:\/\/interreg-grace.eu\/de\/wp-json\/wp\/v2\/users\/3"}],"version-history":[{"count":0,"href":"https:\/\/interreg-grace.eu\/de\/wp-json\/wp\/v2\/tribe_events\/5734\/revisions"}],"wp:featuredmedia":[{"embeddable":true,"href":"https:\/\/interreg-grace.eu\/de\/wp-json\/wp\/v2\/media\/5732"}],"wp:attachment":[{"href":"https:\/\/interreg-grace.eu\/de\/wp-json\/wp\/v2\/media?parent=5734"}],"wp:term":[{"taxonomy":"post_tag","embeddable":true,"href":"https:\/\/interreg-grace.eu\/de\/wp-json\/wp\/v2\/tags?post=5734"},{"taxonomy":"tribe_events_cat","embeddable":true,"href":"https:\/\/interreg-grace.eu\/de\/wp-json\/wp\/v2\/tribe_events_cat?post=5734"}],"curies":[{"name":"wp","href":"https:\/\/api.w.org\/{rel}","templated":true}]}}

<p>Passages Transfestival entwickelt in diesem Jahr eine neue, monatliche und mobile Veranstaltung in Form von transdisziplinären und inklusiven Workshops: ZIGZAG. Die italienische Tänzerin und Choreographin lädt in diesem Workshop dazu ein, die Interaktion zwischen Körper, Bildern und Materie zu erforschen. Der Tanz wird zu einem Raum der Begegnung, in dem sich alltägliche Gesten in tänzerische Bewegungen verwandeln und eine Brücke zwischen unserem inneren Wesen und der äußeren Umgebung schlagen. Durch die Verwendung von Materialien tritt der Körper in einen Dialog mit dem Raum und den anderen, wodurch lebendige Bilder und gemeinsame Geschichten entstehen. Ein Workshop, in dem sich jeder von der Energie des Augenblicks mitreißen lassen und den Reichtum des körperlichen Ausdrucks entdecken kann. Ab 14 Jahren, für alle Personen mit oder ohne künstlerische Vorkenntnisse.</p>
<p>&gt; Für Gehörlose und Hörgeschädigte zugänglich. Die Anzahl der Plätze ist auf 15 Personen begrenzt. Informationen und Buchung auf der <a href="https://www.passages-transfestival.fr/spectacle/atelier-zigzag-5/" target="_blank" rel="noopener">Website von Passages</a></p>

<!-- This site is optimized with the Yoast SEO Premium plugin v24.7 (Yoast SEO v27.3) - https://yoast.com/product/yoast-seo-premium-wordpress/ -->
<title>Atelier ZIGZAG #5: In movimento von Camilla Cason - Projet GRACE</title>
<meta name="robots" content="index, follow, max-snippet:-1, max-image-preview:large, max-video-preview:-1" />
<link rel="canonical" href="https://interreg-grace.eu/de/event/atelier-zigzag-5-in-movimento-von-camilla-cason/" />
<meta property="og:locale" content="de_DE" />
<meta property="og:type" content="article" />
<meta property="og:title" content="Atelier ZIGZAG #5: In movimento von Camilla Cason" />
<meta property="og:description" content="Passages Transfestival entwickelt in diesem Jahr eine neue, monatliche und [...]" />
<meta property="og:url" content="https://interreg-grace.eu/de/event/atelier-zigzag-5-in-movimento-von-camilla-cason/" />
<meta property="og:site_name" content="Projet GRACE" />
<meta property="og:image" content="https://interreg-grace.eu/wp-content/uploads/2025/01/In-movimento-Camilla-Cason.png" />
	<meta property="og:image:width" content="708" />
	<meta property="og:image:height" content="710" />
	<meta property="og:image:type" content="image/png" />
<meta name="twitter:card" content="summary_large_image" />
<meta name="twitter:label1" content="Geschätzte Lesezeit" />
	<meta name="twitter:data1" content="1 Minute" />
<script type="application/ld+json" class="yoast-schema-graph">{"@context":"https:\/\/schema.org","@graph":[{"@type":"WebPage","@id":"https:\/\/interreg-grace.eu\/de\/event\/atelier-zigzag-5-in-movimento-von-camilla-cason\/","url":"https:\/\/interreg-grace.eu\/de\/event\/atelier-zigzag-5-in-movimento-von-camilla-cason\/","name":"Atelier ZIGZAG #5: In movimento von Camilla Cason - Projet GRACE","isPartOf":{"@id":"https:\/\/interreg-grace.eu\/de\/#website"},"primaryImageOfPage":{"@id":"https:\/\/interreg-grace.eu\/de\/event\/atelier-zigzag-5-in-movimento-von-camilla-cason\/#primaryimage"},"image":{"@id":"https:\/\/interreg-grace.eu\/de\/event\/atelier-zigzag-5-in-movimento-von-camilla-cason\/#primaryimage"},"thumbnailUrl":"https:\/\/interreg-grace.eu\/wp-content\/uploads\/2025\/01\/In-movimento-Camilla-Cason.png","datePublished":"2025-01-31T11:58:15+00:00","breadcrumb":{"@id":"https:\/\/interreg-grace.eu\/de\/event\/atelier-zigzag-5-in-movimento-von-camilla-cason\/#breadcrumb"},"inLanguage":"de","potentialAction":[{"@type":"ReadAction","target":["https:\/\/interreg-grace.eu\/de\/event\/atelier-zigzag-5-in-movimento-von-camilla-cason\/"]}]},{"@type":"ImageObject","inLanguage":"de","@id":"https:\/\/interreg-grace.eu\/de\/event\/atelier-zigzag-5-in-movimento-von-camilla-cason\/#primaryimage","url":"https:\/\/interreg-grace.eu\/wp-content\/uploads\/2025\/01\/In-movimento-Camilla-Cason.png","contentUrl":"https:\/\/interreg-grace.eu\/wp-content\/uploads\/2025\/01\/In-movimento-Camilla-Cason.png","width":708,"height":710,"caption":"In movimento Camilla Cason"},{"@type":"BreadcrumbList","@id":"https:\/\/interreg-grace.eu\/de\/event\/atelier-zigzag-5-in-movimento-von-camilla-cason\/#breadcrumb","itemListElement":[{"@type":"ListItem","position":1,"name":"Accueil","item":"https:\/\/interreg-grace.eu\/de\/"},{"@type":"ListItem","position":2,"name":"Veranstaltungen","item":"https:\/\/interreg-grace.eu\/de\/events\/"},{"@type":"ListItem","position":3,"name":"Atelier ZIGZAG #5: In movimento von Camilla Cason"}]},{"@type":"WebSite","@id":"https:\/\/interreg-grace.eu\/de\/#website","url":"https:\/\/interreg-grace.eu\/de\/","name":"Projet GRACE","description":"Greater Region Artistic and Cultural Education","publisher":{"@id":"https:\/\/interreg-grace.eu\/de\/#organization"},"potentialAction":[{"@type":"SearchAction","target":{"@type":"EntryPoint","urlTemplate":"https:\/\/interreg-grace.eu\/de\/?s={search_term_string}"},"query-input":{"@type":"PropertyValueSpecification","valueRequired":true,"valueName":"search_term_string"}}],"inLanguage":"de"},{"@type":"Organization","@id":"https:\/\/interreg-grace.eu\/de\/#organization","name":"Interreg Grace","alternateName":"Greater Region Artistic and Cultural Education","url":"https:\/\/interreg-grace.eu\/de\/","logo":{"@type":"ImageObject","inLanguage":"de","@id":"https:\/\/interreg-grace.eu\/de\/#\/schema\/logo\/image\/","url":"https:\/\/interreg-grace.eu\/wp-content\/uploads\/2024\/08\/cropped-favicon-grace.webp","contentUrl":"https:\/\/interreg-grace.eu\/wp-content\/uploads\/2024\/08\/cropped-favicon-grace.webp","width":512,"height":512,"caption":"Interreg Grace"},"image":{"@id":"https:\/\/interreg-grace.eu\/de\/#\/schema\/logo\/image\/"},"sameAs":["https:\/\/www.linkedin.com\/company\/interreg-grace\/"]}]}</script>
<!-- / Yoast SEO Premium plugin. -->
