{"id":5600,"date":"2024-11-07T17:40:31","date_gmt":"2024-11-07T16:40:31","guid":{"rendered":"https:\/\/interreg-grace.eu\/event\/carnaval-von-corps-in-situ-artezia\/"},"modified":"2024-11-07T17:40:31","modified_gmt":"2024-11-07T16:40:31","slug":"carnaval-von-corps-in-situ-artezia","status":"publish","type":"tribe_events","link":"https:\/\/interreg-grace.eu\/de\/event\/carnaval-von-corps-in-situ-artezia\/","title":{"rendered":"Carnaval von Corps In Situ \/ Artezia"},"content":{"rendered":"<p>W\u00e4hrend des Karnevals verkleidet man sich, tanzt und singt&#8230; Kurz gesagt, man am\u00fcsiert sich! Kleine und gro\u00dfe Menschen kommen zusammen, um diesen fr\u00f6hlichen Moment zu feiern, in dem jeder seine Pers\u00f6nlichkeit und seine Tr\u00e4ume zum Ausdruck bringen kann. Frei nach dem Karneval der Tiere von Camille Saint-Sa\u00ebns bietet Carnaval ein reiches choreografisches und musikalisches Erlebnis, eine Parade von Tieren und chim\u00e4rischen Kreaturen, die das Publikum auf eine festliche, poetische und extravagante Reise mitnehmen wird.  <\/p>\n","protected":false},"excerpt":{"rendered":"<p>W\u00e4hrend des Karnevals verkleidet man sich, tanzt und singt&#8230; Kurz  [&#8230;]<\/p>\n","protected":false},"author":3,"featured_media":4847,"template":"","meta":{"_acf_changed":false,"_tribe_events_status":"","_tribe_events_status_reason":"","footnotes":""},"tags":[101],"tribe_events_cat":[97,127,122,114],"class_list":["post-5600","tribe_events","type-tribe_events","status-publish","has-post-thumbnail","hentry","tag-darstellende-kunst","tribe_events_cat-tout-public-de","tribe_events_cat-auffuhrung","tribe_events_cat-lebende-auffuhrung","tribe_events_cat-luxemburg","cat_tout-public-de","cat_auffuhrung","cat_lebende-auffuhrung","cat_luxemburg"],"acf":[],"yoast_head":"<!-- This site is optimized with the Yoast SEO Premium plugin v24.7 (Yoast SEO v27.3) - https:\/\/yoast.com\/product\/yoast-seo-premium-wordpress\/ -->\n<title>Carnaval von Corps In Situ \/ Artezia - Projet GRACE<\/title>\n<meta name=\"robots\" content=\"index, follow, max-snippet:-1, max-image-preview:large, max-video-preview:-1\" \/>\n<link rel=\"canonical\" href=\"https:\/\/interreg-grace.eu\/de\/event\/carnaval-von-corps-in-situ-artezia\/\" \/>\n<meta property=\"og:locale\" content=\"de_DE\" \/>\n<meta property=\"og:type\" content=\"article\" \/>\n<meta property=\"og:title\" content=\"Carnaval von Corps In Situ \/ Artezia\" \/>\n<meta property=\"og:description\" content=\"W\u00e4hrend des Karnevals verkleidet man sich, tanzt und singt&#8230; Kurz [...]\" \/>\n<meta property=\"og:url\" content=\"https:\/\/interreg-grace.eu\/de\/event\/carnaval-von-corps-in-situ-artezia\/\" \/>\n<meta property=\"og:site_name\" content=\"Projet GRACE\" \/>\n<meta property=\"og:image\" content=\"https:\/\/interreg-grace.eu\/wp-content\/uploads\/2024\/08\/CARNAVAL-c-Bohumil-KOSTOHRYZ-1071-1024x683-1.jpg\" \/>\n\t<meta property=\"og:image:width\" content=\"1024\" \/>\n\t<meta property=\"og:image:height\" content=\"683\" \/>\n\t<meta property=\"og:image:type\" content=\"image\/jpeg\" \/>\n<meta name=\"twitter:card\" content=\"summary_large_image\" \/>\n<script type=\"application\/ld+json\" class=\"yoast-schema-graph\">{\"@context\":\"https:\\\/\\\/schema.org\",\"@graph\":[{\"@type\":\"WebPage\",\"@id\":\"https:\\\/\\\/interreg-grace.eu\\\/de\\\/event\\\/carnaval-von-corps-in-situ-artezia\\\/\",\"url\":\"https:\\\/\\\/interreg-grace.eu\\\/de\\\/event\\\/carnaval-von-corps-in-situ-artezia\\\/\",\"name\":\"Carnaval von Corps In Situ \\\/ Artezia - Projet GRACE\",\"isPartOf\":{\"@id\":\"https:\\\/\\\/interreg-grace.eu\\\/de\\\/#website\"},\"primaryImageOfPage\":{\"@id\":\"https:\\\/\\\/interreg-grace.eu\\\/de\\\/event\\\/carnaval-von-corps-in-situ-artezia\\\/#primaryimage\"},\"image\":{\"@id\":\"https:\\\/\\\/interreg-grace.eu\\\/de\\\/event\\\/carnaval-von-corps-in-situ-artezia\\\/#primaryimage\"},\"thumbnailUrl\":\"https:\\\/\\\/interreg-grace.eu\\\/wp-content\\\/uploads\\\/2024\\\/08\\\/CARNAVAL-c-Bohumil-KOSTOHRYZ-1071-1024x683-1.jpg\",\"datePublished\":\"2024-11-07T16:40:31+00:00\",\"breadcrumb\":{\"@id\":\"https:\\\/\\\/interreg-grace.eu\\\/de\\\/event\\\/carnaval-von-corps-in-situ-artezia\\\/#breadcrumb\"},\"inLanguage\":\"de\",\"potentialAction\":[{\"@type\":\"ReadAction\",\"target\":[\"https:\\\/\\\/interreg-grace.eu\\\/de\\\/event\\\/carnaval-von-corps-in-situ-artezia\\\/\"]}]},{\"@type\":\"ImageObject\",\"inLanguage\":\"de\",\"@id\":\"https:\\\/\\\/interreg-grace.eu\\\/de\\\/event\\\/carnaval-von-corps-in-situ-artezia\\\/#primaryimage\",\"url\":\"https:\\\/\\\/interreg-grace.eu\\\/wp-content\\\/uploads\\\/2024\\\/08\\\/CARNAVAL-c-Bohumil-KOSTOHRYZ-1071-1024x683-1.jpg\",\"contentUrl\":\"https:\\\/\\\/interreg-grace.eu\\\/wp-content\\\/uploads\\\/2024\\\/08\\\/CARNAVAL-c-Bohumil-KOSTOHRYZ-1071-1024x683-1.jpg\",\"width\":1024,\"height\":683},{\"@type\":\"BreadcrumbList\",\"@id\":\"https:\\\/\\\/interreg-grace.eu\\\/de\\\/event\\\/carnaval-von-corps-in-situ-artezia\\\/#breadcrumb\",\"itemListElement\":[{\"@type\":\"ListItem\",\"position\":1,\"name\":\"Accueil\",\"item\":\"https:\\\/\\\/interreg-grace.eu\\\/de\\\/\"},{\"@type\":\"ListItem\",\"position\":2,\"name\":\"Veranstaltungen\",\"item\":\"https:\\\/\\\/interreg-grace.eu\\\/de\\\/events\\\/\"},{\"@type\":\"ListItem\",\"position\":3,\"name\":\"Carnaval von Corps In Situ \\\/ Artezia\"}]},{\"@type\":\"WebSite\",\"@id\":\"https:\\\/\\\/interreg-grace.eu\\\/de\\\/#website\",\"url\":\"https:\\\/\\\/interreg-grace.eu\\\/de\\\/\",\"name\":\"Projet GRACE\",\"description\":\"Greater Region Artistic and Cultural Education\",\"publisher\":{\"@id\":\"https:\\\/\\\/interreg-grace.eu\\\/de\\\/#organization\"},\"potentialAction\":[{\"@type\":\"SearchAction\",\"target\":{\"@type\":\"EntryPoint\",\"urlTemplate\":\"https:\\\/\\\/interreg-grace.eu\\\/de\\\/?s={search_term_string}\"},\"query-input\":{\"@type\":\"PropertyValueSpecification\",\"valueRequired\":true,\"valueName\":\"search_term_string\"}}],\"inLanguage\":\"de\"},{\"@type\":\"Organization\",\"@id\":\"https:\\\/\\\/interreg-grace.eu\\\/de\\\/#organization\",\"name\":\"Interreg Grace\",\"alternateName\":\"Greater Region Artistic and Cultural Education\",\"url\":\"https:\\\/\\\/interreg-grace.eu\\\/de\\\/\",\"logo\":{\"@type\":\"ImageObject\",\"inLanguage\":\"de\",\"@id\":\"https:\\\/\\\/interreg-grace.eu\\\/de\\\/#\\\/schema\\\/logo\\\/image\\\/\",\"url\":\"https:\\\/\\\/interreg-grace.eu\\\/wp-content\\\/uploads\\\/2024\\\/08\\\/cropped-favicon-grace.webp\",\"contentUrl\":\"https:\\\/\\\/interreg-grace.eu\\\/wp-content\\\/uploads\\\/2024\\\/08\\\/cropped-favicon-grace.webp\",\"width\":512,\"height\":512,\"caption\":\"Interreg Grace\"},\"image\":{\"@id\":\"https:\\\/\\\/interreg-grace.eu\\\/de\\\/#\\\/schema\\\/logo\\\/image\\\/\"},\"sameAs\":[\"https:\\\/\\\/www.linkedin.com\\\/company\\\/interreg-grace\\\/\"]}]}<\/script>\n<!-- \/ Yoast SEO Premium plugin. -->","yoast_head_json":{"title":"Carnaval von Corps In Situ \/ Artezia - Projet GRACE","robots":{"index":"index","follow":"follow","max-snippet":"max-snippet:-1","max-image-preview":"max-image-preview:large","max-video-preview":"max-video-preview:-1"},"canonical":"https:\/\/interreg-grace.eu\/de\/event\/carnaval-von-corps-in-situ-artezia\/","og_locale":"de_DE","og_type":"article","og_title":"Carnaval von Corps In Situ \/ Artezia","og_description":"W\u00e4hrend des Karnevals verkleidet man sich, tanzt und singt&#8230; Kurz [...]","og_url":"https:\/\/interreg-grace.eu\/de\/event\/carnaval-von-corps-in-situ-artezia\/","og_site_name":"Projet GRACE","og_image":[{"width":1024,"height":683,"url":"https:\/\/interreg-grace.eu\/wp-content\/uploads\/2024\/08\/CARNAVAL-c-Bohumil-KOSTOHRYZ-1071-1024x683-1.jpg","type":"image\/jpeg"}],"twitter_card":"summary_large_image","schema":{"@context":"https:\/\/schema.org","@graph":[{"@type":"WebPage","@id":"https:\/\/interreg-grace.eu\/de\/event\/carnaval-von-corps-in-situ-artezia\/","url":"https:\/\/interreg-grace.eu\/de\/event\/carnaval-von-corps-in-situ-artezia\/","name":"Carnaval von Corps In Situ \/ Artezia - Projet GRACE","isPartOf":{"@id":"https:\/\/interreg-grace.eu\/de\/#website"},"primaryImageOfPage":{"@id":"https:\/\/interreg-grace.eu\/de\/event\/carnaval-von-corps-in-situ-artezia\/#primaryimage"},"image":{"@id":"https:\/\/interreg-grace.eu\/de\/event\/carnaval-von-corps-in-situ-artezia\/#primaryimage"},"thumbnailUrl":"https:\/\/interreg-grace.eu\/wp-content\/uploads\/2024\/08\/CARNAVAL-c-Bohumil-KOSTOHRYZ-1071-1024x683-1.jpg","datePublished":"2024-11-07T16:40:31+00:00","breadcrumb":{"@id":"https:\/\/interreg-grace.eu\/de\/event\/carnaval-von-corps-in-situ-artezia\/#breadcrumb"},"inLanguage":"de","potentialAction":[{"@type":"ReadAction","target":["https:\/\/interreg-grace.eu\/de\/event\/carnaval-von-corps-in-situ-artezia\/"]}]},{"@type":"ImageObject","inLanguage":"de","@id":"https:\/\/interreg-grace.eu\/de\/event\/carnaval-von-corps-in-situ-artezia\/#primaryimage","url":"https:\/\/interreg-grace.eu\/wp-content\/uploads\/2024\/08\/CARNAVAL-c-Bohumil-KOSTOHRYZ-1071-1024x683-1.jpg","contentUrl":"https:\/\/interreg-grace.eu\/wp-content\/uploads\/2024\/08\/CARNAVAL-c-Bohumil-KOSTOHRYZ-1071-1024x683-1.jpg","width":1024,"height":683},{"@type":"BreadcrumbList","@id":"https:\/\/interreg-grace.eu\/de\/event\/carnaval-von-corps-in-situ-artezia\/#breadcrumb","itemListElement":[{"@type":"ListItem","position":1,"name":"Accueil","item":"https:\/\/interreg-grace.eu\/de\/"},{"@type":"ListItem","position":2,"name":"Veranstaltungen","item":"https:\/\/interreg-grace.eu\/de\/events\/"},{"@type":"ListItem","position":3,"name":"Carnaval von Corps In Situ \/ Artezia"}]},{"@type":"WebSite","@id":"https:\/\/interreg-grace.eu\/de\/#website","url":"https:\/\/interreg-grace.eu\/de\/","name":"Projet GRACE","description":"Greater Region Artistic and Cultural Education","publisher":{"@id":"https:\/\/interreg-grace.eu\/de\/#organization"},"potentialAction":[{"@type":"SearchAction","target":{"@type":"EntryPoint","urlTemplate":"https:\/\/interreg-grace.eu\/de\/?s={search_term_string}"},"query-input":{"@type":"PropertyValueSpecification","valueRequired":true,"valueName":"search_term_string"}}],"inLanguage":"de"},{"@type":"Organization","@id":"https:\/\/interreg-grace.eu\/de\/#organization","name":"Interreg Grace","alternateName":"Greater Region Artistic and Cultural Education","url":"https:\/\/interreg-grace.eu\/de\/","logo":{"@type":"ImageObject","inLanguage":"de","@id":"https:\/\/interreg-grace.eu\/de\/#\/schema\/logo\/image\/","url":"https:\/\/interreg-grace.eu\/wp-content\/uploads\/2024\/08\/cropped-favicon-grace.webp","contentUrl":"https:\/\/interreg-grace.eu\/wp-content\/uploads\/2024\/08\/cropped-favicon-grace.webp","width":512,"height":512,"caption":"Interreg Grace"},"image":{"@id":"https:\/\/interreg-grace.eu\/de\/#\/schema\/logo\/image\/"},"sameAs":["https:\/\/www.linkedin.com\/company\/interreg-grace\/"]}]}},"_links":{"self":[{"href":"https:\/\/interreg-grace.eu\/de\/wp-json\/wp\/v2\/tribe_events\/5600","targetHints":{"allow":["GET"]}}],"collection":[{"href":"https:\/\/interreg-grace.eu\/de\/wp-json\/wp\/v2\/tribe_events"}],"about":[{"href":"https:\/\/interreg-grace.eu\/de\/wp-json\/wp\/v2\/types\/tribe_events"}],"author":[{"embeddable":true,"href":"https:\/\/interreg-grace.eu\/de\/wp-json\/wp\/v2\/users\/3"}],"version-history":[{"count":0,"href":"https:\/\/interreg-grace.eu\/de\/wp-json\/wp\/v2\/tribe_events\/5600\/revisions"}],"wp:featuredmedia":[{"embeddable":true,"href":"https:\/\/interreg-grace.eu\/de\/wp-json\/wp\/v2\/media\/4847"}],"wp:attachment":[{"href":"https:\/\/interreg-grace.eu\/de\/wp-json\/wp\/v2\/media?parent=5600"}],"wp:term":[{"taxonomy":"post_tag","embeddable":true,"href":"https:\/\/interreg-grace.eu\/de\/wp-json\/wp\/v2\/tags?post=5600"},{"taxonomy":"tribe_events_cat","embeddable":true,"href":"https:\/\/interreg-grace.eu\/de\/wp-json\/wp\/v2\/tribe_events_cat?post=5600"}],"curies":[{"name":"wp","href":"https:\/\/api.w.org\/{rel}","templated":true}]}}

<p>Während des Karnevals verkleidet man sich, tanzt und singt&#8230; Kurz gesagt, man amüsiert sich! Kleine und große Menschen kommen zusammen, um diesen fröhlichen Moment zu feiern, in dem jeder seine Persönlichkeit und seine Träume zum Ausdruck bringen kann. Frei nach dem Karneval der Tiere von Camille Saint-Saëns bietet Carnaval ein reiches choreografisches und musikalisches Erlebnis, eine Parade von Tieren und chimärischen Kreaturen, die das Publikum auf eine festliche, poetische und extravagante Reise mitnehmen wird.  </p>

<p>Während des Karnevals verkleidet man sich, tanzt und singt&#8230; Kurz  [&#8230;]</p>

<!-- This site is optimized with the Yoast SEO Premium plugin v24.7 (Yoast SEO v27.3) - https://yoast.com/product/yoast-seo-premium-wordpress/ -->
<title>Carnaval von Corps In Situ / Artezia - Projet GRACE</title>
<meta name="robots" content="index, follow, max-snippet:-1, max-image-preview:large, max-video-preview:-1" />
<link rel="canonical" href="https://interreg-grace.eu/de/event/carnaval-von-corps-in-situ-artezia/" />
<meta property="og:locale" content="de_DE" />
<meta property="og:type" content="article" />
<meta property="og:title" content="Carnaval von Corps In Situ / Artezia" />
<meta property="og:description" content="Während des Karnevals verkleidet man sich, tanzt und singt&#8230; Kurz [...]" />
<meta property="og:url" content="https://interreg-grace.eu/de/event/carnaval-von-corps-in-situ-artezia/" />
<meta property="og:site_name" content="Projet GRACE" />
<meta property="og:image" content="https://interreg-grace.eu/wp-content/uploads/2024/08/CARNAVAL-c-Bohumil-KOSTOHRYZ-1071-1024x683-1.jpg" />
	<meta property="og:image:width" content="1024" />
	<meta property="og:image:height" content="683" />
	<meta property="og:image:type" content="image/jpeg" />
<meta name="twitter:card" content="summary_large_image" />
<script type="application/ld+json" class="yoast-schema-graph">{"@context":"https:\/\/schema.org","@graph":[{"@type":"WebPage","@id":"https:\/\/interreg-grace.eu\/de\/event\/carnaval-von-corps-in-situ-artezia\/","url":"https:\/\/interreg-grace.eu\/de\/event\/carnaval-von-corps-in-situ-artezia\/","name":"Carnaval von Corps In Situ \/ Artezia - Projet GRACE","isPartOf":{"@id":"https:\/\/interreg-grace.eu\/de\/#website"},"primaryImageOfPage":{"@id":"https:\/\/interreg-grace.eu\/de\/event\/carnaval-von-corps-in-situ-artezia\/#primaryimage"},"image":{"@id":"https:\/\/interreg-grace.eu\/de\/event\/carnaval-von-corps-in-situ-artezia\/#primaryimage"},"thumbnailUrl":"https:\/\/interreg-grace.eu\/wp-content\/uploads\/2024\/08\/CARNAVAL-c-Bohumil-KOSTOHRYZ-1071-1024x683-1.jpg","datePublished":"2024-11-07T16:40:31+00:00","breadcrumb":{"@id":"https:\/\/interreg-grace.eu\/de\/event\/carnaval-von-corps-in-situ-artezia\/#breadcrumb"},"inLanguage":"de","potentialAction":[{"@type":"ReadAction","target":["https:\/\/interreg-grace.eu\/de\/event\/carnaval-von-corps-in-situ-artezia\/"]}]},{"@type":"ImageObject","inLanguage":"de","@id":"https:\/\/interreg-grace.eu\/de\/event\/carnaval-von-corps-in-situ-artezia\/#primaryimage","url":"https:\/\/interreg-grace.eu\/wp-content\/uploads\/2024\/08\/CARNAVAL-c-Bohumil-KOSTOHRYZ-1071-1024x683-1.jpg","contentUrl":"https:\/\/interreg-grace.eu\/wp-content\/uploads\/2024\/08\/CARNAVAL-c-Bohumil-KOSTOHRYZ-1071-1024x683-1.jpg","width":1024,"height":683},{"@type":"BreadcrumbList","@id":"https:\/\/interreg-grace.eu\/de\/event\/carnaval-von-corps-in-situ-artezia\/#breadcrumb","itemListElement":[{"@type":"ListItem","position":1,"name":"Accueil","item":"https:\/\/interreg-grace.eu\/de\/"},{"@type":"ListItem","position":2,"name":"Veranstaltungen","item":"https:\/\/interreg-grace.eu\/de\/events\/"},{"@type":"ListItem","position":3,"name":"Carnaval von Corps In Situ \/ Artezia"}]},{"@type":"WebSite","@id":"https:\/\/interreg-grace.eu\/de\/#website","url":"https:\/\/interreg-grace.eu\/de\/","name":"Projet GRACE","description":"Greater Region Artistic and Cultural Education","publisher":{"@id":"https:\/\/interreg-grace.eu\/de\/#organization"},"potentialAction":[{"@type":"SearchAction","target":{"@type":"EntryPoint","urlTemplate":"https:\/\/interreg-grace.eu\/de\/?s={search_term_string}"},"query-input":{"@type":"PropertyValueSpecification","valueRequired":true,"valueName":"search_term_string"}}],"inLanguage":"de"},{"@type":"Organization","@id":"https:\/\/interreg-grace.eu\/de\/#organization","name":"Interreg Grace","alternateName":"Greater Region Artistic and Cultural Education","url":"https:\/\/interreg-grace.eu\/de\/","logo":{"@type":"ImageObject","inLanguage":"de","@id":"https:\/\/interreg-grace.eu\/de\/#\/schema\/logo\/image\/","url":"https:\/\/interreg-grace.eu\/wp-content\/uploads\/2024\/08\/cropped-favicon-grace.webp","contentUrl":"https:\/\/interreg-grace.eu\/wp-content\/uploads\/2024\/08\/cropped-favicon-grace.webp","width":512,"height":512,"caption":"Interreg Grace"},"image":{"@id":"https:\/\/interreg-grace.eu\/de\/#\/schema\/logo\/image\/"},"sameAs":["https:\/\/www.linkedin.com\/company\/interreg-grace\/"]}]}</script>
<!-- / Yoast SEO Premium plugin. -->

Während des Karnevals verkleidet man sich, tanzt und singt&#8230; Kurz [...]
