{"id":5595,"date":"2024-11-07T10:41:39","date_gmt":"2024-11-07T09:41:39","guid":{"rendered":"https:\/\/interreg-grace.eu\/event\/ahouvi-von-yuval-rozman\/"},"modified":"2024-11-07T10:41:39","modified_gmt":"2024-11-07T09:41:39","slug":"ahouvi-von-yuval-rozman","status":"publish","type":"tribe_events","link":"https:\/\/interreg-grace.eu\/de\/event\/ahouvi-von-yuval-rozman\/","title":{"rendered":"Ahouvi von Yuval Rozman"},"content":{"rendered":"<p>Enden Liebesgeschichten in der Regel schlecht? Ahouvi, das bedeutet auf Hebr\u00e4isch \u201emeine Liebe\u201c. Dieses St\u00fcck erz\u00e4hlt uns die Liebesgeschichte von Tamar, einer Israelin, die gerade in Paris gelandet ist, und Virgile, einem Einheimischen. Nach f\u00fcnf Jahren intensiver Beziehung, die gleichzeitig ein sinnliches Paradies und ein dunkles Grab ist, stehen sie kurz vor der Trennung. Sie nehmen das Publikum als Zeugen und beschlie\u00dfen, zu erz\u00e4hlen, was zu diesem Scheitern gef\u00fchrt hat: Ihre zuf\u00e4llige Begegnung, ihre r\u00fchrenden ersten Z\u00e4rtlichkeiten, die Ankunft eines liebenswerten Border Collies im Haushalt, die Spazierg\u00e4nge mit Virgils bester Freundin &#8230; aber auch die Verwicklungen, die Wutausbr\u00fcche und die immer st\u00e4rker werdende Aggressivit\u00e4t &#8230; Nach und nach zeichnen sich die Umrisse einer toxischen Beziehung ab, die die Intimsph\u00e4re des Paares in ein Schlachtfeld verwandelt, aus dem sich keiner der beiden befreien kann &#8230; Hinter der kleinen Geschichte verbirgt sich in Wirklichkeit die Gro\u00dfe. Wie in seinen anderen St\u00fccken skizziert Yuval Rozman, der vor zehn Jahren von Israel nach Frankreich zog, eine Metapher f\u00fcr den unl\u00f6sbaren israelisch-pal\u00e4stinensischen Konflikt. Wie in der Liebe zeigt er, wie man sich an eine Gewalt gew\u00f6hnen kann, die immer bereit ist, auszubrechen, sei es in einer Partnerschaft oder zwischen den V\u00f6lkern. In Franz\u00f6sisch mit deutschen \u00dcbertiteln.<br \/>\nDauer 110 Minuten<br \/>\nAb 14 Jahren<\/p>\n","protected":false},"excerpt":{"rendered":"<p>Ahouvi ist hebr\u00e4isch und bedeutet \u201emeine Liebe\u201c. Ahouvi erz\u00e4hlt die turbulente Liebesgeschichte zwischen Tamar, einer Israelin in Paris, und Virgile, einem Einheimischen. <\/p>\n","protected":false},"author":3,"featured_media":5591,"template":"","meta":{"_acf_changed":false,"_tribe_events_status":"","_tribe_events_status_reason":"","footnotes":""},"tags":[101],"tribe_events_cat":[97,127,113,122],"class_list":["post-5595","tribe_events","type-tribe_events","status-publish","has-post-thumbnail","hentry","tag-darstellende-kunst","tribe_events_cat-tout-public-de","tribe_events_cat-auffuhrung","tribe_events_cat-frankreich","tribe_events_cat-lebende-auffuhrung","cat_tout-public-de","cat_auffuhrung","cat_frankreich","cat_lebende-auffuhrung"],"acf":[],"yoast_head":"<!-- This site is optimized with the Yoast SEO Premium plugin v24.7 (Yoast SEO v27.3) - https:\/\/yoast.com\/product\/yoast-seo-premium-wordpress\/ -->\n<title>Ahouvi von Yuval Rozman - Projet GRACE<\/title>\n<meta name=\"robots\" content=\"index, follow, max-snippet:-1, max-image-preview:large, max-video-preview:-1\" \/>\n<link rel=\"canonical\" href=\"https:\/\/interreg-grace.eu\/de\/event\/ahouvi-von-yuval-rozman\/\" \/>\n<meta property=\"og:locale\" content=\"de_DE\" \/>\n<meta property=\"og:type\" content=\"article\" \/>\n<meta property=\"og:title\" content=\"Ahouvi von Yuval Rozman\" \/>\n<meta property=\"og:description\" content=\"Ahouvi ist hebr\u00e4isch und bedeutet \u201emeine Liebe\u201c. Ahouvi erz\u00e4hlt die turbulente Liebesgeschichte zwischen Tamar, einer Israelin in Paris, und Virgile, einem Einheimischen.\" \/>\n<meta property=\"og:url\" content=\"https:\/\/interreg-grace.eu\/de\/event\/ahouvi-von-yuval-rozman\/\" \/>\n<meta property=\"og:site_name\" content=\"Projet GRACE\" \/>\n<meta property=\"og:image\" content=\"https:\/\/interreg-grace.eu\/wp-content\/uploads\/2024\/11\/Ahouvi-scaled.jpg\" \/>\n\t<meta property=\"og:image:width\" content=\"2560\" \/>\n\t<meta property=\"og:image:height\" content=\"1703\" \/>\n\t<meta property=\"og:image:type\" content=\"image\/jpeg\" \/>\n<meta name=\"twitter:card\" content=\"summary_large_image\" \/>\n<meta name=\"twitter:label1\" content=\"Gesch\u00e4tzte Lesezeit\" \/>\n\t<meta name=\"twitter:data1\" content=\"1\u00a0Minute\" \/>\n<script type=\"application\/ld+json\" class=\"yoast-schema-graph\">{\"@context\":\"https:\\\/\\\/schema.org\",\"@graph\":[{\"@type\":\"WebPage\",\"@id\":\"https:\\\/\\\/interreg-grace.eu\\\/de\\\/event\\\/ahouvi-von-yuval-rozman\\\/\",\"url\":\"https:\\\/\\\/interreg-grace.eu\\\/de\\\/event\\\/ahouvi-von-yuval-rozman\\\/\",\"name\":\"Ahouvi von Yuval Rozman - Projet GRACE\",\"isPartOf\":{\"@id\":\"https:\\\/\\\/interreg-grace.eu\\\/de\\\/#website\"},\"primaryImageOfPage\":{\"@id\":\"https:\\\/\\\/interreg-grace.eu\\\/de\\\/event\\\/ahouvi-von-yuval-rozman\\\/#primaryimage\"},\"image\":{\"@id\":\"https:\\\/\\\/interreg-grace.eu\\\/de\\\/event\\\/ahouvi-von-yuval-rozman\\\/#primaryimage\"},\"thumbnailUrl\":\"https:\\\/\\\/interreg-grace.eu\\\/wp-content\\\/uploads\\\/2024\\\/11\\\/Ahouvi-scaled.jpg\",\"datePublished\":\"2024-11-07T09:41:39+00:00\",\"breadcrumb\":{\"@id\":\"https:\\\/\\\/interreg-grace.eu\\\/de\\\/event\\\/ahouvi-von-yuval-rozman\\\/#breadcrumb\"},\"inLanguage\":\"de\",\"potentialAction\":[{\"@type\":\"ReadAction\",\"target\":[\"https:\\\/\\\/interreg-grace.eu\\\/de\\\/event\\\/ahouvi-von-yuval-rozman\\\/\"]}]},{\"@type\":\"ImageObject\",\"inLanguage\":\"de\",\"@id\":\"https:\\\/\\\/interreg-grace.eu\\\/de\\\/event\\\/ahouvi-von-yuval-rozman\\\/#primaryimage\",\"url\":\"https:\\\/\\\/interreg-grace.eu\\\/wp-content\\\/uploads\\\/2024\\\/11\\\/Ahouvi-scaled.jpg\",\"contentUrl\":\"https:\\\/\\\/interreg-grace.eu\\\/wp-content\\\/uploads\\\/2024\\\/11\\\/Ahouvi-scaled.jpg\",\"width\":2560,\"height\":1703,\"caption\":\"Ahouvi \u00a9Fr\u00e9d\u00e9ric Iovino\"},{\"@type\":\"BreadcrumbList\",\"@id\":\"https:\\\/\\\/interreg-grace.eu\\\/de\\\/event\\\/ahouvi-von-yuval-rozman\\\/#breadcrumb\",\"itemListElement\":[{\"@type\":\"ListItem\",\"position\":1,\"name\":\"Accueil\",\"item\":\"https:\\\/\\\/interreg-grace.eu\\\/de\\\/\"},{\"@type\":\"ListItem\",\"position\":2,\"name\":\"Veranstaltungen\",\"item\":\"https:\\\/\\\/interreg-grace.eu\\\/de\\\/events\\\/\"},{\"@type\":\"ListItem\",\"position\":3,\"name\":\"Ahouvi von Yuval Rozman\"}]},{\"@type\":\"WebSite\",\"@id\":\"https:\\\/\\\/interreg-grace.eu\\\/de\\\/#website\",\"url\":\"https:\\\/\\\/interreg-grace.eu\\\/de\\\/\",\"name\":\"Projet GRACE\",\"description\":\"Greater Region Artistic and Cultural Education\",\"publisher\":{\"@id\":\"https:\\\/\\\/interreg-grace.eu\\\/de\\\/#organization\"},\"potentialAction\":[{\"@type\":\"SearchAction\",\"target\":{\"@type\":\"EntryPoint\",\"urlTemplate\":\"https:\\\/\\\/interreg-grace.eu\\\/de\\\/?s={search_term_string}\"},\"query-input\":{\"@type\":\"PropertyValueSpecification\",\"valueRequired\":true,\"valueName\":\"search_term_string\"}}],\"inLanguage\":\"de\"},{\"@type\":\"Organization\",\"@id\":\"https:\\\/\\\/interreg-grace.eu\\\/de\\\/#organization\",\"name\":\"Interreg Grace\",\"alternateName\":\"Greater Region Artistic and Cultural Education\",\"url\":\"https:\\\/\\\/interreg-grace.eu\\\/de\\\/\",\"logo\":{\"@type\":\"ImageObject\",\"inLanguage\":\"de\",\"@id\":\"https:\\\/\\\/interreg-grace.eu\\\/de\\\/#\\\/schema\\\/logo\\\/image\\\/\",\"url\":\"https:\\\/\\\/interreg-grace.eu\\\/wp-content\\\/uploads\\\/2024\\\/08\\\/cropped-favicon-grace.webp\",\"contentUrl\":\"https:\\\/\\\/interreg-grace.eu\\\/wp-content\\\/uploads\\\/2024\\\/08\\\/cropped-favicon-grace.webp\",\"width\":512,\"height\":512,\"caption\":\"Interreg Grace\"},\"image\":{\"@id\":\"https:\\\/\\\/interreg-grace.eu\\\/de\\\/#\\\/schema\\\/logo\\\/image\\\/\"},\"sameAs\":[\"https:\\\/\\\/www.linkedin.com\\\/company\\\/interreg-grace\\\/\"]}]}<\/script>\n<!-- \/ Yoast SEO Premium plugin. -->","yoast_head_json":{"title":"Ahouvi von Yuval Rozman - Projet GRACE","robots":{"index":"index","follow":"follow","max-snippet":"max-snippet:-1","max-image-preview":"max-image-preview:large","max-video-preview":"max-video-preview:-1"},"canonical":"https:\/\/interreg-grace.eu\/de\/event\/ahouvi-von-yuval-rozman\/","og_locale":"de_DE","og_type":"article","og_title":"Ahouvi von Yuval Rozman","og_description":"Ahouvi ist hebr\u00e4isch und bedeutet \u201emeine Liebe\u201c. Ahouvi erz\u00e4hlt die turbulente Liebesgeschichte zwischen Tamar, einer Israelin in Paris, und Virgile, einem Einheimischen.","og_url":"https:\/\/interreg-grace.eu\/de\/event\/ahouvi-von-yuval-rozman\/","og_site_name":"Projet GRACE","og_image":[{"width":2560,"height":1703,"url":"https:\/\/interreg-grace.eu\/wp-content\/uploads\/2024\/11\/Ahouvi-scaled.jpg","type":"image\/jpeg"}],"twitter_card":"summary_large_image","twitter_misc":{"Gesch\u00e4tzte Lesezeit":"1\u00a0Minute"},"schema":{"@context":"https:\/\/schema.org","@graph":[{"@type":"WebPage","@id":"https:\/\/interreg-grace.eu\/de\/event\/ahouvi-von-yuval-rozman\/","url":"https:\/\/interreg-grace.eu\/de\/event\/ahouvi-von-yuval-rozman\/","name":"Ahouvi von Yuval Rozman - Projet GRACE","isPartOf":{"@id":"https:\/\/interreg-grace.eu\/de\/#website"},"primaryImageOfPage":{"@id":"https:\/\/interreg-grace.eu\/de\/event\/ahouvi-von-yuval-rozman\/#primaryimage"},"image":{"@id":"https:\/\/interreg-grace.eu\/de\/event\/ahouvi-von-yuval-rozman\/#primaryimage"},"thumbnailUrl":"https:\/\/interreg-grace.eu\/wp-content\/uploads\/2024\/11\/Ahouvi-scaled.jpg","datePublished":"2024-11-07T09:41:39+00:00","breadcrumb":{"@id":"https:\/\/interreg-grace.eu\/de\/event\/ahouvi-von-yuval-rozman\/#breadcrumb"},"inLanguage":"de","potentialAction":[{"@type":"ReadAction","target":["https:\/\/interreg-grace.eu\/de\/event\/ahouvi-von-yuval-rozman\/"]}]},{"@type":"ImageObject","inLanguage":"de","@id":"https:\/\/interreg-grace.eu\/de\/event\/ahouvi-von-yuval-rozman\/#primaryimage","url":"https:\/\/interreg-grace.eu\/wp-content\/uploads\/2024\/11\/Ahouvi-scaled.jpg","contentUrl":"https:\/\/interreg-grace.eu\/wp-content\/uploads\/2024\/11\/Ahouvi-scaled.jpg","width":2560,"height":1703,"caption":"Ahouvi \u00a9Fr\u00e9d\u00e9ric Iovino"},{"@type":"BreadcrumbList","@id":"https:\/\/interreg-grace.eu\/de\/event\/ahouvi-von-yuval-rozman\/#breadcrumb","itemListElement":[{"@type":"ListItem","position":1,"name":"Accueil","item":"https:\/\/interreg-grace.eu\/de\/"},{"@type":"ListItem","position":2,"name":"Veranstaltungen","item":"https:\/\/interreg-grace.eu\/de\/events\/"},{"@type":"ListItem","position":3,"name":"Ahouvi von Yuval Rozman"}]},{"@type":"WebSite","@id":"https:\/\/interreg-grace.eu\/de\/#website","url":"https:\/\/interreg-grace.eu\/de\/","name":"Projet GRACE","description":"Greater Region Artistic and Cultural Education","publisher":{"@id":"https:\/\/interreg-grace.eu\/de\/#organization"},"potentialAction":[{"@type":"SearchAction","target":{"@type":"EntryPoint","urlTemplate":"https:\/\/interreg-grace.eu\/de\/?s={search_term_string}"},"query-input":{"@type":"PropertyValueSpecification","valueRequired":true,"valueName":"search_term_string"}}],"inLanguage":"de"},{"@type":"Organization","@id":"https:\/\/interreg-grace.eu\/de\/#organization","name":"Interreg Grace","alternateName":"Greater Region Artistic and Cultural Education","url":"https:\/\/interreg-grace.eu\/de\/","logo":{"@type":"ImageObject","inLanguage":"de","@id":"https:\/\/interreg-grace.eu\/de\/#\/schema\/logo\/image\/","url":"https:\/\/interreg-grace.eu\/wp-content\/uploads\/2024\/08\/cropped-favicon-grace.webp","contentUrl":"https:\/\/interreg-grace.eu\/wp-content\/uploads\/2024\/08\/cropped-favicon-grace.webp","width":512,"height":512,"caption":"Interreg Grace"},"image":{"@id":"https:\/\/interreg-grace.eu\/de\/#\/schema\/logo\/image\/"},"sameAs":["https:\/\/www.linkedin.com\/company\/interreg-grace\/"]}]}},"_links":{"self":[{"href":"https:\/\/interreg-grace.eu\/de\/wp-json\/wp\/v2\/tribe_events\/5595","targetHints":{"allow":["GET"]}}],"collection":[{"href":"https:\/\/interreg-grace.eu\/de\/wp-json\/wp\/v2\/tribe_events"}],"about":[{"href":"https:\/\/interreg-grace.eu\/de\/wp-json\/wp\/v2\/types\/tribe_events"}],"author":[{"embeddable":true,"href":"https:\/\/interreg-grace.eu\/de\/wp-json\/wp\/v2\/users\/3"}],"version-history":[{"count":0,"href":"https:\/\/interreg-grace.eu\/de\/wp-json\/wp\/v2\/tribe_events\/5595\/revisions"}],"wp:featuredmedia":[{"embeddable":true,"href":"https:\/\/interreg-grace.eu\/de\/wp-json\/wp\/v2\/media\/5591"}],"wp:attachment":[{"href":"https:\/\/interreg-grace.eu\/de\/wp-json\/wp\/v2\/media?parent=5595"}],"wp:term":[{"taxonomy":"post_tag","embeddable":true,"href":"https:\/\/interreg-grace.eu\/de\/wp-json\/wp\/v2\/tags?post=5595"},{"taxonomy":"tribe_events_cat","embeddable":true,"href":"https:\/\/interreg-grace.eu\/de\/wp-json\/wp\/v2\/tribe_events_cat?post=5595"}],"curies":[{"name":"wp","href":"https:\/\/api.w.org\/{rel}","templated":true}]}}

<p>Enden Liebesgeschichten in der Regel schlecht? Ahouvi, das bedeutet auf Hebräisch „meine Liebe“. Dieses Stück erzählt uns die Liebesgeschichte von Tamar, einer Israelin, die gerade in Paris gelandet ist, und Virgile, einem Einheimischen. Nach fünf Jahren intensiver Beziehung, die gleichzeitig ein sinnliches Paradies und ein dunkles Grab ist, stehen sie kurz vor der Trennung. Sie nehmen das Publikum als Zeugen und beschließen, zu erzählen, was zu diesem Scheitern geführt hat: Ihre zufällige Begegnung, ihre rührenden ersten Zärtlichkeiten, die Ankunft eines liebenswerten Border Collies im Haushalt, die Spaziergänge mit Virgils bester Freundin &#8230; aber auch die Verwicklungen, die Wutausbrüche und die immer stärker werdende Aggressivität &#8230; Nach und nach zeichnen sich die Umrisse einer toxischen Beziehung ab, die die Intimsphäre des Paares in ein Schlachtfeld verwandelt, aus dem sich keiner der beiden befreien kann &#8230; Hinter der kleinen Geschichte verbirgt sich in Wirklichkeit die Große. Wie in seinen anderen Stücken skizziert Yuval Rozman, der vor zehn Jahren von Israel nach Frankreich zog, eine Metapher für den unlösbaren israelisch-palästinensischen Konflikt. Wie in der Liebe zeigt er, wie man sich an eine Gewalt gewöhnen kann, die immer bereit ist, auszubrechen, sei es in einer Partnerschaft oder zwischen den Völkern. In Französisch mit deutschen Übertiteln.<br />
Dauer 110 Minuten<br />
Ab 14 Jahren</p>

<p>Ahouvi ist hebräisch und bedeutet „meine Liebe“. Ahouvi erzählt die turbulente Liebesgeschichte zwischen Tamar, einer Israelin in Paris, und Virgile, einem Einheimischen. </p>

<!-- This site is optimized with the Yoast SEO Premium plugin v24.7 (Yoast SEO v27.3) - https://yoast.com/product/yoast-seo-premium-wordpress/ -->
<title>Ahouvi von Yuval Rozman - Projet GRACE</title>
<meta name="robots" content="index, follow, max-snippet:-1, max-image-preview:large, max-video-preview:-1" />
<link rel="canonical" href="https://interreg-grace.eu/de/event/ahouvi-von-yuval-rozman/" />
<meta property="og:locale" content="de_DE" />
<meta property="og:type" content="article" />
<meta property="og:title" content="Ahouvi von Yuval Rozman" />
<meta property="og:description" content="Ahouvi ist hebräisch und bedeutet „meine Liebe“. Ahouvi erzählt die turbulente Liebesgeschichte zwischen Tamar, einer Israelin in Paris, und Virgile, einem Einheimischen." />
<meta property="og:url" content="https://interreg-grace.eu/de/event/ahouvi-von-yuval-rozman/" />
<meta property="og:site_name" content="Projet GRACE" />
<meta property="og:image" content="https://interreg-grace.eu/wp-content/uploads/2024/11/Ahouvi-scaled.jpg" />
	<meta property="og:image:width" content="2560" />
	<meta property="og:image:height" content="1703" />
	<meta property="og:image:type" content="image/jpeg" />
<meta name="twitter:card" content="summary_large_image" />
<meta name="twitter:label1" content="Geschätzte Lesezeit" />
	<meta name="twitter:data1" content="1 Minute" />
<script type="application/ld+json" class="yoast-schema-graph">{"@context":"https:\/\/schema.org","@graph":[{"@type":"WebPage","@id":"https:\/\/interreg-grace.eu\/de\/event\/ahouvi-von-yuval-rozman\/","url":"https:\/\/interreg-grace.eu\/de\/event\/ahouvi-von-yuval-rozman\/","name":"Ahouvi von Yuval Rozman - Projet GRACE","isPartOf":{"@id":"https:\/\/interreg-grace.eu\/de\/#website"},"primaryImageOfPage":{"@id":"https:\/\/interreg-grace.eu\/de\/event\/ahouvi-von-yuval-rozman\/#primaryimage"},"image":{"@id":"https:\/\/interreg-grace.eu\/de\/event\/ahouvi-von-yuval-rozman\/#primaryimage"},"thumbnailUrl":"https:\/\/interreg-grace.eu\/wp-content\/uploads\/2024\/11\/Ahouvi-scaled.jpg","datePublished":"2024-11-07T09:41:39+00:00","breadcrumb":{"@id":"https:\/\/interreg-grace.eu\/de\/event\/ahouvi-von-yuval-rozman\/#breadcrumb"},"inLanguage":"de","potentialAction":[{"@type":"ReadAction","target":["https:\/\/interreg-grace.eu\/de\/event\/ahouvi-von-yuval-rozman\/"]}]},{"@type":"ImageObject","inLanguage":"de","@id":"https:\/\/interreg-grace.eu\/de\/event\/ahouvi-von-yuval-rozman\/#primaryimage","url":"https:\/\/interreg-grace.eu\/wp-content\/uploads\/2024\/11\/Ahouvi-scaled.jpg","contentUrl":"https:\/\/interreg-grace.eu\/wp-content\/uploads\/2024\/11\/Ahouvi-scaled.jpg","width":2560,"height":1703,"caption":"Ahouvi ©Frédéric Iovino"},{"@type":"BreadcrumbList","@id":"https:\/\/interreg-grace.eu\/de\/event\/ahouvi-von-yuval-rozman\/#breadcrumb","itemListElement":[{"@type":"ListItem","position":1,"name":"Accueil","item":"https:\/\/interreg-grace.eu\/de\/"},{"@type":"ListItem","position":2,"name":"Veranstaltungen","item":"https:\/\/interreg-grace.eu\/de\/events\/"},{"@type":"ListItem","position":3,"name":"Ahouvi von Yuval Rozman"}]},{"@type":"WebSite","@id":"https:\/\/interreg-grace.eu\/de\/#website","url":"https:\/\/interreg-grace.eu\/de\/","name":"Projet GRACE","description":"Greater Region Artistic and Cultural Education","publisher":{"@id":"https:\/\/interreg-grace.eu\/de\/#organization"},"potentialAction":[{"@type":"SearchAction","target":{"@type":"EntryPoint","urlTemplate":"https:\/\/interreg-grace.eu\/de\/?s={search_term_string}"},"query-input":{"@type":"PropertyValueSpecification","valueRequired":true,"valueName":"search_term_string"}}],"inLanguage":"de"},{"@type":"Organization","@id":"https:\/\/interreg-grace.eu\/de\/#organization","name":"Interreg Grace","alternateName":"Greater Region Artistic and Cultural Education","url":"https:\/\/interreg-grace.eu\/de\/","logo":{"@type":"ImageObject","inLanguage":"de","@id":"https:\/\/interreg-grace.eu\/de\/#\/schema\/logo\/image\/","url":"https:\/\/interreg-grace.eu\/wp-content\/uploads\/2024\/08\/cropped-favicon-grace.webp","contentUrl":"https:\/\/interreg-grace.eu\/wp-content\/uploads\/2024\/08\/cropped-favicon-grace.webp","width":512,"height":512,"caption":"Interreg Grace"},"image":{"@id":"https:\/\/interreg-grace.eu\/de\/#\/schema\/logo\/image\/"},"sameAs":["https:\/\/www.linkedin.com\/company\/interreg-grace\/"]}]}</script>
<!-- / Yoast SEO Premium plugin. -->

Ahouvi ist hebräisch und bedeutet „meine Liebe“. Ahouvi erzählt die turbulente Liebesgeschichte zwischen Tamar, einer Israelin in Paris, und Virgile, einem Einheimischen.

Ahouvi ©Frédéric Iovino
