{"id":5498,"date":"2024-08-30T10:14:32","date_gmt":"2024-08-30T08:14:32","guid":{"rendered":"https:\/\/interreg-grace.eu\/event\/festival-impact-theater-von-luettich\/"},"modified":"2024-08-30T10:14:32","modified_gmt":"2024-08-30T08:14:32","slug":"festival-impact-theater-von-luettich","status":"publish","type":"tribe_events","link":"https:\/\/interreg-grace.eu\/de\/event\/festival-impact-theater-von-luettich\/","title":{"rendered":"Festival Impact, Theater von L\u00fcttich"},"content":{"rendered":"<p>Die sechste Ausgabe des Festivals IMPACT konzentriert sich auf das Thema \u201eNach der Welt\u201c. IMPACT l\u00e4dt zu einer neuartigen Erkundung neuer Formen, neuer Identit\u00e4ten und Geografien durch Tanz, Theater, Performance, plastische und digitale Kunst ein und er\u00f6ffnet einen Raum der Hybridisierungen, in dem die Grenzen zwischen den Disziplinen und k\u00fcnstlerischen Praktiken por\u00f6s werden. 15 Tage lang werden die Zuschauer mit einem k\u00fchnen Programm aus Performances, Begegnungen und Ausstellungen dazu eingeladen, den Sinn f\u00fcr das Staunen wiederzufinden, sich von den Schwingungen sensibler Welten mitrei\u00dfen zu lassen und sich gemeinsam die \u201eWelt danach\u201c vorzustellen, als eine kontinuierliche Reise ins Unbekannte, als das bewegliche Ziel unserer tiefsten Sehns\u00fcchte. Die Installation Hyperborea des Collectif Ersatz, die vom GRACE-Projekt unterst\u00fctzt wird, wird w\u00e4hrend des Festivals gezeigt, und alle GRACE-Partner aus dem Bereich der darstellenden K\u00fcnste sind zu den professionellen Treffen eingeladen, die w\u00e4hrend dieser zwei Wochen stattfinden werden.   <\/p>\n","protected":false},"excerpt":{"rendered":"<p>Die sechste Ausgabe des IMPACT-Festivals konzentriert sich auf das Thema \u201eNach der Welt\u201c.<\/p>\n","protected":false},"author":1,"featured_media":4908,"template":"","meta":{"_acf_changed":false,"_tribe_events_status":"","_tribe_events_status_reason":"","footnotes":""},"tags":[100],"tribe_events_cat":[97,121,112,124],"class_list":["post-5498","tribe_events","type-tribe_events","status-publish","has-post-thumbnail","hentry","tag-digitale-kunste","tribe_events_cat-tout-public-de","tribe_events_cat-austausch-von-wissen-und-erfahrungen","tribe_events_cat-belgien","tribe_events_cat-werkstatt","cat_tout-public-de","cat_austausch-von-wissen-und-erfahrungen","cat_belgien","cat_werkstatt"],"acf":[],"yoast_head":"<!-- This site is optimized with the Yoast SEO Premium plugin v24.7 (Yoast SEO v27.3) - https:\/\/yoast.com\/product\/yoast-seo-premium-wordpress\/ -->\n<title>Festival Impact, Theater von L\u00fcttich - Projet GRACE<\/title>\n<meta name=\"robots\" content=\"index, follow, max-snippet:-1, max-image-preview:large, max-video-preview:-1\" \/>\n<link rel=\"canonical\" href=\"https:\/\/interreg-grace.eu\/de\/event\/festival-impact-theater-von-luettich\/\" \/>\n<meta property=\"og:locale\" content=\"de_DE\" \/>\n<meta property=\"og:type\" content=\"article\" \/>\n<meta property=\"og:title\" content=\"Festival Impact, Theater von L\u00fcttich\" \/>\n<meta property=\"og:description\" content=\"Die sechste Ausgabe des IMPACT-Festivals konzentriert sich auf das Thema \u201eNach der Welt\u201c.\" \/>\n<meta property=\"og:url\" content=\"https:\/\/interreg-grace.eu\/de\/event\/festival-impact-theater-von-luettich\/\" \/>\n<meta property=\"og:site_name\" content=\"Projet GRACE\" \/>\n<meta property=\"og:image\" content=\"https:\/\/interreg-grace.eu\/wp-content\/uploads\/2024\/08\/IMPACT.png\" \/>\n\t<meta property=\"og:image:width\" content=\"8334\" \/>\n\t<meta property=\"og:image:height\" content=\"8334\" \/>\n\t<meta property=\"og:image:type\" content=\"image\/png\" \/>\n<meta name=\"twitter:card\" content=\"summary_large_image\" \/>\n<meta name=\"twitter:label1\" content=\"Gesch\u00e4tzte Lesezeit\" \/>\n\t<meta name=\"twitter:data1\" content=\"1\u00a0Minute\" \/>\n<script type=\"application\/ld+json\" class=\"yoast-schema-graph\">{\"@context\":\"https:\\\/\\\/schema.org\",\"@graph\":[{\"@type\":\"WebPage\",\"@id\":\"https:\\\/\\\/interreg-grace.eu\\\/de\\\/event\\\/festival-impact-theater-von-luettich\\\/\",\"url\":\"https:\\\/\\\/interreg-grace.eu\\\/de\\\/event\\\/festival-impact-theater-von-luettich\\\/\",\"name\":\"Festival Impact, Theater von L\u00fcttich - Projet GRACE\",\"isPartOf\":{\"@id\":\"https:\\\/\\\/interreg-grace.eu\\\/de\\\/#website\"},\"primaryImageOfPage\":{\"@id\":\"https:\\\/\\\/interreg-grace.eu\\\/de\\\/event\\\/festival-impact-theater-von-luettich\\\/#primaryimage\"},\"image\":{\"@id\":\"https:\\\/\\\/interreg-grace.eu\\\/de\\\/event\\\/festival-impact-theater-von-luettich\\\/#primaryimage\"},\"thumbnailUrl\":\"https:\\\/\\\/interreg-grace.eu\\\/wp-content\\\/uploads\\\/2024\\\/08\\\/IMPACT.png\",\"datePublished\":\"2024-08-30T08:14:32+00:00\",\"breadcrumb\":{\"@id\":\"https:\\\/\\\/interreg-grace.eu\\\/de\\\/event\\\/festival-impact-theater-von-luettich\\\/#breadcrumb\"},\"inLanguage\":\"de\",\"potentialAction\":[{\"@type\":\"ReadAction\",\"target\":[\"https:\\\/\\\/interreg-grace.eu\\\/de\\\/event\\\/festival-impact-theater-von-luettich\\\/\"]}]},{\"@type\":\"ImageObject\",\"inLanguage\":\"de\",\"@id\":\"https:\\\/\\\/interreg-grace.eu\\\/de\\\/event\\\/festival-impact-theater-von-luettich\\\/#primaryimage\",\"url\":\"https:\\\/\\\/interreg-grace.eu\\\/wp-content\\\/uploads\\\/2024\\\/08\\\/IMPACT.png\",\"contentUrl\":\"https:\\\/\\\/interreg-grace.eu\\\/wp-content\\\/uploads\\\/2024\\\/08\\\/IMPACT.png\",\"width\":8334,\"height\":8334},{\"@type\":\"BreadcrumbList\",\"@id\":\"https:\\\/\\\/interreg-grace.eu\\\/de\\\/event\\\/festival-impact-theater-von-luettich\\\/#breadcrumb\",\"itemListElement\":[{\"@type\":\"ListItem\",\"position\":1,\"name\":\"Accueil\",\"item\":\"https:\\\/\\\/interreg-grace.eu\\\/de\\\/\"},{\"@type\":\"ListItem\",\"position\":2,\"name\":\"Veranstaltungen\",\"item\":\"https:\\\/\\\/interreg-grace.eu\\\/de\\\/events\\\/\"},{\"@type\":\"ListItem\",\"position\":3,\"name\":\"Festival Impact, Theater von L\u00fcttich\"}]},{\"@type\":\"WebSite\",\"@id\":\"https:\\\/\\\/interreg-grace.eu\\\/de\\\/#website\",\"url\":\"https:\\\/\\\/interreg-grace.eu\\\/de\\\/\",\"name\":\"Projet GRACE\",\"description\":\"Greater Region Artistic and Cultural Education\",\"publisher\":{\"@id\":\"https:\\\/\\\/interreg-grace.eu\\\/de\\\/#organization\"},\"potentialAction\":[{\"@type\":\"SearchAction\",\"target\":{\"@type\":\"EntryPoint\",\"urlTemplate\":\"https:\\\/\\\/interreg-grace.eu\\\/de\\\/?s={search_term_string}\"},\"query-input\":{\"@type\":\"PropertyValueSpecification\",\"valueRequired\":true,\"valueName\":\"search_term_string\"}}],\"inLanguage\":\"de\"},{\"@type\":\"Organization\",\"@id\":\"https:\\\/\\\/interreg-grace.eu\\\/de\\\/#organization\",\"name\":\"Interreg Grace\",\"alternateName\":\"Greater Region Artistic and Cultural Education\",\"url\":\"https:\\\/\\\/interreg-grace.eu\\\/de\\\/\",\"logo\":{\"@type\":\"ImageObject\",\"inLanguage\":\"de\",\"@id\":\"https:\\\/\\\/interreg-grace.eu\\\/de\\\/#\\\/schema\\\/logo\\\/image\\\/\",\"url\":\"https:\\\/\\\/interreg-grace.eu\\\/wp-content\\\/uploads\\\/2024\\\/08\\\/cropped-favicon-grace.webp\",\"contentUrl\":\"https:\\\/\\\/interreg-grace.eu\\\/wp-content\\\/uploads\\\/2024\\\/08\\\/cropped-favicon-grace.webp\",\"width\":512,\"height\":512,\"caption\":\"Interreg Grace\"},\"image\":{\"@id\":\"https:\\\/\\\/interreg-grace.eu\\\/de\\\/#\\\/schema\\\/logo\\\/image\\\/\"},\"sameAs\":[\"https:\\\/\\\/www.linkedin.com\\\/company\\\/interreg-grace\\\/\"]}]}<\/script>\n<!-- \/ Yoast SEO Premium plugin. -->","yoast_head_json":{"title":"Festival Impact, Theater von L\u00fcttich - Projet GRACE","robots":{"index":"index","follow":"follow","max-snippet":"max-snippet:-1","max-image-preview":"max-image-preview:large","max-video-preview":"max-video-preview:-1"},"canonical":"https:\/\/interreg-grace.eu\/de\/event\/festival-impact-theater-von-luettich\/","og_locale":"de_DE","og_type":"article","og_title":"Festival Impact, Theater von L\u00fcttich","og_description":"Die sechste Ausgabe des IMPACT-Festivals konzentriert sich auf das Thema \u201eNach der Welt\u201c.","og_url":"https:\/\/interreg-grace.eu\/de\/event\/festival-impact-theater-von-luettich\/","og_site_name":"Projet GRACE","og_image":[{"width":8334,"height":8334,"url":"https:\/\/interreg-grace.eu\/wp-content\/uploads\/2024\/08\/IMPACT.png","type":"image\/png"}],"twitter_card":"summary_large_image","twitter_misc":{"Gesch\u00e4tzte Lesezeit":"1\u00a0Minute"},"schema":{"@context":"https:\/\/schema.org","@graph":[{"@type":"WebPage","@id":"https:\/\/interreg-grace.eu\/de\/event\/festival-impact-theater-von-luettich\/","url":"https:\/\/interreg-grace.eu\/de\/event\/festival-impact-theater-von-luettich\/","name":"Festival Impact, Theater von L\u00fcttich - Projet GRACE","isPartOf":{"@id":"https:\/\/interreg-grace.eu\/de\/#website"},"primaryImageOfPage":{"@id":"https:\/\/interreg-grace.eu\/de\/event\/festival-impact-theater-von-luettich\/#primaryimage"},"image":{"@id":"https:\/\/interreg-grace.eu\/de\/event\/festival-impact-theater-von-luettich\/#primaryimage"},"thumbnailUrl":"https:\/\/interreg-grace.eu\/wp-content\/uploads\/2024\/08\/IMPACT.png","datePublished":"2024-08-30T08:14:32+00:00","breadcrumb":{"@id":"https:\/\/interreg-grace.eu\/de\/event\/festival-impact-theater-von-luettich\/#breadcrumb"},"inLanguage":"de","potentialAction":[{"@type":"ReadAction","target":["https:\/\/interreg-grace.eu\/de\/event\/festival-impact-theater-von-luettich\/"]}]},{"@type":"ImageObject","inLanguage":"de","@id":"https:\/\/interreg-grace.eu\/de\/event\/festival-impact-theater-von-luettich\/#primaryimage","url":"https:\/\/interreg-grace.eu\/wp-content\/uploads\/2024\/08\/IMPACT.png","contentUrl":"https:\/\/interreg-grace.eu\/wp-content\/uploads\/2024\/08\/IMPACT.png","width":8334,"height":8334},{"@type":"BreadcrumbList","@id":"https:\/\/interreg-grace.eu\/de\/event\/festival-impact-theater-von-luettich\/#breadcrumb","itemListElement":[{"@type":"ListItem","position":1,"name":"Accueil","item":"https:\/\/interreg-grace.eu\/de\/"},{"@type":"ListItem","position":2,"name":"Veranstaltungen","item":"https:\/\/interreg-grace.eu\/de\/events\/"},{"@type":"ListItem","position":3,"name":"Festival Impact, Theater von L\u00fcttich"}]},{"@type":"WebSite","@id":"https:\/\/interreg-grace.eu\/de\/#website","url":"https:\/\/interreg-grace.eu\/de\/","name":"Projet GRACE","description":"Greater Region Artistic and Cultural Education","publisher":{"@id":"https:\/\/interreg-grace.eu\/de\/#organization"},"potentialAction":[{"@type":"SearchAction","target":{"@type":"EntryPoint","urlTemplate":"https:\/\/interreg-grace.eu\/de\/?s={search_term_string}"},"query-input":{"@type":"PropertyValueSpecification","valueRequired":true,"valueName":"search_term_string"}}],"inLanguage":"de"},{"@type":"Organization","@id":"https:\/\/interreg-grace.eu\/de\/#organization","name":"Interreg Grace","alternateName":"Greater Region Artistic and Cultural Education","url":"https:\/\/interreg-grace.eu\/de\/","logo":{"@type":"ImageObject","inLanguage":"de","@id":"https:\/\/interreg-grace.eu\/de\/#\/schema\/logo\/image\/","url":"https:\/\/interreg-grace.eu\/wp-content\/uploads\/2024\/08\/cropped-favicon-grace.webp","contentUrl":"https:\/\/interreg-grace.eu\/wp-content\/uploads\/2024\/08\/cropped-favicon-grace.webp","width":512,"height":512,"caption":"Interreg Grace"},"image":{"@id":"https:\/\/interreg-grace.eu\/de\/#\/schema\/logo\/image\/"},"sameAs":["https:\/\/www.linkedin.com\/company\/interreg-grace\/"]}]}},"_links":{"self":[{"href":"https:\/\/interreg-grace.eu\/de\/wp-json\/wp\/v2\/tribe_events\/5498","targetHints":{"allow":["GET"]}}],"collection":[{"href":"https:\/\/interreg-grace.eu\/de\/wp-json\/wp\/v2\/tribe_events"}],"about":[{"href":"https:\/\/interreg-grace.eu\/de\/wp-json\/wp\/v2\/types\/tribe_events"}],"author":[{"embeddable":true,"href":"https:\/\/interreg-grace.eu\/de\/wp-json\/wp\/v2\/users\/1"}],"version-history":[{"count":0,"href":"https:\/\/interreg-grace.eu\/de\/wp-json\/wp\/v2\/tribe_events\/5498\/revisions"}],"wp:featuredmedia":[{"embeddable":true,"href":"https:\/\/interreg-grace.eu\/de\/wp-json\/wp\/v2\/media\/4908"}],"wp:attachment":[{"href":"https:\/\/interreg-grace.eu\/de\/wp-json\/wp\/v2\/media?parent=5498"}],"wp:term":[{"taxonomy":"post_tag","embeddable":true,"href":"https:\/\/interreg-grace.eu\/de\/wp-json\/wp\/v2\/tags?post=5498"},{"taxonomy":"tribe_events_cat","embeddable":true,"href":"https:\/\/interreg-grace.eu\/de\/wp-json\/wp\/v2\/tribe_events_cat?post=5498"}],"curies":[{"name":"wp","href":"https:\/\/api.w.org\/{rel}","templated":true}]}}

Festival Impact, Theater von Lüttich

<p>Die sechste Ausgabe des Festivals IMPACT konzentriert sich auf das Thema „Nach der Welt“. IMPACT lädt zu einer neuartigen Erkundung neuer Formen, neuer Identitäten und Geografien durch Tanz, Theater, Performance, plastische und digitale Kunst ein und eröffnet einen Raum der Hybridisierungen, in dem die Grenzen zwischen den Disziplinen und künstlerischen Praktiken porös werden. 15 Tage lang werden die Zuschauer mit einem kühnen Programm aus Performances, Begegnungen und Ausstellungen dazu eingeladen, den Sinn für das Staunen wiederzufinden, sich von den Schwingungen sensibler Welten mitreißen zu lassen und sich gemeinsam die „Welt danach“ vorzustellen, als eine kontinuierliche Reise ins Unbekannte, als das bewegliche Ziel unserer tiefsten Sehnsüchte. Die Installation Hyperborea des Collectif Ersatz, die vom GRACE-Projekt unterstützt wird, wird während des Festivals gezeigt, und alle GRACE-Partner aus dem Bereich der darstellenden Künste sind zu den professionellen Treffen eingeladen, die während dieser zwei Wochen stattfinden werden.   </p>

<!-- This site is optimized with the Yoast SEO Premium plugin v24.7 (Yoast SEO v27.3) - https://yoast.com/product/yoast-seo-premium-wordpress/ -->
<title>Festival Impact, Theater von Lüttich - Projet GRACE</title>
<meta name="robots" content="index, follow, max-snippet:-1, max-image-preview:large, max-video-preview:-1" />
<link rel="canonical" href="https://interreg-grace.eu/de/event/festival-impact-theater-von-luettich/" />
<meta property="og:locale" content="de_DE" />
<meta property="og:type" content="article" />
<meta property="og:title" content="Festival Impact, Theater von Lüttich" />
<meta property="og:description" content="Die sechste Ausgabe des IMPACT-Festivals konzentriert sich auf das Thema „Nach der Welt“." />
<meta property="og:url" content="https://interreg-grace.eu/de/event/festival-impact-theater-von-luettich/" />
<meta property="og:site_name" content="Projet GRACE" />
<meta property="og:image" content="https://interreg-grace.eu/wp-content/uploads/2024/08/IMPACT.png" />
	<meta property="og:image:width" content="8334" />
	<meta property="og:image:height" content="8334" />
	<meta property="og:image:type" content="image/png" />
<meta name="twitter:card" content="summary_large_image" />
<meta name="twitter:label1" content="Geschätzte Lesezeit" />
	<meta name="twitter:data1" content="1 Minute" />
<script type="application/ld+json" class="yoast-schema-graph">{"@context":"https:\/\/schema.org","@graph":[{"@type":"WebPage","@id":"https:\/\/interreg-grace.eu\/de\/event\/festival-impact-theater-von-luettich\/","url":"https:\/\/interreg-grace.eu\/de\/event\/festival-impact-theater-von-luettich\/","name":"Festival Impact, Theater von Lüttich - Projet GRACE","isPartOf":{"@id":"https:\/\/interreg-grace.eu\/de\/#website"},"primaryImageOfPage":{"@id":"https:\/\/interreg-grace.eu\/de\/event\/festival-impact-theater-von-luettich\/#primaryimage"},"image":{"@id":"https:\/\/interreg-grace.eu\/de\/event\/festival-impact-theater-von-luettich\/#primaryimage"},"thumbnailUrl":"https:\/\/interreg-grace.eu\/wp-content\/uploads\/2024\/08\/IMPACT.png","datePublished":"2024-08-30T08:14:32+00:00","breadcrumb":{"@id":"https:\/\/interreg-grace.eu\/de\/event\/festival-impact-theater-von-luettich\/#breadcrumb"},"inLanguage":"de","potentialAction":[{"@type":"ReadAction","target":["https:\/\/interreg-grace.eu\/de\/event\/festival-impact-theater-von-luettich\/"]}]},{"@type":"ImageObject","inLanguage":"de","@id":"https:\/\/interreg-grace.eu\/de\/event\/festival-impact-theater-von-luettich\/#primaryimage","url":"https:\/\/interreg-grace.eu\/wp-content\/uploads\/2024\/08\/IMPACT.png","contentUrl":"https:\/\/interreg-grace.eu\/wp-content\/uploads\/2024\/08\/IMPACT.png","width":8334,"height":8334},{"@type":"BreadcrumbList","@id":"https:\/\/interreg-grace.eu\/de\/event\/festival-impact-theater-von-luettich\/#breadcrumb","itemListElement":[{"@type":"ListItem","position":1,"name":"Accueil","item":"https:\/\/interreg-grace.eu\/de\/"},{"@type":"ListItem","position":2,"name":"Veranstaltungen","item":"https:\/\/interreg-grace.eu\/de\/events\/"},{"@type":"ListItem","position":3,"name":"Festival Impact, Theater von Lüttich"}]},{"@type":"WebSite","@id":"https:\/\/interreg-grace.eu\/de\/#website","url":"https:\/\/interreg-grace.eu\/de\/","name":"Projet GRACE","description":"Greater Region Artistic and Cultural Education","publisher":{"@id":"https:\/\/interreg-grace.eu\/de\/#organization"},"potentialAction":[{"@type":"SearchAction","target":{"@type":"EntryPoint","urlTemplate":"https:\/\/interreg-grace.eu\/de\/?s={search_term_string}"},"query-input":{"@type":"PropertyValueSpecification","valueRequired":true,"valueName":"search_term_string"}}],"inLanguage":"de"},{"@type":"Organization","@id":"https:\/\/interreg-grace.eu\/de\/#organization","name":"Interreg Grace","alternateName":"Greater Region Artistic and Cultural Education","url":"https:\/\/interreg-grace.eu\/de\/","logo":{"@type":"ImageObject","inLanguage":"de","@id":"https:\/\/interreg-grace.eu\/de\/#\/schema\/logo\/image\/","url":"https:\/\/interreg-grace.eu\/wp-content\/uploads\/2024\/08\/cropped-favicon-grace.webp","contentUrl":"https:\/\/interreg-grace.eu\/wp-content\/uploads\/2024\/08\/cropped-favicon-grace.webp","width":512,"height":512,"caption":"Interreg Grace"},"image":{"@id":"https:\/\/interreg-grace.eu\/de\/#\/schema\/logo\/image\/"},"sameAs":["https:\/\/www.linkedin.com\/company\/interreg-grace\/"]}]}</script>
<!-- / Yoast SEO Premium plugin. -->

Festival Impact, Theater von Lüttich - Projet GRACE
