{"id":5495,"date":"2024-08-30T10:06:12","date_gmt":"2024-08-30T08:06:12","guid":{"rendered":"https:\/\/interreg-grace.eu\/event\/ausstellung-10-jahre-schon-am-tor-der-deutschen-in-metz\/"},"modified":"2024-08-30T10:06:12","modified_gmt":"2024-08-30T08:06:12","slug":"ausstellung-10-jahre-schon-am-tor-der-deutschen-in-metz","status":"publish","type":"tribe_events","link":"https:\/\/interreg-grace.eu\/de\/event\/ausstellung-10-jahre-schon-am-tor-der-deutschen-in-metz\/","title":{"rendered":"Ausstellung 10 Jahre schon! Am Tor der Deutschen in Metz"},"content":{"rendered":"<p>Diese Ausstellung l\u00e4dt Sie ein, die Geschichte der Architektur dieses symboltr\u00e4chtigen Bauwerks des Metzer Kulturerbes (wieder) zu entdecken, aber auch die j\u00fcngsten arch\u00e4ologischen Erkenntnisse \u00fcber diesen Ort, die Restaurierungs- und Umbauarbeiten, von denen er profitiert hat, sowie die zahlreichen Aktivit\u00e4ten, die er seit 10 Jahren beherbergt und die ihn zu einem echten Ort der gemeinsamen Kultur machen.<\/p>\n","protected":false},"excerpt":{"rendered":"<p>Diese Ausstellung l\u00e4dt Sie dazu ein, die Geschichte der Architektur dieses symboltr\u00e4chtigen Bauwerks des Metzer Kulturerbes (wieder) zu entdecken.<\/p>\n","protected":false},"author":1,"featured_media":4907,"template":"","meta":{"_acf_changed":false,"_tribe_events_status":"","_tribe_events_status_reason":"","footnotes":""},"tags":[110],"tribe_events_cat":[97,99,113,96],"class_list":["post-5495","tribe_events","type-tribe_events","status-publish","has-post-thumbnail","hentry","tag-erbe","tribe_events_cat-tout-public-de","tribe_events_cat-exposition-de","tribe_events_cat-frankreich","tribe_events_cat-patrimoine-culturel-de","cat_tout-public-de","cat_exposition-de","cat_frankreich","cat_patrimoine-culturel-de"],"acf":[],"yoast_head":"<!-- This site is optimized with the Yoast SEO Premium plugin v24.7 (Yoast SEO v27.3) - https:\/\/yoast.com\/product\/yoast-seo-premium-wordpress\/ -->\n<title>Ausstellung 10 Jahre schon! Am Tor der Deutschen in Metz - Projet GRACE<\/title>\n<meta name=\"robots\" content=\"index, follow, max-snippet:-1, max-image-preview:large, max-video-preview:-1\" \/>\n<link rel=\"canonical\" href=\"https:\/\/interreg-grace.eu\/de\/event\/ausstellung-10-jahre-schon-am-tor-der-deutschen-in-metz\/\" \/>\n<meta property=\"og:locale\" content=\"de_DE\" \/>\n<meta property=\"og:type\" content=\"article\" \/>\n<meta property=\"og:title\" content=\"Ausstellung 10 Jahre schon! Am Tor der Deutschen in Metz\" \/>\n<meta property=\"og:description\" content=\"Diese Ausstellung l\u00e4dt Sie dazu ein, die Geschichte der Architektur dieses symboltr\u00e4chtigen Bauwerks des Metzer Kulturerbes (wieder) zu entdecken.\" \/>\n<meta property=\"og:url\" content=\"https:\/\/interreg-grace.eu\/de\/event\/ausstellung-10-jahre-schon-am-tor-der-deutschen-in-metz\/\" \/>\n<meta property=\"og:site_name\" content=\"Projet GRACE\" \/>\n<meta property=\"og:image\" content=\"https:\/\/interreg-grace.eu\/wp-content\/uploads\/2024\/08\/metz-chateau.jpg\" \/>\n\t<meta property=\"og:image:width\" content=\"432\" \/>\n\t<meta property=\"og:image:height\" content=\"498\" \/>\n\t<meta property=\"og:image:type\" content=\"image\/jpeg\" \/>\n<meta name=\"twitter:card\" content=\"summary_large_image\" \/>\n<script type=\"application\/ld+json\" class=\"yoast-schema-graph\">{\"@context\":\"https:\\\/\\\/schema.org\",\"@graph\":[{\"@type\":\"WebPage\",\"@id\":\"https:\\\/\\\/interreg-grace.eu\\\/de\\\/event\\\/ausstellung-10-jahre-schon-am-tor-der-deutschen-in-metz\\\/\",\"url\":\"https:\\\/\\\/interreg-grace.eu\\\/de\\\/event\\\/ausstellung-10-jahre-schon-am-tor-der-deutschen-in-metz\\\/\",\"name\":\"Ausstellung 10 Jahre schon! Am Tor der Deutschen in Metz - Projet GRACE\",\"isPartOf\":{\"@id\":\"https:\\\/\\\/interreg-grace.eu\\\/de\\\/#website\"},\"primaryImageOfPage\":{\"@id\":\"https:\\\/\\\/interreg-grace.eu\\\/de\\\/event\\\/ausstellung-10-jahre-schon-am-tor-der-deutschen-in-metz\\\/#primaryimage\"},\"image\":{\"@id\":\"https:\\\/\\\/interreg-grace.eu\\\/de\\\/event\\\/ausstellung-10-jahre-schon-am-tor-der-deutschen-in-metz\\\/#primaryimage\"},\"thumbnailUrl\":\"https:\\\/\\\/interreg-grace.eu\\\/wp-content\\\/uploads\\\/2024\\\/08\\\/metz-chateau.jpg\",\"datePublished\":\"2024-08-30T08:06:12+00:00\",\"breadcrumb\":{\"@id\":\"https:\\\/\\\/interreg-grace.eu\\\/de\\\/event\\\/ausstellung-10-jahre-schon-am-tor-der-deutschen-in-metz\\\/#breadcrumb\"},\"inLanguage\":\"de\",\"potentialAction\":[{\"@type\":\"ReadAction\",\"target\":[\"https:\\\/\\\/interreg-grace.eu\\\/de\\\/event\\\/ausstellung-10-jahre-schon-am-tor-der-deutschen-in-metz\\\/\"]}]},{\"@type\":\"ImageObject\",\"inLanguage\":\"de\",\"@id\":\"https:\\\/\\\/interreg-grace.eu\\\/de\\\/event\\\/ausstellung-10-jahre-schon-am-tor-der-deutschen-in-metz\\\/#primaryimage\",\"url\":\"https:\\\/\\\/interreg-grace.eu\\\/wp-content\\\/uploads\\\/2024\\\/08\\\/metz-chateau.jpg\",\"contentUrl\":\"https:\\\/\\\/interreg-grace.eu\\\/wp-content\\\/uploads\\\/2024\\\/08\\\/metz-chateau.jpg\",\"width\":432,\"height\":498},{\"@type\":\"BreadcrumbList\",\"@id\":\"https:\\\/\\\/interreg-grace.eu\\\/de\\\/event\\\/ausstellung-10-jahre-schon-am-tor-der-deutschen-in-metz\\\/#breadcrumb\",\"itemListElement\":[{\"@type\":\"ListItem\",\"position\":1,\"name\":\"Accueil\",\"item\":\"https:\\\/\\\/interreg-grace.eu\\\/de\\\/\"},{\"@type\":\"ListItem\",\"position\":2,\"name\":\"Veranstaltungen\",\"item\":\"https:\\\/\\\/interreg-grace.eu\\\/de\\\/events\\\/\"},{\"@type\":\"ListItem\",\"position\":3,\"name\":\"Ausstellung 10 Jahre schon! Am Tor der Deutschen in Metz\"}]},{\"@type\":\"WebSite\",\"@id\":\"https:\\\/\\\/interreg-grace.eu\\\/de\\\/#website\",\"url\":\"https:\\\/\\\/interreg-grace.eu\\\/de\\\/\",\"name\":\"Projet GRACE\",\"description\":\"Greater Region Artistic and Cultural Education\",\"publisher\":{\"@id\":\"https:\\\/\\\/interreg-grace.eu\\\/de\\\/#organization\"},\"potentialAction\":[{\"@type\":\"SearchAction\",\"target\":{\"@type\":\"EntryPoint\",\"urlTemplate\":\"https:\\\/\\\/interreg-grace.eu\\\/de\\\/?s={search_term_string}\"},\"query-input\":{\"@type\":\"PropertyValueSpecification\",\"valueRequired\":true,\"valueName\":\"search_term_string\"}}],\"inLanguage\":\"de\"},{\"@type\":\"Organization\",\"@id\":\"https:\\\/\\\/interreg-grace.eu\\\/de\\\/#organization\",\"name\":\"Interreg Grace\",\"alternateName\":\"Greater Region Artistic and Cultural Education\",\"url\":\"https:\\\/\\\/interreg-grace.eu\\\/de\\\/\",\"logo\":{\"@type\":\"ImageObject\",\"inLanguage\":\"de\",\"@id\":\"https:\\\/\\\/interreg-grace.eu\\\/de\\\/#\\\/schema\\\/logo\\\/image\\\/\",\"url\":\"https:\\\/\\\/interreg-grace.eu\\\/wp-content\\\/uploads\\\/2024\\\/08\\\/cropped-favicon-grace.webp\",\"contentUrl\":\"https:\\\/\\\/interreg-grace.eu\\\/wp-content\\\/uploads\\\/2024\\\/08\\\/cropped-favicon-grace.webp\",\"width\":512,\"height\":512,\"caption\":\"Interreg Grace\"},\"image\":{\"@id\":\"https:\\\/\\\/interreg-grace.eu\\\/de\\\/#\\\/schema\\\/logo\\\/image\\\/\"},\"sameAs\":[\"https:\\\/\\\/www.linkedin.com\\\/company\\\/interreg-grace\\\/\"]}]}<\/script>\n<!-- \/ Yoast SEO Premium plugin. -->","yoast_head_json":{"title":"Ausstellung 10 Jahre schon! Am Tor der Deutschen in Metz - Projet GRACE","robots":{"index":"index","follow":"follow","max-snippet":"max-snippet:-1","max-image-preview":"max-image-preview:large","max-video-preview":"max-video-preview:-1"},"canonical":"https:\/\/interreg-grace.eu\/de\/event\/ausstellung-10-jahre-schon-am-tor-der-deutschen-in-metz\/","og_locale":"de_DE","og_type":"article","og_title":"Ausstellung 10 Jahre schon! Am Tor der Deutschen in Metz","og_description":"Diese Ausstellung l\u00e4dt Sie dazu ein, die Geschichte der Architektur dieses symboltr\u00e4chtigen Bauwerks des Metzer Kulturerbes (wieder) zu entdecken.","og_url":"https:\/\/interreg-grace.eu\/de\/event\/ausstellung-10-jahre-schon-am-tor-der-deutschen-in-metz\/","og_site_name":"Projet GRACE","og_image":[{"width":432,"height":498,"url":"https:\/\/interreg-grace.eu\/wp-content\/uploads\/2024\/08\/metz-chateau.jpg","type":"image\/jpeg"}],"twitter_card":"summary_large_image","schema":{"@context":"https:\/\/schema.org","@graph":[{"@type":"WebPage","@id":"https:\/\/interreg-grace.eu\/de\/event\/ausstellung-10-jahre-schon-am-tor-der-deutschen-in-metz\/","url":"https:\/\/interreg-grace.eu\/de\/event\/ausstellung-10-jahre-schon-am-tor-der-deutschen-in-metz\/","name":"Ausstellung 10 Jahre schon! Am Tor der Deutschen in Metz - Projet GRACE","isPartOf":{"@id":"https:\/\/interreg-grace.eu\/de\/#website"},"primaryImageOfPage":{"@id":"https:\/\/interreg-grace.eu\/de\/event\/ausstellung-10-jahre-schon-am-tor-der-deutschen-in-metz\/#primaryimage"},"image":{"@id":"https:\/\/interreg-grace.eu\/de\/event\/ausstellung-10-jahre-schon-am-tor-der-deutschen-in-metz\/#primaryimage"},"thumbnailUrl":"https:\/\/interreg-grace.eu\/wp-content\/uploads\/2024\/08\/metz-chateau.jpg","datePublished":"2024-08-30T08:06:12+00:00","breadcrumb":{"@id":"https:\/\/interreg-grace.eu\/de\/event\/ausstellung-10-jahre-schon-am-tor-der-deutschen-in-metz\/#breadcrumb"},"inLanguage":"de","potentialAction":[{"@type":"ReadAction","target":["https:\/\/interreg-grace.eu\/de\/event\/ausstellung-10-jahre-schon-am-tor-der-deutschen-in-metz\/"]}]},{"@type":"ImageObject","inLanguage":"de","@id":"https:\/\/interreg-grace.eu\/de\/event\/ausstellung-10-jahre-schon-am-tor-der-deutschen-in-metz\/#primaryimage","url":"https:\/\/interreg-grace.eu\/wp-content\/uploads\/2024\/08\/metz-chateau.jpg","contentUrl":"https:\/\/interreg-grace.eu\/wp-content\/uploads\/2024\/08\/metz-chateau.jpg","width":432,"height":498},{"@type":"BreadcrumbList","@id":"https:\/\/interreg-grace.eu\/de\/event\/ausstellung-10-jahre-schon-am-tor-der-deutschen-in-metz\/#breadcrumb","itemListElement":[{"@type":"ListItem","position":1,"name":"Accueil","item":"https:\/\/interreg-grace.eu\/de\/"},{"@type":"ListItem","position":2,"name":"Veranstaltungen","item":"https:\/\/interreg-grace.eu\/de\/events\/"},{"@type":"ListItem","position":3,"name":"Ausstellung 10 Jahre schon! Am Tor der Deutschen in Metz"}]},{"@type":"WebSite","@id":"https:\/\/interreg-grace.eu\/de\/#website","url":"https:\/\/interreg-grace.eu\/de\/","name":"Projet GRACE","description":"Greater Region Artistic and Cultural Education","publisher":{"@id":"https:\/\/interreg-grace.eu\/de\/#organization"},"potentialAction":[{"@type":"SearchAction","target":{"@type":"EntryPoint","urlTemplate":"https:\/\/interreg-grace.eu\/de\/?s={search_term_string}"},"query-input":{"@type":"PropertyValueSpecification","valueRequired":true,"valueName":"search_term_string"}}],"inLanguage":"de"},{"@type":"Organization","@id":"https:\/\/interreg-grace.eu\/de\/#organization","name":"Interreg Grace","alternateName":"Greater Region Artistic and Cultural Education","url":"https:\/\/interreg-grace.eu\/de\/","logo":{"@type":"ImageObject","inLanguage":"de","@id":"https:\/\/interreg-grace.eu\/de\/#\/schema\/logo\/image\/","url":"https:\/\/interreg-grace.eu\/wp-content\/uploads\/2024\/08\/cropped-favicon-grace.webp","contentUrl":"https:\/\/interreg-grace.eu\/wp-content\/uploads\/2024\/08\/cropped-favicon-grace.webp","width":512,"height":512,"caption":"Interreg Grace"},"image":{"@id":"https:\/\/interreg-grace.eu\/de\/#\/schema\/logo\/image\/"},"sameAs":["https:\/\/www.linkedin.com\/company\/interreg-grace\/"]}]}},"_links":{"self":[{"href":"https:\/\/interreg-grace.eu\/de\/wp-json\/wp\/v2\/tribe_events\/5495","targetHints":{"allow":["GET"]}}],"collection":[{"href":"https:\/\/interreg-grace.eu\/de\/wp-json\/wp\/v2\/tribe_events"}],"about":[{"href":"https:\/\/interreg-grace.eu\/de\/wp-json\/wp\/v2\/types\/tribe_events"}],"author":[{"embeddable":true,"href":"https:\/\/interreg-grace.eu\/de\/wp-json\/wp\/v2\/users\/1"}],"version-history":[{"count":0,"href":"https:\/\/interreg-grace.eu\/de\/wp-json\/wp\/v2\/tribe_events\/5495\/revisions"}],"wp:featuredmedia":[{"embeddable":true,"href":"https:\/\/interreg-grace.eu\/de\/wp-json\/wp\/v2\/media\/4907"}],"wp:attachment":[{"href":"https:\/\/interreg-grace.eu\/de\/wp-json\/wp\/v2\/media?parent=5495"}],"wp:term":[{"taxonomy":"post_tag","embeddable":true,"href":"https:\/\/interreg-grace.eu\/de\/wp-json\/wp\/v2\/tags?post=5495"},{"taxonomy":"tribe_events_cat","embeddable":true,"href":"https:\/\/interreg-grace.eu\/de\/wp-json\/wp\/v2\/tribe_events_cat?post=5495"}],"curies":[{"name":"wp","href":"https:\/\/api.w.org\/{rel}","templated":true}]}}

<p>Diese Ausstellung lädt Sie ein, die Geschichte der Architektur dieses symbolträchtigen Bauwerks des Metzer Kulturerbes (wieder) zu entdecken, aber auch die jüngsten archäologischen Erkenntnisse über diesen Ort, die Restaurierungs- und Umbauarbeiten, von denen er profitiert hat, sowie die zahlreichen Aktivitäten, die er seit 10 Jahren beherbergt und die ihn zu einem echten Ort der gemeinsamen Kultur machen.</p>

<p>Diese Ausstellung lädt Sie dazu ein, die Geschichte der Architektur dieses symbolträchtigen Bauwerks des Metzer Kulturerbes (wieder) zu entdecken.</p>

<!-- This site is optimized with the Yoast SEO Premium plugin v24.7 (Yoast SEO v27.3) - https://yoast.com/product/yoast-seo-premium-wordpress/ -->
<title>Ausstellung 10 Jahre schon! Am Tor der Deutschen in Metz - Projet GRACE</title>
<meta name="robots" content="index, follow, max-snippet:-1, max-image-preview:large, max-video-preview:-1" />
<link rel="canonical" href="https://interreg-grace.eu/de/event/ausstellung-10-jahre-schon-am-tor-der-deutschen-in-metz/" />
<meta property="og:locale" content="de_DE" />
<meta property="og:type" content="article" />
<meta property="og:title" content="Ausstellung 10 Jahre schon! Am Tor der Deutschen in Metz" />
<meta property="og:description" content="Diese Ausstellung lädt Sie dazu ein, die Geschichte der Architektur dieses symbolträchtigen Bauwerks des Metzer Kulturerbes (wieder) zu entdecken." />
<meta property="og:url" content="https://interreg-grace.eu/de/event/ausstellung-10-jahre-schon-am-tor-der-deutschen-in-metz/" />
<meta property="og:site_name" content="Projet GRACE" />
<meta property="og:image" content="https://interreg-grace.eu/wp-content/uploads/2024/08/metz-chateau.jpg" />
	<meta property="og:image:width" content="432" />
	<meta property="og:image:height" content="498" />
	<meta property="og:image:type" content="image/jpeg" />
<meta name="twitter:card" content="summary_large_image" />
<script type="application/ld+json" class="yoast-schema-graph">{"@context":"https:\/\/schema.org","@graph":[{"@type":"WebPage","@id":"https:\/\/interreg-grace.eu\/de\/event\/ausstellung-10-jahre-schon-am-tor-der-deutschen-in-metz\/","url":"https:\/\/interreg-grace.eu\/de\/event\/ausstellung-10-jahre-schon-am-tor-der-deutschen-in-metz\/","name":"Ausstellung 10 Jahre schon! Am Tor der Deutschen in Metz - Projet GRACE","isPartOf":{"@id":"https:\/\/interreg-grace.eu\/de\/#website"},"primaryImageOfPage":{"@id":"https:\/\/interreg-grace.eu\/de\/event\/ausstellung-10-jahre-schon-am-tor-der-deutschen-in-metz\/#primaryimage"},"image":{"@id":"https:\/\/interreg-grace.eu\/de\/event\/ausstellung-10-jahre-schon-am-tor-der-deutschen-in-metz\/#primaryimage"},"thumbnailUrl":"https:\/\/interreg-grace.eu\/wp-content\/uploads\/2024\/08\/metz-chateau.jpg","datePublished":"2024-08-30T08:06:12+00:00","breadcrumb":{"@id":"https:\/\/interreg-grace.eu\/de\/event\/ausstellung-10-jahre-schon-am-tor-der-deutschen-in-metz\/#breadcrumb"},"inLanguage":"de","potentialAction":[{"@type":"ReadAction","target":["https:\/\/interreg-grace.eu\/de\/event\/ausstellung-10-jahre-schon-am-tor-der-deutschen-in-metz\/"]}]},{"@type":"ImageObject","inLanguage":"de","@id":"https:\/\/interreg-grace.eu\/de\/event\/ausstellung-10-jahre-schon-am-tor-der-deutschen-in-metz\/#primaryimage","url":"https:\/\/interreg-grace.eu\/wp-content\/uploads\/2024\/08\/metz-chateau.jpg","contentUrl":"https:\/\/interreg-grace.eu\/wp-content\/uploads\/2024\/08\/metz-chateau.jpg","width":432,"height":498},{"@type":"BreadcrumbList","@id":"https:\/\/interreg-grace.eu\/de\/event\/ausstellung-10-jahre-schon-am-tor-der-deutschen-in-metz\/#breadcrumb","itemListElement":[{"@type":"ListItem","position":1,"name":"Accueil","item":"https:\/\/interreg-grace.eu\/de\/"},{"@type":"ListItem","position":2,"name":"Veranstaltungen","item":"https:\/\/interreg-grace.eu\/de\/events\/"},{"@type":"ListItem","position":3,"name":"Ausstellung 10 Jahre schon! Am Tor der Deutschen in Metz"}]},{"@type":"WebSite","@id":"https:\/\/interreg-grace.eu\/de\/#website","url":"https:\/\/interreg-grace.eu\/de\/","name":"Projet GRACE","description":"Greater Region Artistic and Cultural Education","publisher":{"@id":"https:\/\/interreg-grace.eu\/de\/#organization"},"potentialAction":[{"@type":"SearchAction","target":{"@type":"EntryPoint","urlTemplate":"https:\/\/interreg-grace.eu\/de\/?s={search_term_string}"},"query-input":{"@type":"PropertyValueSpecification","valueRequired":true,"valueName":"search_term_string"}}],"inLanguage":"de"},{"@type":"Organization","@id":"https:\/\/interreg-grace.eu\/de\/#organization","name":"Interreg Grace","alternateName":"Greater Region Artistic and Cultural Education","url":"https:\/\/interreg-grace.eu\/de\/","logo":{"@type":"ImageObject","inLanguage":"de","@id":"https:\/\/interreg-grace.eu\/de\/#\/schema\/logo\/image\/","url":"https:\/\/interreg-grace.eu\/wp-content\/uploads\/2024\/08\/cropped-favicon-grace.webp","contentUrl":"https:\/\/interreg-grace.eu\/wp-content\/uploads\/2024\/08\/cropped-favicon-grace.webp","width":512,"height":512,"caption":"Interreg Grace"},"image":{"@id":"https:\/\/interreg-grace.eu\/de\/#\/schema\/logo\/image\/"},"sameAs":["https:\/\/www.linkedin.com\/company\/interreg-grace\/"]}]}</script>
<!-- / Yoast SEO Premium plugin. -->

Diese Ausstellung lädt Sie dazu ein, die Geschichte der Architektur dieses symbolträchtigen Bauwerks des Metzer Kulturerbes (wieder) zu entdecken.
