{"id":5022,"date":"2024-09-13T13:05:43","date_gmt":"2024-09-13T11:05:43","guid":{"rendered":"https:\/\/interreg-grace.esiweb.pro\/event\/urban-art-biennale-2024-voelklinger-huette\/"},"modified":"2024-10-01T21:51:11","modified_gmt":"2024-10-01T19:51:11","slug":"urban-art-biennale-2024-voelklinger-huette","status":"publish","type":"tribe_events","link":"https:\/\/interreg-grace.eu\/de\/event\/urban-art-biennale-2024-voelklinger-huette\/","title":{"rendered":"Urban Art Biennale 2024 &#8211; V\u00f6lklinger H\u00fctte"},"content":{"rendered":"<p><strong>Die letzten Tage, um die Die Urban Art Biennale in der V\u00f6lklinger H\u00fctte zu sehen und sehen zu lassen!<\/strong> Die Urban Art Biennale des Weltkulturerbes V\u00f6lklinger H\u00fctte ist eine der weltweit gr\u00f6\u00dften Veranstaltungen, die sich dieser Kunstform widmet. Die Ausgabe 2024 legt den Schwerpunkt auf politische Arbeiten, die in situ realisiert werden, und auf partizipative Projekte. Am 14. Oktober organisiert die Stadt Metz eine Entdeckungstour des Ortes und der Biennale f\u00fcr die Einwohner von Metz, mit Frank Kr\u00e4mer, dem Kurator der Ausstellung, und OX, einem Street Artist.<br \/>Weitere Informationen: <a href=\"https:\/\/voelklinger-huette.org\/fr\/expositions\/urban-art-biennale-2024\/\">https:\/\/voelklinger-huette.org\/fr\/expositions\/urban-art-biennale-2024\/<\/a>   <\/p>\n","protected":false},"excerpt":{"rendered":"<p>Die Urban Art Biennale des Weltkulturerbes V\u00f6lklinger H\u00fctte ist eine der gr\u00f6\u00dften Veranstaltungen der Welt, die dieser Kunstform gewidmet ist.<\/p>\n","protected":false},"author":3,"featured_media":4929,"template":"","meta":{"_acf_changed":false,"_tribe_events_status":"","_tribe_events_status_reason":"","footnotes":""},"tags":[110],"tribe_events_cat":[97,98,99,96],"class_list":["post-5022","tribe_events","type-tribe_events","status-publish","has-post-thumbnail","hentry","tag-erbe","tribe_events_cat-tout-public-de","tribe_events_cat-allemagne-de","tribe_events_cat-exposition-de","tribe_events_cat-patrimoine-culturel-de","cat_tout-public-de","cat_allemagne-de","cat_exposition-de","cat_patrimoine-culturel-de"],"acf":[],"yoast_head":"<!-- This site is optimized with the Yoast SEO Premium plugin v24.7 (Yoast SEO v27.3) - https:\/\/yoast.com\/product\/yoast-seo-premium-wordpress\/ -->\n<title>Urban Art Biennale 2024 - V\u00f6lklinger H\u00fctte - Projet GRACE<\/title>\n<meta name=\"robots\" content=\"index, follow, max-snippet:-1, max-image-preview:large, max-video-preview:-1\" \/>\n<link rel=\"canonical\" href=\"https:\/\/interreg-grace.eu\/de\/event\/urban-art-biennale-2024-voelklinger-huette\/\" \/>\n<meta property=\"og:locale\" content=\"de_DE\" \/>\n<meta property=\"og:type\" content=\"article\" \/>\n<meta property=\"og:title\" content=\"Urban Art Biennale 2024 - V\u00f6lklinger H\u00fctte\" \/>\n<meta property=\"og:description\" content=\"Die Urban Art Biennale des Weltkulturerbes V\u00f6lklinger H\u00fctte ist eine der gr\u00f6\u00dften Veranstaltungen der Welt, die dieser Kunstform gewidmet ist.\" \/>\n<meta property=\"og:url\" content=\"https:\/\/interreg-grace.eu\/de\/event\/urban-art-biennale-2024-voelklinger-huette\/\" \/>\n<meta property=\"og:site_name\" content=\"Projet GRACE\" \/>\n<meta property=\"article:modified_time\" content=\"2024-10-01T19:51:11+00:00\" \/>\n<meta property=\"og:image\" content=\"https:\/\/interreg-grace.eu\/wp-content\/uploads\/2024\/09\/Biennale-darts-urbain.png\" \/>\n\t<meta property=\"og:image:width\" content=\"189\" \/>\n\t<meta property=\"og:image:height\" content=\"264\" \/>\n\t<meta property=\"og:image:type\" content=\"image\/png\" \/>\n<meta name=\"twitter:card\" content=\"summary_large_image\" \/>\n<meta name=\"twitter:label1\" content=\"Gesch\u00e4tzte Lesezeit\" \/>\n\t<meta name=\"twitter:data1\" content=\"1\u00a0Minute\" \/>\n<script type=\"application\/ld+json\" class=\"yoast-schema-graph\">{\"@context\":\"https:\\\/\\\/schema.org\",\"@graph\":[{\"@type\":\"WebPage\",\"@id\":\"https:\\\/\\\/interreg-grace.eu\\\/de\\\/event\\\/urban-art-biennale-2024-voelklinger-huette\\\/\",\"url\":\"https:\\\/\\\/interreg-grace.eu\\\/de\\\/event\\\/urban-art-biennale-2024-voelklinger-huette\\\/\",\"name\":\"Urban Art Biennale 2024 - V\u00f6lklinger H\u00fctte - Projet GRACE\",\"isPartOf\":{\"@id\":\"https:\\\/\\\/interreg-grace.eu\\\/de\\\/#website\"},\"primaryImageOfPage\":{\"@id\":\"https:\\\/\\\/interreg-grace.eu\\\/de\\\/event\\\/urban-art-biennale-2024-voelklinger-huette\\\/#primaryimage\"},\"image\":{\"@id\":\"https:\\\/\\\/interreg-grace.eu\\\/de\\\/event\\\/urban-art-biennale-2024-voelklinger-huette\\\/#primaryimage\"},\"thumbnailUrl\":\"https:\\\/\\\/interreg-grace.eu\\\/wp-content\\\/uploads\\\/2024\\\/09\\\/Biennale-darts-urbain.png\",\"datePublished\":\"2024-09-13T11:05:43+00:00\",\"dateModified\":\"2024-10-01T19:51:11+00:00\",\"breadcrumb\":{\"@id\":\"https:\\\/\\\/interreg-grace.eu\\\/de\\\/event\\\/urban-art-biennale-2024-voelklinger-huette\\\/#breadcrumb\"},\"inLanguage\":\"de\",\"potentialAction\":[{\"@type\":\"ReadAction\",\"target\":[\"https:\\\/\\\/interreg-grace.eu\\\/de\\\/event\\\/urban-art-biennale-2024-voelklinger-huette\\\/\"]}]},{\"@type\":\"ImageObject\",\"inLanguage\":\"de\",\"@id\":\"https:\\\/\\\/interreg-grace.eu\\\/de\\\/event\\\/urban-art-biennale-2024-voelklinger-huette\\\/#primaryimage\",\"url\":\"https:\\\/\\\/interreg-grace.eu\\\/wp-content\\\/uploads\\\/2024\\\/09\\\/Biennale-darts-urbain.png\",\"contentUrl\":\"https:\\\/\\\/interreg-grace.eu\\\/wp-content\\\/uploads\\\/2024\\\/09\\\/Biennale-darts-urbain.png\",\"width\":189,\"height\":264,\"caption\":\"Urban Art Biennale\"},{\"@type\":\"BreadcrumbList\",\"@id\":\"https:\\\/\\\/interreg-grace.eu\\\/de\\\/event\\\/urban-art-biennale-2024-voelklinger-huette\\\/#breadcrumb\",\"itemListElement\":[{\"@type\":\"ListItem\",\"position\":1,\"name\":\"Accueil\",\"item\":\"https:\\\/\\\/interreg-grace.eu\\\/de\\\/\"},{\"@type\":\"ListItem\",\"position\":2,\"name\":\"Veranstaltungen\",\"item\":\"https:\\\/\\\/interreg-grace.eu\\\/de\\\/events\\\/\"},{\"@type\":\"ListItem\",\"position\":3,\"name\":\"Urban Art Biennale 2024 &#8211; V\u00f6lklinger H\u00fctte\"}]},{\"@type\":\"WebSite\",\"@id\":\"https:\\\/\\\/interreg-grace.eu\\\/de\\\/#website\",\"url\":\"https:\\\/\\\/interreg-grace.eu\\\/de\\\/\",\"name\":\"Projet GRACE\",\"description\":\"Greater Region Artistic and Cultural Education\",\"publisher\":{\"@id\":\"https:\\\/\\\/interreg-grace.eu\\\/de\\\/#organization\"},\"potentialAction\":[{\"@type\":\"SearchAction\",\"target\":{\"@type\":\"EntryPoint\",\"urlTemplate\":\"https:\\\/\\\/interreg-grace.eu\\\/de\\\/?s={search_term_string}\"},\"query-input\":{\"@type\":\"PropertyValueSpecification\",\"valueRequired\":true,\"valueName\":\"search_term_string\"}}],\"inLanguage\":\"de\"},{\"@type\":\"Organization\",\"@id\":\"https:\\\/\\\/interreg-grace.eu\\\/de\\\/#organization\",\"name\":\"Interreg Grace\",\"alternateName\":\"Greater Region Artistic and Cultural Education\",\"url\":\"https:\\\/\\\/interreg-grace.eu\\\/de\\\/\",\"logo\":{\"@type\":\"ImageObject\",\"inLanguage\":\"de\",\"@id\":\"https:\\\/\\\/interreg-grace.eu\\\/de\\\/#\\\/schema\\\/logo\\\/image\\\/\",\"url\":\"https:\\\/\\\/interreg-grace.eu\\\/wp-content\\\/uploads\\\/2024\\\/08\\\/cropped-favicon-grace.webp\",\"contentUrl\":\"https:\\\/\\\/interreg-grace.eu\\\/wp-content\\\/uploads\\\/2024\\\/08\\\/cropped-favicon-grace.webp\",\"width\":512,\"height\":512,\"caption\":\"Interreg Grace\"},\"image\":{\"@id\":\"https:\\\/\\\/interreg-grace.eu\\\/de\\\/#\\\/schema\\\/logo\\\/image\\\/\"},\"sameAs\":[\"https:\\\/\\\/www.linkedin.com\\\/company\\\/interreg-grace\\\/\"]}]}<\/script>\n<!-- \/ Yoast SEO Premium plugin. -->","yoast_head_json":{"title":"Urban Art Biennale 2024 - V\u00f6lklinger H\u00fctte - Projet GRACE","robots":{"index":"index","follow":"follow","max-snippet":"max-snippet:-1","max-image-preview":"max-image-preview:large","max-video-preview":"max-video-preview:-1"},"canonical":"https:\/\/interreg-grace.eu\/de\/event\/urban-art-biennale-2024-voelklinger-huette\/","og_locale":"de_DE","og_type":"article","og_title":"Urban Art Biennale 2024 - V\u00f6lklinger H\u00fctte","og_description":"Die Urban Art Biennale des Weltkulturerbes V\u00f6lklinger H\u00fctte ist eine der gr\u00f6\u00dften Veranstaltungen der Welt, die dieser Kunstform gewidmet ist.","og_url":"https:\/\/interreg-grace.eu\/de\/event\/urban-art-biennale-2024-voelklinger-huette\/","og_site_name":"Projet GRACE","article_modified_time":"2024-10-01T19:51:11+00:00","og_image":[{"width":189,"height":264,"url":"https:\/\/interreg-grace.eu\/wp-content\/uploads\/2024\/09\/Biennale-darts-urbain.png","type":"image\/png"}],"twitter_card":"summary_large_image","twitter_misc":{"Gesch\u00e4tzte Lesezeit":"1\u00a0Minute"},"schema":{"@context":"https:\/\/schema.org","@graph":[{"@type":"WebPage","@id":"https:\/\/interreg-grace.eu\/de\/event\/urban-art-biennale-2024-voelklinger-huette\/","url":"https:\/\/interreg-grace.eu\/de\/event\/urban-art-biennale-2024-voelklinger-huette\/","name":"Urban Art Biennale 2024 - V\u00f6lklinger H\u00fctte - Projet GRACE","isPartOf":{"@id":"https:\/\/interreg-grace.eu\/de\/#website"},"primaryImageOfPage":{"@id":"https:\/\/interreg-grace.eu\/de\/event\/urban-art-biennale-2024-voelklinger-huette\/#primaryimage"},"image":{"@id":"https:\/\/interreg-grace.eu\/de\/event\/urban-art-biennale-2024-voelklinger-huette\/#primaryimage"},"thumbnailUrl":"https:\/\/interreg-grace.eu\/wp-content\/uploads\/2024\/09\/Biennale-darts-urbain.png","datePublished":"2024-09-13T11:05:43+00:00","dateModified":"2024-10-01T19:51:11+00:00","breadcrumb":{"@id":"https:\/\/interreg-grace.eu\/de\/event\/urban-art-biennale-2024-voelklinger-huette\/#breadcrumb"},"inLanguage":"de","potentialAction":[{"@type":"ReadAction","target":["https:\/\/interreg-grace.eu\/de\/event\/urban-art-biennale-2024-voelklinger-huette\/"]}]},{"@type":"ImageObject","inLanguage":"de","@id":"https:\/\/interreg-grace.eu\/de\/event\/urban-art-biennale-2024-voelklinger-huette\/#primaryimage","url":"https:\/\/interreg-grace.eu\/wp-content\/uploads\/2024\/09\/Biennale-darts-urbain.png","contentUrl":"https:\/\/interreg-grace.eu\/wp-content\/uploads\/2024\/09\/Biennale-darts-urbain.png","width":189,"height":264,"caption":"Urban Art Biennale"},{"@type":"BreadcrumbList","@id":"https:\/\/interreg-grace.eu\/de\/event\/urban-art-biennale-2024-voelklinger-huette\/#breadcrumb","itemListElement":[{"@type":"ListItem","position":1,"name":"Accueil","item":"https:\/\/interreg-grace.eu\/de\/"},{"@type":"ListItem","position":2,"name":"Veranstaltungen","item":"https:\/\/interreg-grace.eu\/de\/events\/"},{"@type":"ListItem","position":3,"name":"Urban Art Biennale 2024 &#8211; V\u00f6lklinger H\u00fctte"}]},{"@type":"WebSite","@id":"https:\/\/interreg-grace.eu\/de\/#website","url":"https:\/\/interreg-grace.eu\/de\/","name":"Projet GRACE","description":"Greater Region Artistic and Cultural Education","publisher":{"@id":"https:\/\/interreg-grace.eu\/de\/#organization"},"potentialAction":[{"@type":"SearchAction","target":{"@type":"EntryPoint","urlTemplate":"https:\/\/interreg-grace.eu\/de\/?s={search_term_string}"},"query-input":{"@type":"PropertyValueSpecification","valueRequired":true,"valueName":"search_term_string"}}],"inLanguage":"de"},{"@type":"Organization","@id":"https:\/\/interreg-grace.eu\/de\/#organization","name":"Interreg Grace","alternateName":"Greater Region Artistic and Cultural Education","url":"https:\/\/interreg-grace.eu\/de\/","logo":{"@type":"ImageObject","inLanguage":"de","@id":"https:\/\/interreg-grace.eu\/de\/#\/schema\/logo\/image\/","url":"https:\/\/interreg-grace.eu\/wp-content\/uploads\/2024\/08\/cropped-favicon-grace.webp","contentUrl":"https:\/\/interreg-grace.eu\/wp-content\/uploads\/2024\/08\/cropped-favicon-grace.webp","width":512,"height":512,"caption":"Interreg Grace"},"image":{"@id":"https:\/\/interreg-grace.eu\/de\/#\/schema\/logo\/image\/"},"sameAs":["https:\/\/www.linkedin.com\/company\/interreg-grace\/"]}]}},"_links":{"self":[{"href":"https:\/\/interreg-grace.eu\/de\/wp-json\/wp\/v2\/tribe_events\/5022","targetHints":{"allow":["GET"]}}],"collection":[{"href":"https:\/\/interreg-grace.eu\/de\/wp-json\/wp\/v2\/tribe_events"}],"about":[{"href":"https:\/\/interreg-grace.eu\/de\/wp-json\/wp\/v2\/types\/tribe_events"}],"author":[{"embeddable":true,"href":"https:\/\/interreg-grace.eu\/de\/wp-json\/wp\/v2\/users\/3"}],"version-history":[{"count":1,"href":"https:\/\/interreg-grace.eu\/de\/wp-json\/wp\/v2\/tribe_events\/5022\/revisions"}],"predecessor-version":[{"id":5205,"href":"https:\/\/interreg-grace.eu\/de\/wp-json\/wp\/v2\/tribe_events\/5022\/revisions\/5205"}],"wp:featuredmedia":[{"embeddable":true,"href":"https:\/\/interreg-grace.eu\/de\/wp-json\/wp\/v2\/media\/4929"}],"wp:attachment":[{"href":"https:\/\/interreg-grace.eu\/de\/wp-json\/wp\/v2\/media?parent=5022"}],"wp:term":[{"taxonomy":"post_tag","embeddable":true,"href":"https:\/\/interreg-grace.eu\/de\/wp-json\/wp\/v2\/tags?post=5022"},{"taxonomy":"tribe_events_cat","embeddable":true,"href":"https:\/\/interreg-grace.eu\/de\/wp-json\/wp\/v2\/tribe_events_cat?post=5022"}],"curies":[{"name":"wp","href":"https:\/\/api.w.org\/{rel}","templated":true}]}}

Urban Art Biennale 2024 &#8211; Völklinger Hütte

<p><strong>Die letzten Tage, um die Die Urban Art Biennale in der Völklinger Hütte zu sehen und sehen zu lassen!</strong> Die Urban Art Biennale des Weltkulturerbes Völklinger Hütte ist eine der weltweit größten Veranstaltungen, die sich dieser Kunstform widmet. Die Ausgabe 2024 legt den Schwerpunkt auf politische Arbeiten, die in situ realisiert werden, und auf partizipative Projekte. Am 14. Oktober organisiert die Stadt Metz eine Entdeckungstour des Ortes und der Biennale für die Einwohner von Metz, mit Frank Krämer, dem Kurator der Ausstellung, und OX, einem Street Artist.<br />Weitere Informationen: <a href="https://voelklinger-huette.org/fr/expositions/urban-art-biennale-2024/">https://voelklinger-huette.org/fr/expositions/urban-art-biennale-2024/</a>   </p>

<p>Die Urban Art Biennale des Weltkulturerbes Völklinger Hütte ist eine der größten Veranstaltungen der Welt, die dieser Kunstform gewidmet ist.</p>

<!-- This site is optimized with the Yoast SEO Premium plugin v24.7 (Yoast SEO v27.3) - https://yoast.com/product/yoast-seo-premium-wordpress/ -->
<title>Urban Art Biennale 2024 - Völklinger Hütte - Projet GRACE</title>
<meta name="robots" content="index, follow, max-snippet:-1, max-image-preview:large, max-video-preview:-1" />
<link rel="canonical" href="https://interreg-grace.eu/de/event/urban-art-biennale-2024-voelklinger-huette/" />
<meta property="og:locale" content="de_DE" />
<meta property="og:type" content="article" />
<meta property="og:title" content="Urban Art Biennale 2024 - Völklinger Hütte" />
<meta property="og:description" content="Die Urban Art Biennale des Weltkulturerbes Völklinger Hütte ist eine der größten Veranstaltungen der Welt, die dieser Kunstform gewidmet ist." />
<meta property="og:url" content="https://interreg-grace.eu/de/event/urban-art-biennale-2024-voelklinger-huette/" />
<meta property="og:site_name" content="Projet GRACE" />
<meta property="article:modified_time" content="2024-10-01T19:51:11+00:00" />
<meta property="og:image" content="https://interreg-grace.eu/wp-content/uploads/2024/09/Biennale-darts-urbain.png" />
	<meta property="og:image:width" content="189" />
	<meta property="og:image:height" content="264" />
	<meta property="og:image:type" content="image/png" />
<meta name="twitter:card" content="summary_large_image" />
<meta name="twitter:label1" content="Geschätzte Lesezeit" />
	<meta name="twitter:data1" content="1 Minute" />
<script type="application/ld+json" class="yoast-schema-graph">{"@context":"https:\/\/schema.org","@graph":[{"@type":"WebPage","@id":"https:\/\/interreg-grace.eu\/de\/event\/urban-art-biennale-2024-voelklinger-huette\/","url":"https:\/\/interreg-grace.eu\/de\/event\/urban-art-biennale-2024-voelklinger-huette\/","name":"Urban Art Biennale 2024 - Völklinger Hütte - Projet GRACE","isPartOf":{"@id":"https:\/\/interreg-grace.eu\/de\/#website"},"primaryImageOfPage":{"@id":"https:\/\/interreg-grace.eu\/de\/event\/urban-art-biennale-2024-voelklinger-huette\/#primaryimage"},"image":{"@id":"https:\/\/interreg-grace.eu\/de\/event\/urban-art-biennale-2024-voelklinger-huette\/#primaryimage"},"thumbnailUrl":"https:\/\/interreg-grace.eu\/wp-content\/uploads\/2024\/09\/Biennale-darts-urbain.png","datePublished":"2024-09-13T11:05:43+00:00","dateModified":"2024-10-01T19:51:11+00:00","breadcrumb":{"@id":"https:\/\/interreg-grace.eu\/de\/event\/urban-art-biennale-2024-voelklinger-huette\/#breadcrumb"},"inLanguage":"de","potentialAction":[{"@type":"ReadAction","target":["https:\/\/interreg-grace.eu\/de\/event\/urban-art-biennale-2024-voelklinger-huette\/"]}]},{"@type":"ImageObject","inLanguage":"de","@id":"https:\/\/interreg-grace.eu\/de\/event\/urban-art-biennale-2024-voelklinger-huette\/#primaryimage","url":"https:\/\/interreg-grace.eu\/wp-content\/uploads\/2024\/09\/Biennale-darts-urbain.png","contentUrl":"https:\/\/interreg-grace.eu\/wp-content\/uploads\/2024\/09\/Biennale-darts-urbain.png","width":189,"height":264,"caption":"Urban Art Biennale"},{"@type":"BreadcrumbList","@id":"https:\/\/interreg-grace.eu\/de\/event\/urban-art-biennale-2024-voelklinger-huette\/#breadcrumb","itemListElement":[{"@type":"ListItem","position":1,"name":"Accueil","item":"https:\/\/interreg-grace.eu\/de\/"},{"@type":"ListItem","position":2,"name":"Veranstaltungen","item":"https:\/\/interreg-grace.eu\/de\/events\/"},{"@type":"ListItem","position":3,"name":"Urban Art Biennale 2024 &#8211; Völklinger Hütte"}]},{"@type":"WebSite","@id":"https:\/\/interreg-grace.eu\/de\/#website","url":"https:\/\/interreg-grace.eu\/de\/","name":"Projet GRACE","description":"Greater Region Artistic and Cultural Education","publisher":{"@id":"https:\/\/interreg-grace.eu\/de\/#organization"},"potentialAction":[{"@type":"SearchAction","target":{"@type":"EntryPoint","urlTemplate":"https:\/\/interreg-grace.eu\/de\/?s={search_term_string}"},"query-input":{"@type":"PropertyValueSpecification","valueRequired":true,"valueName":"search_term_string"}}],"inLanguage":"de"},{"@type":"Organization","@id":"https:\/\/interreg-grace.eu\/de\/#organization","name":"Interreg Grace","alternateName":"Greater Region Artistic and Cultural Education","url":"https:\/\/interreg-grace.eu\/de\/","logo":{"@type":"ImageObject","inLanguage":"de","@id":"https:\/\/interreg-grace.eu\/de\/#\/schema\/logo\/image\/","url":"https:\/\/interreg-grace.eu\/wp-content\/uploads\/2024\/08\/cropped-favicon-grace.webp","contentUrl":"https:\/\/interreg-grace.eu\/wp-content\/uploads\/2024\/08\/cropped-favicon-grace.webp","width":512,"height":512,"caption":"Interreg Grace"},"image":{"@id":"https:\/\/interreg-grace.eu\/de\/#\/schema\/logo\/image\/"},"sameAs":["https:\/\/www.linkedin.com\/company\/interreg-grace\/"]}]}</script>
<!-- / Yoast SEO Premium plugin. -->

Urban Art Biennale 2024 - Völklinger Hütte - Projet GRACE

Urban Art Biennale 2024 - Völklinger Hütte

Die Urban Art Biennale des Weltkulturerbes Völklinger Hütte ist eine der größten Veranstaltungen der Welt, die dieser Kunstform gewidmet ist.
